Weather Camera Radar Radar Radar Radar width= Satellite previsioni

NOAA-Style Climate Reports

Select a Year or Month report
2018: Gen Feb Mar Apr Mag Giu Lug Ago Set Ott Nov Dic
2017: Gen Feb Mar Apr Mag Giu Lug Ago Set Ott Nov Dic
2016: Gen Feb Mar Apr Mag Giu Lug Ago Set Ott Nov Dic
2015: Gen Feb Mar Apr Mag Giu Lug Ago Set Ott Nov Dic
2014: Gen Feb Mar Apr Mag Giu Lug Ago Set Ott Nov Dic
2013: Gen Feb Mar Apr Mag Giu Lug Ago Set Ott Nov Dic
2012: Gen Feb Mar Apr Mag Giu Lug Ago Set Ott Nov Dic
2011: Gen Feb Mar Apr Mag Giu Lug Ago Set Ott Nov Dic

Report for 2015 Gennaio
                   Monthly Climatological Summary for gen 2015

Name: Galliate Meteo   City: Galliate (NO)   State: Italia
Elevation: 153 m  Lat: N 45° 28' 31"   Lon: E 008° 41' 43"

                  Temperature (°C), Rain (mm), Wind Speed (km/h)

                                      Heat  Cool        Avg
    Mean                              Deg   Deg         Wind                 Dom
Day Temp  High   Time   Low    Time   Days  Days  Rain  Speed High   Time    Dir
----------------------------------------------------------------------------------
 1   0,7   5,6   14:31  -3,1   06:56  17,6   0,0   0,0   0,7  11,0   23:27     W
 2   2,3   7,9   14:44  -2,1   06:57  16,0   0,0   0,0   1,0  11,0   13:12     W
 3   4,2   8,7   14:48   1,3   08:43  14,1   0,0   0,0   0,9  14,0   21:48    NE
 4   8,5  17,5   13:04   1,2   04:07   9,8   0,0   0,0   6,0  47,0   19:05     N
 5   6,1  11,9   14:49   1,6   08:38  12,2   0,0   0,0   1,2  14,0   13:27   WSW
 6   4,0   8,6   14:48  -0,2   07:41  14,3   0,0   0,0   2,1  18,0   11:03    NE
 7   4,9   8,8   14:22   1,9   08:27  13,4   0,0   0,0   0,9  13,0   07:12   NNE
 8   5,2   9,2   13:54   2,7   23:01  13,1   0,0   0,0   1,9  16,0   15:00   WNW
 9   1,5   5,2   20:40   0,2   06:36  16,5   0,0   0,0   0,6  11,0   20:42    NW
10   8,1  15,7   15:31   2,9   02:34  10,2   0,0   0,0   2,3  16,0   14:33   WNW
11   7,9  16,1   15:12   2,6   07:42  10,4   0,0   0,0   6,1  55,0   16:05     N
12   7,8  13,7   14:04   2,6   07:26  10,5   0,0   0,0   1,6  14,0   04:13    NW
13   5,9   7,4   15:05   3,4   02:58  12,4   0,0   0,0   1,4  16,0   04:45   NNE
14   6,4  10,5   15:23   3,5   23:58  11,9   0,0   0,0   0,6  11,0   12:30   WSW
15   4,7   7,0   16:17   2,2   01:46  13,6   0,0   0,0   1,0  13,0   05:25   NNE
16   5,8   6,4   20:45   5,4   00:09  12,5   0,0   5,2   1,1  14,0   10:37    NE
17   6,2   7,5   14:55   3,8   23:07  12,1   0,0   6,6   3,6  32,0   17:14   NNW
18   4,8   9,2   14:50   2,1   07:44  13,5   0,0   0,2   0,7  11,0   01:07    NW
19   4,1   6,9   14:06   1,3   05:54  14,2   0,0   0,0   0,9  16,0   14:12    NW
20   5,3   9,2   15:14   1,9   22:56  13,0   0,0   0,2   1,0  13,0   13:48   NNE
21   2,5   3,8   11:26   0,8   04:24  15,8   0,0  22,1   4,7  23,0   21:41     N
22   4,2   6,8   15:57   2,1   00:43  14,1   0,0   4,0   2,8  21,0   00:25     N
23   5,4  11,8   13:49   1,4   04:10  12,9   0,0   0,2   2,0  16,0   14:10   WSW
24   5,7  10,4   14:09   0,8   08:10  12,6   0,0   0,3   2,2  34,0   23:46     N
25   8,5  11,4   13:01   5,6   03:13   9,8   0,0   0,0  14,4  48,0   14:26     N
26   5,0   8,4   12:23   1,3   08:37  13,3   0,0   0,0   1,6  16,0   00:19   NNW
27   2,9   7,7   14:33  -0,1   08:13  15,4   0,0   0,0   0,8  11,0   16:13     W
28   3,4   8,8   15:40  -0,4   07:15  14,9   0,0   0,0   2,9  23,0   05:15     W
29   2,3   4,6   13:43   0,3   05:01  16,0   0,0   0,5   2,1  18,0   19:39    NE
30   3,3   9,8   15:37  -0,3   09:00  15,0   0,0   2,3   3,2  18,0   11:12   WSW
31   2,9   6,8   16:10  -1,1   04:07  15,4   0,0   0,0   2,3  18,0   07:33    NE
----------------------------------------------------------------------------------
     4,9  17,5     4    -3,1     1   416,5   0,0  41,6   2,5  55,0    11       N

Max >=  10,0:  9
Max <=   5,0:  2
Min <=   0,0:  7
Min <=  -2,0:  2
Max Rain: 22,1 on day 21
Days of Rain: 10 (>= 0,2 mm)  5 (>= 2,0 mm)  1 (>= 20,0 mm)
Heat Base: 18,3  Cool Base: 18,3  Method: Integration