Weather Camera Radar Radar Radar Radar width= Satellite previsioni

NOAA-Style Climate Reports

Select a Year or Month report
2018: Gen Feb Mar Apr Mag Giu Lug Ago Set Ott Nov Dic
2017: Gen Feb Mar Apr Mag Giu Lug Ago Set Ott Nov Dic
2016: Gen Feb Mar Apr Mag Giu Lug Ago Set Ott Nov Dic
2015: Gen Feb Mar Apr Mag Giu Lug Ago Set Ott Nov Dic
2014: Gen Feb Mar Apr Mag Giu Lug Ago Set Ott Nov Dic
2013: Gen Feb Mar Apr Mag Giu Lug Ago Set Ott Nov Dic
2012: Gen Feb Mar Apr Mag Giu Lug Ago Set Ott Nov Dic
2011: Gen Feb Mar Apr Mag Giu Lug Ago Set Ott Nov Dic

Report for 2014 Dicembre
                   Monthly Climatological Summary for dic 2014

Name: Galliate Meteo   City: Galliate (NO)   State: Italia
Elevation: 153 m  Lat: N 45° 28' 31"   Lon: E 008° 41' 43"

                  Temperature (°C), Rain (mm), Wind Speed (km/h)

                                      Heat  Cool        Avg
    Mean                              Deg   Deg         Wind                 Dom
Day Temp  High   Time   Low    Time   Days  Days  Rain  Speed High   Time    Dir
----------------------------------------------------------------------------------
 1  12,6  14,4   14:50  11,6   23:08   5,7   0,0  17,8   3,6  23,0   08:27   NNE
 2  11,2  11,8   12:40  10,4   22:10   7,1   0,0   3,4   0,5  13,0   14:58   ESE
 3   9,6  10,4   00:00   9,4   04:29   8,7   0,0   0,4   1,9  14,0   02:20     N
 4   9,5  10,1   20:34   9,5   00:00   8,7   0,0   0,2   1,8  10,0   20:45     N
 5   9,7  10,5   15:15   8,6   08:07   8,6   0,0   0,2   0,1  11,0   10:58    NW
 6  10,4  12,2   14:37   9,4   04:57   7,9   0,0   1,8   0,3  13,0   11:56     N
 7   9,2  11,6   13:57   5,6   23:56   9,1   0,0   0,2   0,7  14,0   11:00     E
 8   5,2   7,0   21:39   2,6   06:20  13,1   0,0   0,0   0,4  14,0   23:59    NE
 9   7,7  11,6   13:52   3,4   23:36  10,6   0,0   0,2   1,9  24,0   01:18    NE
10   4,7   7,7   12:19   1,8   06:12  13,6   0,0   0,0   0,4  10,0   13:36   WNW
11   4,7   9,5   15:16   1,8   06:29  13,6   0,0   0,0   0,5  14,0   08:37   NNE
12   3,8   6,6   14:47   0,3   07:59  14,5   0,0   0,0   0,9  16,0   10:28     N
13   5,9   7,6   13:04   4,8   00:10  12,4   0,0   0,0   0,6  13,0   12:05    SE
14   6,0   6,7   10:49   5,2   02:42  12,3   0,0   3,6   0,1  10,0   14:47    SW
15   7,4   8,5   23:33   6,3   00:00  10,9   0,0   8,8   0,1   6,0   01:42   WSW
16   8,7  10,0   16:00   5,9   23:55   9,6   0,0  10,2   0,8  13,0   09:07     N
17   5,8   8,7   14:36   3,0   05:18  12,5   0,0   0,4   0,2   8,0   01:04   WNW
18   6,0  10,9   14:54   2,3   05:11  12,3   0,0   0,0   0,1   8,0   03:22     N
19   6,8  12,8   15:06   2,3   08:22  11,5   0,0   0,2   0,1  13,0   23:00   NNE
20   4,0   7,2   00:13   1,2   08:39  14,3   0,0   0,2   0,8  13,0   23:01   NNW
21   1,8   3,7   14:56  -0,1   07:32  16,5   0,0   0,2   1,6  14,0   01:17   WSW
22   1,2   4,6   14:55  -1,6   08:30  17,1   0,0   0,2   1,0  11,0   12:46    SW
23   1,6   5,2   13:51  -1,2   08:21  16,7   0,0   0,0   0,7  16,0   05:33     S
24   3,7   5,7   21:39   2,1   00:00  14,5   0,0   0,2   0,5  10,0   02:15     W
25   5,6  11,3   14:33   2,1   08:08  12,7   0,0   0,2   0,3  11,0   21:40   WSW
26   6,9  11,9   14:21   1,7   04:41  11,4   0,0   0,0   4,6  40,0   12:42     N
27   1,4   3,4   10:59  -0,8   23:02  16,9   0,0   0,4   1,1  21,0   11:10    NE
28   2,4   9,9   15:19  -2,2   05:34  15,9   0,0   0,2   5,8  39,0   15:18     N
29   5,3   8,8   12:06  -0,2   03:37  13,0   0,0   0,0   5,4  35,0   08:40     N
30   3,1   6,1   01:42  -0,3   23:14  15,2   0,0   0,0   4,6  31,0   01:47    NE
31  -0,3   2,5   12:51  -2,4   08:42  18,6   0,0   0,0   2,5  19,0   12:52     E
----------------------------------------------------------------------------------
     5,9  14,4     1    -2,4    31   385,5   0,0  49,0   1,4  40,0    26     NNE

Max >=  10,0: 13
Max <=   5,0:  4
Min <=   0,0:  8
Min <=  -2,0:  2
Max Rain: 17,8 on day 1
Days of Rain: 20 (>= 0,2 mm)  5 (>= 2,0 mm)  0 (>= 20,0 mm)
Heat Base: 18,3  Cool Base: 18,3  Method: Integration