Weather Camera Radar Radar Radar Radar width= Satellite previsioni

NOAA-Style Climate Reports


Report for 2014 Novembre
                   Monthly Climatological Summary for nov 2014

Name: Galliate Meteo   City: Galliate (NO)   State: Italia
Elevation: 153 m  Lat: N 45░ 28' 31"   Lon: E 008░ 41' 43"

                  Temperature (░C), Rain (mm), Wind Speed (km/h)

                                      Heat  Cool        Avg
    Mean                              Deg   Deg         Wind                 Dom
Day Temp  High   Time   Low    Time   Days  Days  Rain  Speed High   Time    Dir
----------------------------------------------------------------------------------
 1  11,7  18,8   14:34   6,4   06:57   6,7   0,0   0,0   0,5  13,0   10:33   WSW
 2  12,2  18,2   15:15   6,8   07:13   6,1   0,0   0,2   0,3  13,0   12:25     S
 3  12,6  16,0   14:27  10,0   00:52   5,7   0,0   2,6   3,6  23,0   20:41     E
 4  12,9  15,6   14:03  11,3   05:37   5,4   0,0  35,2   9,0  43,0   14:24     E
 5  13,5  14,8   13:44  12,6   18:30   4,8   0,0  33,8   9,0  34,0   00:47   ESE
 6  11,2  12,7   00:00   8,8   23:06   7,1   0,0   2,0   3,3  31,0   11:36     N
 7  10,8  16,4   14:10   6,4   07:14   7,5   0,0   0,0   0,1   8,0   00:44   NNW
 8  12,4  17,9   15:13   7,9   04:18   5,9   0,0   0,4   0,1  14,0   13:28     S
 9  13,1  14,6   12:30  12,1   08:23   5,2   0,0   5,2   0,7  13,0   14:23    SE
10  11,8  13,4   01:43  11,0   08:24   6,5   0,0  17,8   2,4  18,0   17:34   NNE
11  12,9  14,3   22:58  11,7   00:00   5,4   0,0  14,4   3,5  26,0   05:00     E
12  12,8  14,4   00:55  10,9   22:49   5,5   0,0  19,6   8,9  40,0   08:52   ENE
13  13,0  17,7   15:11  10,4   23:39   5,3   0,0   4,0   3,6  31,0   01:36   NNW
14  12,7  15,9   14:24  10,4   00:00   5,6   0,0   5,0   0,5  14,0   01:49     N
15  12,1  13,1   03:49   9,2   23:25   6,2   0,0  49,2  10,1  42,0   11:20     E
16  10,8  15,8   15:49   7,6   07:24   7,4   0,0   0,0   1,2  16,0   10:34     N
17   9,2  10,2   14:41   7,4   21:37   9,1   0,0   8,0   4,9  26,0   10:40    NE
18   8,8  13,4   15:53   5,3   07:58   9,5   0,0   0,2   0,7  18,0   04:05     W
19   8,2  12,9   14:39   4,3   05:42  10,1   0,0   0,2   1,3  14,0   12:36     W
20   7,9  12,8   15:09   4,3   04:38  10,4   0,0   0,2   0,2  10,0   13:23   NNE
21   7,6  11,0   14:36   4,8   05:16  10,7   0,0   0,0   0,7  13,0   15:03   NNE
22   8,4  12,2   12:27   5,1   08:11   9,9   0,0   0,0   1,1  13,0   04:47     N
23   8,3  12,4   15:06   5,3   05:36  10,0   0,0   0,0   0,5  10,0   00:59   NNW
24   9,7  13,4   14:22   6,6   07:30   8,6   0,0   0,0   0,2  11,0   15:06   SSW
25  10,4  12,6   14:04   8,9   07:01   7,9   0,0   4,2   0,4  14,0   23:35    NE
26   8,5  10,4   00:00   7,6   23:55   9,8   0,0   1,0   2,6  21,0   00:27     E
27   7,5   8,1   13:29   6,9   07:33  10,8   0,0   2,6   0,4  11,0   04:14     E
28   9,0  10,3   23:23   7,6   01:17   9,3   0,0  13,6   1,1  18,0   13:08   NNE
29  11,5  12,9   14:52  10,3   00:00   6,8   0,0   4,2   1,4  16,0   08:09     N
30  11,9  12,4   12:59  11,6   00:32   6,4   0,0   9,0   2,8  19,0   23:04   NNE
----------------------------------------------------------------------------------
    10,8  18,8     1     4,3    19   225,6   0,0 232,6   2,5  43,0     4     ENE

Max >=  10,0: 29
Max <=   5,0:  0
Min <=   0,0:  0
Min <=  -2,0:  0
Max Rain: 49,2 on day 15
Days of Rain: 23 (>= 0,2 mm)  17 (>= 2,0 mm)  3 (>= 20,0 mm)
Heat Base: 18,3  Cool Base: 18,3  Method: Integration