Weather Camera Radar Radar Radar Radar width= Satellite previsioni

NOAA-Style Climate Reports

Select a Year or Month report
2018: Gen Feb Mar Apr Mag Giu Lug Ago Set Ott Nov Dic
2017: Gen Feb Mar Apr Mag Giu Lug Ago Set Ott Nov Dic
2016: Gen Feb Mar Apr Mag Giu Lug Ago Set Ott Nov Dic
2015: Gen Feb Mar Apr Mag Giu Lug Ago Set Ott Nov Dic
2014: Gen Feb Mar Apr Mag Giu Lug Ago Set Ott Nov Dic
2013: Gen Feb Mar Apr Mag Giu Lug Ago Set Ott Nov Dic
2012: Gen Feb Mar Apr Mag Giu Lug Ago Set Ott Nov Dic
2011: Gen Feb Mar Apr Mag Giu Lug Ago Set Ott Nov Dic

Report for 2014 Ottobre
                   Monthly Climatological Summary for ott 2014

Name: Galliate Meteo   City: Galliate (NO)   State: Italia
Elevation: 153 m  Lat: N 45° 28' 31"   Lon: E 008° 41' 43"

                  Temperature (°C), Rain (mm), Wind Speed (km/h)

                                      Heat  Cool        Avg
    Mean                              Deg   Deg         Wind                 Dom
Day Temp  High   Time   Low    Time   Days  Days  Rain  Speed High   Time    Dir
----------------------------------------------------------------------------------
 1  18,9  23,1   16:41  16,2   08:49   0,6   1,3   1,2   0,6  19,0   21:41    SE
 2  19,0  24,2   16:41  15,4   05:33   1,0   1,6   0,2   0,7  16,0   13:37     S
 3  19,1  24,2   16:37  15,1   07:39   1,0   1,8   0,0   1,3  16,0   15:09     E
 4  18,5  22,4   16:21  15,3   23:30   0,8   1,0   0,0   0,8  16,0   14:02   ENE
 5  17,6  22,2   16:30  14,4   08:10   1,5   0,8   0,0   0,8  14,0   13:26    NE
 6  16,6  20,3   16:07  14,2   08:30   1,8   0,2   3,4   1,4  14,0   08:27     N
 7  15,9  16,3   00:00  14,6   20:20   2,3   0,0   3,8   1,0  11,0   22:08     N
 8  15,4  16,3   16:50  14,5   00:31   2,9   0,0   1,6   0,1   6,0   00:04   NNE
 9  16,8  18,8   14:08  15,3   05:32   1,5   0,0   0,2   0,0   0,0   00:00     E
10  18,0  20,1   15:57  16,9   04:05   0,6   0,4   0,0   0,0   0,0   00:00     E
11  18,0  19,8   17:53  17,0   08:56   0,5   0,2   0,0   0,9  13,0   19:26     N
12  18,0  19,9   14:36  16,0   05:25   0,7   0,4   0,8   1,0  16,0   14:51    NE
13  17,8  18,1   00:00  15,6   23:44   0,5   0,0  16,8   0,6  19,0   20:59   ESE
14  16,1  18,0   15:27  14,7   07:24   2,2   0,0   0,4   1,2  14,0   05:32   ENE
15  17,7  21,8   15:20  14,8   08:05   1,3   0,7   0,0   0,9  11,0   01:12   NNW
16  17,3  22,9   16:28  14,3   07:48   1,8   0,8   0,0   1,1  14,0   04:50     N
17  18,9  24,8   16:46  14,3   07:23   1,2   1,8   0,0   1,9  18,0   14:48    NW
18  19,2  24,2   16:15  15,9   07:24   0,9   1,7   0,0   2,6  16,0   04:59   NNE
19  19,2  22,6   13:25  16,7   23:58   0,4   1,3   0,0   1,5  21,0   14:44   ENE
20  18,1  22,5   15:38  14,5   06:13   1,2   1,0   0,0   0,3   8,0   01:27     N
21  19,0  22,8   16:01  15,9   08:16   0,4   1,2   0,0   0,7  14,0   23:56     N
22  14,8  18,7   00:52  12,1   08:44   3,5   0,0   0,0  19,4  63,0   13:44     N
23  14,9  22,3   15:28  12,2   23:44   3,8   0,4   0,0  15,4  51,0   17:16     N
24  14,3  22,6   15:41   6,9   07:40   4,7   0,7   0,0   1,2  13,0   13:41    NW
25  13,3  17,1   16:33  10,1   05:29   5,0   0,0   0,0   2,1  18,0   11:26   NNE
26  12,8  17,1   15:26   9,0   23:58   5,7   0,0   0,0   0,6  14,0   14:04   ENE
27  11,5  15,6   14:50   7,8   04:37   6,8   0,0   0,0   1,7  19,0   12:33     E
28  11,2  16,2   13:59   6,9   06:34   7,1   0,0   0,0   0,4  14,0   14:26   SSE
29  10,0  15,3   14:41   6,3   05:04   8,3   0,0   0,0   0,3  11,0   11:40   SSE
30   9,9  15,7   15:15   5,5   07:31   8,4   0,0   0,0   0,4  13,0   13:38   SSW
31  10,5  16,8   14:10   5,1   06:40   7,8   0,0   0,2   0,2  10,0   12:07     S
----------------------------------------------------------------------------------
    16,1  24,8    17     5,1    31    86,2  17,3  28,6   2,0  63,0    22       N

Max >=  10,0: 31
Max <=   5,0:  0
Min <=   0,0:  0
Min <=  -2,0:  0
Max Rain: 16,8 on day 13
Days of Rain: 10 (>= 0,2 mm)  3 (>= 2,0 mm)  0 (>= 20,0 mm)
Heat Base: 18,3  Cool Base: 18,3  Method: Integration