Weather Camera Radar Radar Radar Radar width= Satellite previsioni

NOAA-Style Climate Reports

Select a Year or Month report
2018: Gen Feb Mar Apr Mag Giu Lug Ago Set Ott Nov Dic
2017: Gen Feb Mar Apr Mag Giu Lug Ago Set Ott Nov Dic
2016: Gen Feb Mar Apr Mag Giu Lug Ago Set Ott Nov Dic
2015: Gen Feb Mar Apr Mag Giu Lug Ago Set Ott Nov Dic
2014: Gen Feb Mar Apr Mag Giu Lug Ago Set Ott Nov Dic
2013: Gen Feb Mar Apr Mag Giu Lug Ago Set Ott Nov Dic
2012: Gen Feb Mar Apr Mag Giu Lug Ago Set Ott Nov Dic
2011: Gen Feb Mar Apr Mag Giu Lug Ago Set Ott Nov Dic

Report for 2014 Settembre
                   Monthly Climatological Summary for set 2014

Name: Galliate Meteo   City: Galliate (NO)   State: Italia
Elevation: 153 m  Lat: N 45° 28' 31"   Lon: E 008° 41' 43"

                  Temperature (°C), Rain (mm), Wind Speed (km/h)

                                      Heat  Cool        Avg
    Mean                              Deg   Deg         Wind                 Dom
Day Temp  High   Time   Low    Time   Days  Days  Rain  Speed High   Time    Dir
----------------------------------------------------------------------------------
 1  22,6  27,5   15:40  17,7   07:08   0,0   4,4   0,0   9,0  40,0   15:41     N
 2  21,3  26,8   14:54  15,0   06:53   0,5   3,4   0,0   3,5  21,0   00:04     N
 3  18,7  21,3   15:27  14,7   07:17   0,8   1,2   0,0   2,6  18,0   17:29    NW
 4  20,9  25,5   12:23  17,3   04:38   0,2   2,8   0,0   2,2  21,0   13:19    NE
 5  20,3  24,3   17:05  18,1   05:41   0,0   2,0   1,6   1,3  16,0   12:55     N
 6  21,4  27,2   16:48  15,6   07:23   0,6   3,6   0,0   1,9  18,0   12:39   SSW
 7  22,9  27,5   16:10  18,5   07:50   0,0   4,6   0,0   1,6  18,0   11:57    SE
 8  23,6  28,0   16:48  19,1   05:07   0,0   5,3   0,0   1,6  16,0   12:11    SE
 9  22,1  27,6   15:23  19,9   06:48   0,0   3,8   0,0   2,7  31,0   15:28     N
10  20,7  25,0   16:49  17,2   05:54   0,1   2,5   0,0   1,1  16,0   23:44    NE
11  20,5  24,8   15:39  16,4   06:47   0,3   2,5  16,4   2,3  24,0   03:02     E
12  19,2  23,9   15:44  14,2   07:22   0,9   1,8   2,0   2,6  19,0   16:04    SE
13  19,6  25,4   17:33  13,9   07:27   1,1   2,4   0,0   1,8  21,0   13:50     S
14  20,1  25,7   17:08  15,4   06:54   0,7   2,5   0,0   1,5  18,0   13:38    SE
15  20,7  25,4   14:50  16,7   07:27   0,2   2,7   0,0   1,3  18,0   12:57   ESE
16  20,6  24,5   15:44  16,9   07:15   0,2   2,5   0,0   1,4  14,0   00:59    SE
17  20,4  23,8   16:53  17,3   07:26   0,1   2,2   0,0   2,1  19,0   10:05    NE
18  18,1  19,8   00:49  17,3   06:57   0,4   0,3   0,0   3,8  24,0   16:57     N
19  17,2  18,0   11:52  16,5   03:39   1,1   0,0   4,2   3,1  19,0   14:41     N
20  19,5  23,5   15:53  17,1   06:34   0,4   1,6   0,0   0,6  14,0   13:15   SSW
21  20,9  26,3   15:51  16,3   07:54   0,2   2,9   0,0   1,3  18,0   16:41   SSW
22  20,8  27,7   15:10  13,7   07:07   1,0   3,5   0,0   4,1  37,0   23:35     N
23  18,4  23,2   16:29  13,6   07:59   1,1   1,2   0,0   3,1  32,0   01:58    NE
24  16,3  20,8   14:28  11,9   07:15   2,5   0,5   0,0   2,1  16,0   07:38   NNE
25  17,4  23,7   17:08  12,3   07:33   2,2   1,4   0,0   2,1  24,0   13:20   WSW
26  14,9  15,1   00:37  14,8   01:51   3,4   0,0   0,0   0,2  13,0   00:40   NNE
27  15,5  21,2   20:33  14,9   00:00   2,8   0,2   0,0   0,0   8,0   23:38   NNE
28  19,5  24,4   15:26  16,2   02:49   0,6   1,7   0,0   0,8  14,0   17:31    NE
29  19,2  24,7   16:09  14,3   06:43   1,2   2,1   0,0   1,1  16,0   15:24    NE
30  18,5  22,3   16:13  16,3   02:29   0,7   0,9   2,2   0,6  10,0   15:12     N
----------------------------------------------------------------------------------
    19,7  28,0     8    11,9    24    23,3  66,5  26,4   2,1  40,0     1     NNE

Max >=  10,0: 30
Max <=   5,0:  0
Min <=   0,0:  0
Min <=  -2,0:  0
Max Rain: 16,4 on day 11
Days of Rain: 5 (>= 0,2 mm)  4 (>= 2,0 mm)  0 (>= 20,0 mm)
Heat Base: 18,3  Cool Base: 18,3  Method: Integration