Weather Camera Radar Radar Radar Radar width= Satellite previsioni

NOAA-Style Climate Reports


Report for 2014 Agosto
                   Monthly Climatological Summary for ago 2014

Name: Galliate Meteo   City: Galliate (NO)   State: Italia
Elevation: 153 m  Lat: N 45░ 28' 31"   Lon: E 008░ 41' 43"

                  Temperature (░C), Rain (mm), Wind Speed (km/h)

                                      Heat  Cool        Avg
    Mean                              Deg   Deg         Wind                 Dom
Day Temp  High   Time   Low    Time   Days  Days  Rain  Speed High   Time    Dir
----------------------------------------------------------------------------------
 1  23,9  28,0   17:40  21,1   10:42   0,0   5,6   0,2   3,6  24,0   11:30     N
 2  20,4  22,7   00:00  18,8   06:25   0,0   2,1   6,6   7,2  32,0   11:06     N
 3  19,6  24,4   18:58  17,3   13:26   0,2   1,5  61,4   4,1  27,0   09:41     N
 4  22,0  27,8   17:56  16,1   06:12   0,3   4,1   0,0   2,4  24,0   21:22   SSW
 5  23,5  29,2   17:25  18,1   06:14   0,0   5,2   0,0   2,1  19,0   14:43   SSE
 6  24,1  28,6   18:28  19,6   06:12   0,0   5,8   0,0   2,7  18,0   13:38     N
 7  24,5  29,6   15:03  19,2   06:03   0,0   6,2   0,0   2,3  16,0   06:19    NE
 8  24,6  29,7   15:29  20,8   23:52   0,0   6,3   0,6   3,1  29,0   22:39   NNE
 9  23,7  28,5   15:42  19,9   06:14   0,0   5,4   1,4   1,2  14,0   13:13   ENE
10  23,7  28,5   16:21  20,2   04:56   0,0   5,4   0,0   3,4  19,0   09:16     N
11  24,5  28,5   16:14  21,2   03:34   0,0   6,2   0,0   2,8  19,0   13:57     S
12  24,4  29,2   16:09  20,5   19:50   0,0   6,1   6,4   3,2  29,0   19:29     S
13  20,9  23,3   17:52  19,2   10:38   0,0   2,6  11,6   2,7  26,0   07:56   ESE
14  21,9  27,9   17:14  15,7   06:27   0,4   4,0   0,2   3,3  21,0   10:21     W
15  21,2  25,6   17:42  18,2   07:28   0,0   2,9   0,0   2,8  21,0   01:17   ESE
16  20,2  24,3   14:31  15,3   07:03   0,5   2,4   1,6   3,2  27,0   01:42    SE
17  20,6  25,2   16:12  15,3   06:41   0,6   2,9   0,0   2,2  19,0   14:06   SSE
18  21,4  25,8   16:42  18,2   04:43   0,0   3,1   0,0   3,8  26,0   16:05     S
19  20,9  20,9   00:00  20,9   00:00   0,0   2,6   0,0   2,0   0,0   00:00   SSE
20  20,9  20,9   00:00  20,9   00:00   0,0   2,6   0,0   2,0   0,0   00:00   SSE
21  22,4  26,3   16:04  20,5   23:58   0,0   4,1   3,4   2,0  18,0   13:55    SE
22  21,3  24,9   17:05  17,2   07:19   0,1   3,0   0,0   2,0  23,0   16:24    SE
23  19,9  23,8   16:49  17,1   07:56   0,2   1,8  18,0   2,1  21,0   13:17     E
24  20,8  25,9   16:04  15,4   06:28   0,6   3,1   0,0   1,9  18,0   15:32     S
25  19,1  22,3   17:57  17,0   04:09   0,3   1,1   0,8   2,8  18,0   07:15    NE
26  19,1  21,9   15:26  17,3   03:21   0,3   1,1   0,0   1,9  18,0   16:38   NNE
27  22,3  28,5   16:32  16,2   07:13   0,3   4,3   0,2   2,5  19,0   12:33     W
28  21,4  25,7   15:53  18,6   06:12   0,0   3,1   0,0   2,9  21,0   07:50     E
29  22,3  26,6   15:09  17,7   06:09   0,1   4,0   0,0   1,1  18,0   14:27   SSW
30  23,6  27,4   16:18  19,8   07:14   0,0   5,3   0,0   2,0  19,0   11:15   SSE
31  23,0  27,9   15:55  20,1   04:49   0,0   4,7   0,8   1,9  23,0   21:44    NE
----------------------------------------------------------------------------------
    22,0  29,7     8    15,3    16     3,9 118,6 113,2   2,7  32,0     2       E

Max >=  10,0: 31
Max <=   5,0:  0
Min <=   0,0:  0
Min <=  -2,0:  0
Max Rain: 61,4 on day 3
Days of Rain: 14 (>= 0,2 mm)  6 (>= 2,0 mm)  1 (>= 20,0 mm)
Heat Base: 18,3  Cool Base: 18,3  Method: Integration