Weather Camera Radar Radar Radar Radar width= Satellite previsioni

NOAA-Style Climate Reports

Select a Year or Month report
2018: Gen Feb Mar Apr Mag Giu Lug Ago Set Ott Nov Dic
2017: Gen Feb Mar Apr Mag Giu Lug Ago Set Ott Nov Dic
2016: Gen Feb Mar Apr Mag Giu Lug Ago Set Ott Nov Dic
2015: Gen Feb Mar Apr Mag Giu Lug Ago Set Ott Nov Dic
2014: Gen Feb Mar Apr Mag Giu Lug Ago Set Ott Nov Dic
2013: Gen Feb Mar Apr Mag Giu Lug Ago Set Ott Nov Dic
2012: Gen Feb Mar Apr Mag Giu Lug Ago Set Ott Nov Dic
2011: Gen Feb Mar Apr Mag Giu Lug Ago Set Ott Nov Dic

Report for 2014 Giugnio
                   Monthly Climatological Summary for giu 2014

Name: Galliate Meteo   City: Galliate (NO)   State: Italia
Elevation: 153 m  Lat: N 45° 28' 31"   Lon: E 008° 41' 43"

                  Temperature (°C), Rain (mm), Wind Speed (km/h)

                                      Heat  Cool        Avg
    Mean                              Deg   Deg         Wind                 Dom
Day Temp  High   Time   Low    Time   Days  Days  Rain  Speed High   Time    Dir
----------------------------------------------------------------------------------
 1  19,8  24,4   17:14  13,9   05:54   0,9   2,3   0,0   3,2  19,0   12:15   SSE
 2  18,8  23,8   18:55  14,4   04:31   1,2   1,6   0,0   4,4  29,0   01:33     N
 3  19,9  25,5   16:58  15,7   06:35   0,6   2,2   0,0   2,9  18,0   13:44   NNE
 4  18,4  23,0   16:07  14,9   06:08   1,0   1,1   2,6   5,2  26,0   21:14     N
 5  19,0  24,6   19:08  16,9   00:00   0,9   1,6  17,2   8,5  19,0   16:35    NW
 6  21,9  26,8   16:54  15,5   06:19   0,3   3,9   0,0   2,4  21,0   17:08     S
 7  23,7  28,8   16:17  17,7   04:58   0,0   5,4   0,0   3,5  21,0   13:13   WSW
 8  25,9  32,1   18:33  18,8   05:53   0,0   7,6   0,0   2,7  19,0   15:20     W
 9  27,3  32,7   17:37  20,7   05:55   0,0   9,0   0,0   3,6  19,0   13:30   NNE
10  27,6  32,6   17:19  21,9   06:57   0,0   9,3   0,0   3,9  21,0   07:35     N
11  27,5  32,9   17:40  21,3   06:04   0,0   9,2   0,0   3,6  21,0   16:07   SSW
12  28,4  33,7   18:50  22,6   06:24   0,0  10,1   0,0   3,8  24,0   23:34   SSW
13  26,7  31,8   16:13  21,3   06:18   0,0   8,4   0,2   5,7  34,0   22:50     W
14  23,5  29,1   15:46  16,8   21:32   0,2   5,4   6,0   4,1  32,0   20:45    SE
15  18,3  22,2   14:24  16,8   06:27   0,7   0,7   6,6   5,8  27,0   16:58     N
16  19,9  24,3   16:10  16,3   03:20   0,6   2,2   0,2   5,1  24,0   02:16    NE
17  19,7  23,4   18:10  16,2   05:31   0,4   1,8   0,8   3,6  23,0   11:42   WNW
18  20,2  25,4   16:53  17,0   05:29   0,3   2,2   0,0   3,7  19,0   17:07     W
19  21,8  27,7   18:14  15,6   06:11   0,4   4,0   0,0   5,2  31,0   14:23   WSW
20  22,9  28,6   16:36  16,3   06:26   0,2   4,8   0,0   5,0  27,0   18:16   SSW
21  22,8  26,8   17:51  17,2   06:16   0,1   4,6   0,0   3,2  24,0   16:21    SE
22  23,8  28,3   16:23  19,4   04:09   0,0   5,5   0,0   4,3  23,0   12:32     S
23  23,5  27,8   16:54  19,8   23:56   0,0   5,2   3,0   3,5  24,0   17:20     S
24  21,7  27,3   16:50  18,3   20:20   0,0   3,4  30,8   4,3  45,0   19:43   NNW
25  20,2  23,8   18:52  17,4   10:36   0,0   1,9  15,0   2,3  24,0   10:41     E
26  20,2  23,6   15:24  17,8   11:44   0,0   1,9  28,6   2,1  21,0   16:12   ESE
27  22,4  26,8   15:28  18,2   05:57   0,0   4,1   0,0   1,8  23,0   14:34    SE
28  21,2  26,8   15:51  18,2   04:13   0,0   2,9   1,2   2,7  37,0   16:25   ENE
29  20,4  22,9   14:28  17,3   23:58   0,0   2,1   0,8   4,7  40,0   15:42   ENE
30  21,7  27,6   17:18  14,9   03:58   0,8   4,2   0,0   3,6  21,0   13:24     W
----------------------------------------------------------------------------------
    22,3  33,7    12    13,9     1     8,6 128,6 113,0   3,9  45,0    24     WNW

Max >=  10,0: 30
Max <=   5,0:  0
Min <=   0,0:  0
Min <=  -2,0:  0
Max Rain: 30,8 on day 24
Days of Rain: 13 (>= 0,2 mm)  8 (>= 2,0 mm)  2 (>= 20,0 mm)
Heat Base: 18,3  Cool Base: 18,3  Method: Integration