Weather Camera Radar Radar Radar Radar width= Satellite previsioni

NOAA-Style Climate Reports

Select a Year or Month report
2018: Gen Feb Mar Apr Mag Giu Lug Ago Set Ott Nov Dic
2017: Gen Feb Mar Apr Mag Giu Lug Ago Set Ott Nov Dic
2016: Gen Feb Mar Apr Mag Giu Lug Ago Set Ott Nov Dic
2015: Gen Feb Mar Apr Mag Giu Lug Ago Set Ott Nov Dic
2014: Gen Feb Mar Apr Mag Giu Lug Ago Set Ott Nov Dic
2013: Gen Feb Mar Apr Mag Giu Lug Ago Set Ott Nov Dic
2012: Gen Feb Mar Apr Mag Giu Lug Ago Set Ott Nov Dic
2011: Gen Feb Mar Apr Mag Giu Lug Ago Set Ott Nov Dic

Report for 2014 Maggio
                   Monthly Climatological Summary for mag 2014

Name: Galliate Meteo   City: Galliate (NO)   State: Italia
Elevation: 153 m  Lat: N 45° 28' 31"   Lon: E 008° 41' 43"

                  Temperature (°C), Rain (mm), Wind Speed (km/h)

                                      Heat  Cool        Avg
    Mean                              Deg   Deg         Wind                 Dom
Day Temp  High   Time   Low    Time   Days  Days  Rain  Speed High   Time    Dir
----------------------------------------------------------------------------------
 1  16,3  21,5   17:44   8,4   07:05   2,7   0,7   0,0   3,0  19,0   14:41     S
 2  15,8  19,3   00:00  10,7   11:49   2,9   0,4   4,0   5,7  23,0   09:16   NNW
 3  17,1  21,0   17:03   9,6   07:10   1,9   0,7   0,0   3,2  29,0   15:26     S
 4  19,5  22,2   15:41  10,0   07:09   0,5   1,7   0,0   3,0  23,0   09:46     S
 5  20,0  22,3   15:15  11,3   07:09   0,5   2,2   0,0   3,3  19,0   09:28    SE
 6  19,3  21,2   00:00  12,1   06:51   0,6   1,6   0,0   3,8  18,0   14:30     S
 7  16,7  19,8   00:00  15,2   07:29   2,0   0,5   0,0   4,5  11,0   08:19     S
 8  18,2  21,7   17:51   9,9   06:56   1,5   1,4   0,0   3,1  19,0   15:14   SSE
 9  22,1  24,6   17:41  19,3   23:55   0,0   3,8   0,0   2,2  19,0   14:58     S
10  19,6  24,6   15:41  14,4   06:05   0,9   2,2   0,0   2,8  24,0   19:09     S
11  18,7  25,6   17:45  14,6   07:22   1,1   1,5   0,0   8,5  60,0   18:12    SW
12  16,4  21,5   17:13   9,9   05:05   2,7   0,8   0,0   4,2  27,0   21:23   NNE
13  15,3  19,8   19:28  10,1   05:50   3,1   0,1   1,4   3,9  35,0   15:11   ENE
14  16,9  22,7   14:03   9,6   05:54   2,6   1,2   0,0   8,8  48,0   19:55     N
15  13,3  19,8   19:40  11,8   04:20   5,1   0,0   0,0  12,8  37,0   19:58     N
16  18,2  24,8   16:56  10,9   06:48   2,1   1,9   0,0   7,2  35,0   18:22     N
17  18,2  23,5   15:55  11,6   05:39   1,5   1,5   0,0   4,1  24,0   21:22   SSE
18  17,8  23,2   16:47  11,4   06:14   1,8   1,3   0,0   5,4  29,0   17:09     S
19  17,9  22,8   15:44  13,1   05:58   1,2   0,8   0,0   3,4  24,0   13:27    SW
20  18,2  22,5   17:02  14,8   05:47   1,2   1,2   0,2   2,9  19,0   17:33    SW
21  20,3  25,2   15:27  14,2   05:37   1,0   3,0   0,0   3,6  19,0   14:38   WSW
22  19,2  23,4   12:46  16,2   23:39   0,5   1,4   2,8   4,5  26,0   15:29     N
23  19,5  23,9   17:48  15,8   05:59   0,8   2,0   0,4   5,6  29,0   14:47     S
24  18,2  22,8   20:41  14,4   03:40   0,9   0,9   0,0   3,2  18,0   10:20   SSW
25  20,5  26,1   17:41  13,3   06:23   1,0   3,2   0,0   2,7  24,0   17:05     E
26  18,2  23,3   17:26  14,7   23:31   0,9   0,8   5,8   5,0  34,0   21:44   NNW
27  17,6  22,6   17:04  13,4   03:55   1,8   1,1   0,0   5,4  32,0   21:11    SW
28  17,9  23,7   15:36  13,7   05:35   1,4   1,0   0,0   5,3  31,0   16:21   SSW
29  19,6  24,9   16:49  13,6   05:50   1,2   2,5   0,0   2,6  21,0   17:08   SSW
----------------------------------------------------------------------------------
    18,2  26,1    25     8,4     1    45,4  41,4  14,6   4,6  60,0    11      SW

Max >=  10,0: 29
Max <=   5,0:  0
Min <=   0,0:  0
Min <=  -2,0:  0
Max Rain: 5,8 on day 26
Days of Rain: 6 (>= 0,2 mm)  3 (>= 2,0 mm)  0 (>= 20,0 mm)
Heat Base: 18,3  Cool Base: 18,3  Method: Integration