Weather Camera Radar Radar Radar Radar width= Satellite previsioni

NOAA-Style Climate Reports

Select a Year or Month report
2018: Gen Feb Mar Apr Mag Giu Lug Ago Set Ott Nov Dic
2017: Gen Feb Mar Apr Mag Giu Lug Ago Set Ott Nov Dic
2016: Gen Feb Mar Apr Mag Giu Lug Ago Set Ott Nov Dic
2015: Gen Feb Mar Apr Mag Giu Lug Ago Set Ott Nov Dic
2014: Gen Feb Mar Apr Mag Giu Lug Ago Set Ott Nov Dic
2013: Gen Feb Mar Apr Mag Giu Lug Ago Set Ott Nov Dic
2012: Gen Feb Mar Apr Mag Giu Lug Ago Set Ott Nov Dic
2011: Gen Feb Mar Apr Mag Giu Lug Ago Set Ott Nov Dic

Report for 2014 Aprile
                   Monthly Climatological Summary for apr 2014

Name: Galliate Meteo   City: Galliate (NO)   State: Italia
Elevation: 153 m  Lat: N 45° 28' 31"   Lon: E 008° 41' 43"

                  Temperature (°C), Rain (mm), Wind Speed (km/h)

                                      Heat  Cool        Avg
    Mean                              Deg   Deg         Wind                 Dom
Day Temp  High   Time   Low    Time   Days  Days  Rain  Speed High   Time    Dir
----------------------------------------------------------------------------------
 1  16,5  19,1   15:29   8,6   07:37   1,9   0,0   0,0   8,5  29,0   16:07     S
 2  15,8  18,3   16:42  10,1   07:45   2,5   0,0   0,0   6,9  23,0   16:09     S
 3  15,6  16,8   17:13  11,1   08:54   2,7   0,0   0,0   3,3  11,0   17:37     S
 4  15,7  16,8   13:29  11,3   08:00   2,6   0,0   0,0   1,6  18,0   11:36   SSW
 5  17,0  21,0   16:13  11,3   07:56   1,7   0,3   0,0   4,6  34,0   16:44   SSE
 6  19,2  23,3   16:49  10,6   07:59   0,9   1,8   0,0   3,5  19,0   13:04    SE
 7  21,4  23,8   15:42  12,7   07:42   0,4   3,4   0,0   2,1  19,0   12:24    SE
 8  19,2  22,7   00:00  13,7   07:26   0,6   1,5   0,0   3,6  23,0   15:20     S
 9  19,7  23,3   17:25  12,3   07:26   0,5   1,9   0,0   5,3  31,0   10:02    SE
10  20,4  23,9   17:54  10,9   07:14   0,7   2,8   0,0   3,0  24,0   15:02    SW
11  19,7  22,3   00:00  10,1   07:35   0,7   2,2   0,0   4,0  23,0   09:46    SE
12  18,5  20,5   16:29  13,0   08:40   0,8   1,0   0,0   3,1  23,0   16:41    SE
13  18,9  21,3   17:22  13,6   08:07   0,6   1,2   0,0   2,7  26,0   17:14    SE
14  19,2  22,9   16:38  12,7   07:34   0,6   1,5   0,0   7,1  35,0   19:50     S
15  17,7  20,2   15:27  12,7   07:19   0,9   0,2   0,0  12,0  53,0   12:05   ENE
16  15,6  17,7   14:46   7,4   07:21   2,7   0,0   0,0   6,2  26,0   17:24   ENE
17  16,0  18,8   17:49   7,0   07:23   2,3   0,0   0,0   4,4  23,0   13:05     S
18  15,4  17,8   18:03   7,9   07:11   2,9   0,0   0,0   2,7  18,0   18:17   SSE
19  14,1  16,6   00:00  10,1   17:41   4,2   0,0   2,2   4,8  27,0   14:19   ENE
20  13,7  18,5   16:44   7,3   07:22   4,6   0,0   0,0   5,3  24,0   18:31   SSE
21  14,0  16,3   00:00  10,9   09:32   4,3   0,0   3,2   4,8  19,0   13:58    SE
22  15,9  19,7   17:48  10,8   07:21   2,6   0,3   0,0   2,2  23,0   13:55     S
23  19,4  22,9   17:40  10,8   07:24   0,6   1,7   0,0   2,6  18,0   13:56     S
24  21,6  24,8   18:00  12,1   07:10   0,4   3,7   0,0   3,3  23,0   15:15   SSW
25  21,6  24,5   16:51  13,8   07:02   0,4   3,7   0,0   2,5  18,0   11:50     S
26  21,6  25,0   17:38  12,7   07:08   0,4   3,7   0,0   4,0  26,0   17:17   SSE
27  17,7  22,9   00:00  15,2   07:51   2,1   1,5   0,0   2,7  10,0   08:03   ESE
28  12,3  15,2   00:00  10,0   18:55   6,0   0,0   8,0   5,6  31,0   15:48     N
29  15,4  21,7   18:26   9,1   07:31   3,7   0,8   0,2   5,1  21,0   15:42     N
30  15,2  20,1   00:00  11,7   07:18   3,7   0,5   2,8   2,7  29,0   15:43    NE
----------------------------------------------------------------------------------
    17,5  25,0    26     7,0    17    59,0  33,7  16,4   4,3  53,0    15      SE

Max >=  10,0: 30
Max <=   5,0:  0
Min <=   0,0:  0
Min <=  -2,0:  0
Max Rain: 8,0 on day 28
Days of Rain: 5 (>= 0,2 mm)  4 (>= 2,0 mm)  0 (>= 20,0 mm)
Heat Base: 18,3  Cool Base: 18,3  Method: Integration