Weather Camera Radar Radar Radar Radar width= Satellite previsioni

NOAA-Style Climate Reports

Select a Year or Month report
2018: Gen Feb Mar Apr Mag Giu Lug Ago Set Ott Nov Dic
2017: Gen Feb Mar Apr Mag Giu Lug Ago Set Ott Nov Dic
2016: Gen Feb Mar Apr Mag Giu Lug Ago Set Ott Nov Dic
2015: Gen Feb Mar Apr Mag Giu Lug Ago Set Ott Nov Dic
2014: Gen Feb Mar Apr Mag Giu Lug Ago Set Ott Nov Dic
2013: Gen Feb Mar Apr Mag Giu Lug Ago Set Ott Nov Dic
2012: Gen Feb Mar Apr Mag Giu Lug Ago Set Ott Nov Dic
2011: Gen Feb Mar Apr Mag Giu Lug Ago Set Ott Nov Dic

Report for 2014 Marzo
                   Monthly Climatological Summary for mar 2014

Name: Galliate Meteo   City: Galliate (NO)   State: Italia
Elevation: 153 m  Lat: N 45° 28' 31"   Lon: E 008° 41' 43"

                  Temperature (°C), Rain (mm), Wind Speed (km/h)

                                      Heat  Cool        Avg
    Mean                              Deg   Deg         Wind                 Dom
Day Temp  High   Time   Low    Time   Days  Days  Rain  Speed High   Time    Dir
----------------------------------------------------------------------------------
 1   6,3   6,8   00:00   4,4   09:47  12,0   0,0   5,8   7,1  35,0   14:42     N
 2  10,4  12,6   15:09   5,9   08:10   5,4   0,0   0,2   7,5  26,0   17:33   SSE
 3   9,2  10,9   00:00   6,4   07:55   9,1   0,0   1,2   6,0  14,0   10:35    SE
 4  10,4  13,1   15:19   6,9   08:31   7,9   0,0   0,0   6,5  23,0   11:18   WSW
 5  12,8  15,8   14:48   5,4   07:19   5,5   0,0   0,0   5,1  19,0   16:28     S
 6  15,5  18,0   14:48   9,6   07:20   2,8   0,0   0,0   3,2  23,0   10:19     S
 7  15,1  17,3   15:06   6,5   07:21   3,2   0,0   0,0   3,7  19,0   14:41   SSW
 8  14,5  17,1   15:50   6,6   07:21   3,8   0,0   0,0   3,6  27,0   12:00    SE
 9  14,5  17,1   15:42   6,3   07:25   3,8   0,0   0,0   1,5  16,0   11:58   SSE
10  13,5  15,6   00:00   6,4   07:21   4,8   0,0   0,0   3,5  23,0   09:52    SE
11  12,6  14,6   16:21   5,7   07:53   5,7   0,0   0,0   4,1  19,0   14:09   SSE
12  14,5  18,4   16:27   5,6   07:40   3,8   0,0   0,0   2,6  19,0   13:10   SSW
13  16,3  19,1   16:07   5,9   07:31   2,1   0,0   0,0   1,1  18,0   13:28     S
14  16,9  18,8   15:43   7,3   07:23   1,5   0,1   0,0   1,9  16,0   15:08     S
15  16,6  19,4   16:16   6,9   07:25   1,8   0,1   0,0   2,9  21,0   13:45    SW
16  19,1  24,8   15:52   8,3   07:10   1,4   2,2   0,0   2,9  18,0   16:21   WSW
17  20,8  24,8   16:14  11,9   07:13   0,4   2,9   0,0   5,4  24,0   17:13   SSW
18  16,6  19,6   00:00   9,6   06:58   2,1   0,4   0,0   8,3  29,0   17:25     S
19  18,2  23,4   15:41   8,9   06:54   1,9   1,8   0,0   6,5  21,0   10:14    SW
20  17,1  21,6   00:00  11,3   07:17   2,2   1,0   0,0   5,0  24,0   14:43   SSE
21  15,3  17,8   15:52   8,5   07:09   3,0   0,0   0,0   3,7  21,0   15:07   SSE
22  14,1  17,3   00:00  11,4   07:21   4,2   0,0   0,0   6,5  35,0   15:19    SE
23  10,2  12,5   00:00   6,8   10:03   8,1   0,0   5,0  15,1  69,0   14:32   NNE
24  12,4  15,9   15:41   8,5   08:09   5,9   0,0   0,0  11,7  39,0   10:00     N
25  11,0  14,1   00:00   5,1   07:01   7,3   0,0   0,0   3,9  23,0   12:52   ESE
26   9,3  10,6   15:27   5,7   06:59   9,0   0,0   1,4   7,6  27,0   14:08   NNW
27  11,3  14,6   15:15   7,0   07:07   7,0   0,0   0,0   6,5  24,0   12:45   NNW
28  14,8  18,4   16:08   5,8   06:52   3,5   0,0   0,0   3,4  21,0   14:56    SW
29  17,0  20,3   16:39   8,4   06:52   1,5   0,2   0,0   1,8  19,0   13:17   SSE
30  17,5  20,2   17:06   9,2   08:23   1,1   0,4   0,0   1,9  19,0   14:36   SSW
31  17,9  21,2   17:38   9,5   07:49   0,9   0,5   0,0   4,6  24,0   14:29   SSW
----------------------------------------------------------------------------------
    14,2  24,8    16     4,4     1   132,7   9,6  13,6   5,0  69,0    23       S

Max >=  10,0: 30
Max <=   5,0:  0
Min <=   0,0:  0
Min <=  -2,0:  0
Max Rain: 5,8 on day 1
Days of Rain: 5 (>= 0,2 mm)  2 (>= 2,0 mm)  0 (>= 20,0 mm)
Heat Base: 18,3  Cool Base: 18,3  Method: Integration