Weather Camera Radar Radar Radar Radar width= Satellite previsioni

NOAA-Style Climate Reports

Select a Year or Month report
2018: Gen Feb Mar Apr Mag Giu Lug Ago Set Ott Nov Dic
2017: Gen Feb Mar Apr Mag Giu Lug Ago Set Ott Nov Dic
2016: Gen Feb Mar Apr Mag Giu Lug Ago Set Ott Nov Dic
2015: Gen Feb Mar Apr Mag Giu Lug Ago Set Ott Nov Dic
2014: Gen Feb Mar Apr Mag Giu Lug Ago Set Ott Nov Dic
2013: Gen Feb Mar Apr Mag Giu Lug Ago Set Ott Nov Dic
2012: Gen Feb Mar Apr Mag Giu Lug Ago Set Ott Nov Dic
2011: Gen Feb Mar Apr Mag Giu Lug Ago Set Ott Nov Dic

Report for 2014 Gennaio
                   Monthly Climatological Summary for gen 2014

Name: Galliate Meteo   City: Galliate (NO)   State: Italia
Elevation: 153 m  Lat: N 45° 28' 31"   Lon: E 008° 41' 43"

                  Temperature (°C), Rain (mm), Wind Speed (km/h)

                                      Heat  Cool        Avg
    Mean                              Deg   Deg         Wind                 Dom
Day Temp  High   Time   Low    Time   Days  Days  Rain  Speed High   Time    Dir
----------------------------------------------------------------------------------
 1   5,8   7,7   15:29  -0,4   08:31  12,5   0,0   0,0   1,5   8,0   12:26    SE
 2   4,3   6,1   00:00   1,7   10:42  14,0   0,0   0,8   1,3  13,0   14:08   ENE
 3   4,1   5,3   13:39   3,1   00:00  14,2   0,0   0,0   2,7  13,0   14:42     S
 4   5,3   5,8   12:16   5,0   00:00  13,0   0,0   0,0   4,0  10,0   00:00     E
 5   7,6   9,8   16:38   5,6   10:33  10,7   0,0   0,4   4,3  18,0   12:47    NW
 6   9,0  10,4   14:34   3,3   08:26   9,3   0,0   0,0   2,0   8,0   08:33     W
 7   8,3  10,7   14:10   2,9   08:32  10,0   0,0   0,0   1,4  14,0   14:31     S
 8   7,9  10,7   13:48   3,5   08:43  10,4   0,0   0,0   2,7  11,0   14:08     S
 9   8,0   9,7   14:37   5,4   09:19  10,3   0,0   0,0   3,6  16,0   12:36   SSW
10   9,1   9,9   14:50   8,3   00:00   9,2   0,0   0,0   2,5   8,0   12:26   SSW
11   9,5   9,9   00:00   8,3   10:54   8,8   0,0   0,0   0,6  11,0   11:38   SSW
12   9,5  11,9   14:10   2,8   08:40   8,8   0,0   0,2   1,0  10,0   13:22   SSW
13   7,4  10,7   00:00   4,6   10:52  10,9   0,0   0,0   0,1  14,0   11:05   NNE
14   5,3   6,3   15:59   4,3   10:49  13,0   0,0   0,2   0,9  13,0   14:00   WNW
15   4,4   6,2   00:00   1,0   09:06  13,9   0,0   0,0   1,6  11,0   10:39   SSW
16   4,2   4,8   13:53   3,3   10:10  14,1   0,0   2,6   2,0  11,0   13:01   ESE
17   3,7   4,8   00:00   1,7   11:44  14,6   0,0   0,4   2,5  11,0   11:59   WNW
18   3,8   5,1   13:36   2,8   00:00  14,5   0,0   0,4   2,6   5,0   13:44   WNW
19   5,6   6,2   12:19   5,1   00:00  12,7   0,0   0,2   2,0   0,0   00:00   NNW
20   7,6   9,2   16:15   6,2   00:00  10,7   0,0   0,0   1,4  13,0   10:40   NNW
21   9,2  11,9   16:30   4,0   09:05   9,1   0,0   0,0   0,6  11,0   10:24    SW
22  10,1  11,2   00:00   4,7   08:55   8,2   0,0   0,0   0,7  11,0   09:40     E
23   9,7  11,1   13:50   6,3   09:43   8,6   0,0   0,0   1,5  14,0   14:18     S
24   9,7  11,5   14:12   3,4   08:53   8,6   0,0   0,0  11,9  47,0   14:57     N
25   9,2  12,6   14:59   0,9   08:10   9,1   0,0   0,0   7,9  18,0   00:00   NNE
26   9,8  14,0   14:17   1,9   08:39   8,5   0,0   0,0   2,9  18,0   10:42   WNW
27   8,0  10,9   00:00   4,7   08:21  10,3   0,0   0,0   3,0  23,0   15:32   ESE
28   4,9   6,3   00:00  -0,4   09:15  13,4   0,0   0,0   1,2  11,0   12:00   SSW
29   3,8   5,3   00:00   0,2   09:47  14,5   0,0   0,4   1,9  14,0   11:41   NNE
30   2,3   3,0   00:00   1,7   12:51  16,0   0,0   5,8   2,8  11,0   11:59   NNE
31   3,6   5,5   15:57   1,7   00:00  14,7   0,0   0,2   1,4  11,0   12:05   ENE
----------------------------------------------------------------------------------
     6,8  14,0    26    -0,4     1   356,6   0,0  11,6   2,5  47,0    24       N

Max >=  10,0: 12
Max <=   5,0:  3
Min <=   0,0:  2
Min <=  -2,0:  0
Max Rain: 5,8 on day 30
Days of Rain: 11 (>= 0,2 mm)  2 (>= 2,0 mm)  0 (>= 20,0 mm)
Heat Base: 18,3  Cool Base: 18,3  Method: Integration