Weather Camera Radar Radar Radar Radar width= Satellite previsioni

NOAA-Style Climate Reports

Select a Year or Month report
2018: Gen Feb Mar Apr Mag Giu Lug Ago Set Ott Nov Dic
2017: Gen Feb Mar Apr Mag Giu Lug Ago Set Ott Nov Dic
2016: Gen Feb Mar Apr Mag Giu Lug Ago Set Ott Nov Dic
2015: Gen Feb Mar Apr Mag Giu Lug Ago Set Ott Nov Dic
2014: Gen Feb Mar Apr Mag Giu Lug Ago Set Ott Nov Dic
2013: Gen Feb Mar Apr Mag Giu Lug Ago Set Ott Nov Dic
2012: Gen Feb Mar Apr Mag Giu Lug Ago Set Ott Nov Dic
2011: Gen Feb Mar Apr Mag Giu Lug Ago Set Ott Nov Dic

Report for 2013 Dicembre
                   Monthly Climatological Summary for dic 2013

Name: Galliate Meteo   City: Galliate (NO)   State: Italia
Elevation: 153 m  Lat: N 45° 28' 31"   Lon: E 008° 41' 43"

                  Temperature (°C), Rain (mm), Wind Speed (km/h)

                                      Heat  Cool        Avg
    Mean                              Deg   Deg         Wind                 Dom
Day Temp  High   Time   Low    Time   Days  Days  Rain  Speed High   Time    Dir
----------------------------------------------------------------------------------
 1   5,4   8,1   15:26   1,1   08:09  12,9   0,0   0,2   1,9  19,0   14:41    NE
 2   8,8  12,8   15:00   2,5   09:06   9,5   0,0   0,0   1,4  19,0   09:41   SSE
 3   8,3  10,3   15:23   0,6   07:58  10,0   0,0   0,0   1,1  10,0   13:26     S
 4   7,4   9,6   15:28  -1,1   08:01  10,9   0,0   0,0   0,8  10,0   12:06    SW
 5   7,7   9,4   15:02   0,4   08:00  10,6   0,0   0,0   0,6  11,0   12:39     E
 6   9,6  13,2   14:21   1,1   08:21   8,7   0,0   0,0   2,0  14,0   12:03    NW
 7  10,6  13,1   15:39   1,3   08:18   7,7   0,0   0,0   2,2  18,0   13:52   WSW
 8   6,4  11,7   00:00   2,4   15:34  11,9   0,0   0,0   0,9  10,0   14:54   SSE
 9   3,1   5,0   16:05  -1,7   09:04  15,2   0,0   0,0   0,7   6,0   00:00    SE
10   3,2   5,5   14:04  -1,9   08:30  15,1   0,0   0,0   1,3  10,0   14:06   SSE
11   3,1   5,9   15:15  -3,1   08:15  15,2   0,0   0,0   1,4   8,0   12:58   SSE
12   1,7   4,8   00:00  -3,2   08:47  16,6   0,0   0,0   1,3  10,0   12:31   SSE
13   4,0   8,9   15:48  -2,4   08:19  14,3   0,0   0,0   1,0  10,0   08:36     S
14   8,7  12,2   15:48  -0,1   08:20   9,6   0,0   0,0   0,4  10,0   08:51    NW
15   8,2  10,8   00:00   0,3   08:32  10,1   0,0   0,0   0,5  14,0   09:33    SW
16   7,3  10,5   14:42  -0,8   08:15  11,0   0,0   0,0   1,1  10,0   13:00   WSW
17   7,3  10,0   14:08  -0,3   08:20  11,0   0,0   0,0   1,4  10,0   13:04     W
18   7,4   8,8   16:02   1,4   08:32  10,9   0,0   0,0   0,1   8,0   09:34   NNE
19   8,1   8,1   00:00   8,1   00:00  10,2   0,0   0,0   0,0   0,0   00:00     E
20   6,6   8,1   00:00   4,6   11:11  11,7   0,0   0,6   1,1   6,0   11:18    NW
21   5,6   5,8   12:28   5,0   11:10  12,7   0,0   0,0   1,4   5,0   11:30     W
22   6,5   7,3   12:07   5,8   00:00  11,8   0,0   0,0   0,5   5,0   11:52    SW
23   7,7   8,3   13:05   6,6   10:18  10,6   0,0   0,0   0,6  13,0   13:17   SSE
24   7,7   8,3   00:00   7,2   09:50  10,6   0,0   0,0   1,6   6,0   10:00    SE
25   7,2   7,2   00:00   7,2   00:00  11,1   0,0   0,0   2,0   3,0   00:00    SE
26   7,2   7,2   00:00   7,2   00:00  11,1   0,0   0,0   2,0   3,0   00:00    SE
27   9,1  13,1   15:55   2,8   08:26   9,2   0,0   0,0   0,9  13,0   11:55    SE
28   7,7  11,5   00:00   5,2   08:55  10,6   0,0   0,0   0,0   3,0   09:06     E
29   7,5  10,3   14:24   5,4   00:00  10,8   0,0   0,0   1,4  14,0   14:48   WSW
30   8,9  11,4   15:34   3,2   08:51   9,4   0,0   0,0   2,1  11,0   11:35   WNW
31   7,4   9,7   00:00   1,1   08:24  10,9   0,0   0,0   2,1  13,0   10:28    SE
----------------------------------------------------------------------------------
     6,9  13,2     6    -3,2    12   351,9   0,0   0,8   1,2  19,0     1       S

Max >=  10,0: 13
Max <=   5,0:  2
Min <=   0,0:  9
Min <=  -2,0:  3
Max Rain: 0,6 on day 20
Days of Rain: 2 (>= 0,2 mm)  0 (>= 2,0 mm)  0 (>= 20,0 mm)
Heat Base: 18,3  Cool Base: 18,3  Method: Integration