Weather Camera Radar Radar Radar Radar width= Satellite previsioni

NOAA-Style Climate Reports

Select a Year or Month report
2018: Gen Feb Mar Apr Mag Giu Lug Ago Set Ott Nov Dic
2017: Gen Feb Mar Apr Mag Giu Lug Ago Set Ott Nov Dic
2016: Gen Feb Mar Apr Mag Giu Lug Ago Set Ott Nov Dic
2015: Gen Feb Mar Apr Mag Giu Lug Ago Set Ott Nov Dic
2014: Gen Feb Mar Apr Mag Giu Lug Ago Set Ott Nov Dic
2013: Gen Feb Mar Apr Mag Giu Lug Ago Set Ott Nov Dic
2012: Gen Feb Mar Apr Mag Giu Lug Ago Set Ott Nov Dic
2011: Gen Feb Mar Apr Mag Giu Lug Ago Set Ott Nov Dic

Report for 2013 Novembre
                   Monthly Climatological Summary for nov 2013

Name: Galliate Meteo   City: Galliate (NO)   State: Italia
Elevation: 153 m  Lat: N 45° 28' 31"   Lon: E 008° 41' 43"

                  Temperature (°C), Rain (mm), Wind Speed (km/h)

                                      Heat  Cool        Avg
    Mean                              Deg   Deg         Wind                 Dom
Day Temp  High   Time   Low    Time   Days  Days  Rain  Speed High   Time    Dir
----------------------------------------------------------------------------------
 1  15,1  16,6   14:29   8,6   07:23   3,2   0,0   0,0   1,0   8,0   07:48     N
 2  15,6  16,3   13:53  13,1   08:50   2,7   0,0   0,0   0,7  13,0   09:32   NNE
 3  16,2  18,1   15:32  12,4   09:48   2,1   0,0   0,0   0,9  18,0   12:10    NW
 4  13,5  16,8   00:00   9,9   08:21   4,8   0,0   0,0   1,4  14,0   13:19     E
 5  13,4  16,6   14:51   6,6   07:37   4,9   0,0   0,0   1,7  18,0   13:14   SSW
 6  17,2  20,7   15:24  10,4   07:27   1,6   0,5   0,0   0,7  14,0   09:58    NW
 7  15,9  19,2   00:00   9,6   08:50   2,7   0,3   0,0   1,2  18,0   11:53    SE
 8  13,9  14,8   00:00  13,2   09:06   4,4   0,0   0,0   0,4   5,0   09:34   SSE
 9  14,5  16,7   15:26  12,9   08:54   3,8   0,0   0,0   0,6  11,0   10:26    SW
10  13,2  15,3   00:00   9,6   09:28   5,1   0,0   0,0   2,2  19,0   14:02     N
11  14,9  18,1   14:34  11,8   00:00   3,4   0,0   0,0   9,6  47,0   14:08     N
12  15,2  17,4   14:49   6,8   07:47   3,1   0,0   0,0   2,8  14,0   09:06     N
13  14,7  16,4   13:51   6,5   07:43   3,6   0,0   0,0   0,7  16,0   08:41   WNW
14  13,7  15,7   00:00  11,9   09:15   4,6   0,0   0,0   1,5  14,0   12:36    NE
15  10,1  12,3   00:00   7,2   12:43   8,2   0,0   1,8   4,3  27,0   13:09   NNE
16  11,0  14,7   14:41   7,7   00:00   7,3   0,0   0,0   3,9  18,0   15:42    NE
17  12,0  12,7   00:00   9,3   08:14   6,3   0,0   0,0   1,4  11,0   11:46   ESE
18  10,7  12,1   00:00   9,4   10:07   7,6   0,0   0,8   1,3  11,0   11:14   NNE
19  10,1  10,6   14:16   9,7   00:00   8,2   0,0   0,2   1,2  13,0   13:07   NNE
20  10,5  11,0   11:58   9,7   08:17   7,8   0,0   0,0   2,7  13,0   12:17     N
21   7,9  10,6   00:00   6,3   09:13  10,4   0,0   0,0   3,8   8,0   00:00     N
22   5,2   6,3   00:00   3,4   09:12  13,1   0,0   0,0   7,7  27,0   14:24     N
23   5,5   6,4   12:18   4,8   00:00  12,8   0,0   0,0   7,0  16,0   12:42   NNE
24   8,8  12,7   15:28   4,6   08:43   9,5   0,0   0,0   3,6  24,0   11:56    SW
25  11,4  13,2   11:37   9,3   08:06   6,9   0,0   0,0   6,1  34,0   10:24    NE
26   7,7  10,7   00:00   0,5   07:47  10,0   0,0   0,0   4,3  16,0   12:52   ESE
27   6,0   8,2   14:05  -1,2   08:40   8,1   0,0   0,0   2,2  14,0   14:20     W
28   5,7   7,4   14:19  -0,2   07:59  12,6   0,0   0,0   2,4  13,0   08:40   SSW
29   5,2   7,7   15:56  -1,6   08:00  13,1   0,0   0,0   1,7  10,0   13:11   SSW
30   4,1   5,8   00:00   1,4   10:49  14,2   0,0   0,8   2,1  16,0   13:59   NNE
----------------------------------------------------------------------------------
    11,3  20,7     6    -1,6    29   206,1   0,8   3,6   2,7  47,0    11     NNE

Max >=  10,0: 24
Max <=   5,0:  0
Min <=   0,0:  3
Min <=  -2,0:  0
Max Rain: 1,8 on day 15
Days of Rain: 4 (>= 0,2 mm)  0 (>= 2,0 mm)  0 (>= 20,0 mm)
Heat Base: 18,3  Cool Base: 18,3  Method: Integration