Weather Camera Radar Radar Radar Radar width= Satellite previsioni

NOAA-Style Climate Reports


Report for 2013 Ottobre
                   Monthly Climatological Summary for ott 2013

Name: Galliate Meteo   City: Galliate (NO)   State: Italia
Elevation: 153 m  Lat: N 45░ 28' 31"   Lon: E 008░ 41' 43"

                  Temperature (░C), Rain (mm), Wind Speed (km/h)

                                      Heat  Cool        Avg
    Mean                              Deg   Deg         Wind                 Dom
Day Temp  High   Time   Low    Time   Days  Days  Rain  Speed High   Time    Dir
----------------------------------------------------------------------------------
 1  17,5  19,4   17:00  15,7   08:56   0,9   0,2   0,0   1,7  13,0   15:04    NE
 2  18,6  20,4   14:41  16,3   09:07   0,2   0,5   0,0   1,9  16,0   10:15   NNE
 3  16,4  17,8   00:00  15,7   07:35   1,9   0,0   0,0   2,5  14,0   01:30   ENE
 4  16,0  16,6   15:14  13,6   08:57   2,3   0,0   0,0   1,9  14,0   11:44   ESE
 5  14,9  16,1   00:00  11,4   08:35   3,4   0,0   0,0   2,7  11,0   13:56   ESE
 6  15,1  16,4   15:58  12,0   08:29   3,2   0,0   1,4   2,0  14,0   14:42    NE
 7  15,6  16,9   14:16  14,4   17:52   2,7   0,0   3,6   2,4  19,0   12:02     E
 8  15,6  18,4   16:28  13,6   08:32   2,7   0,0   0,0   1,8  11,0   15:22   SSE
 9  16,7  18,7   15:02  12,4   08:44   1,6   0,0   0,0   2,1  16,0   14:54     S
10  13,9  17,4   17:00   8,0   22:33   4,4   0,0   3,0   7,4  61,0   21:57    NE
11  12,4  17,4   15:42   6,7   05:50   5,9   0,0   0,0   4,5  35,0   01:18    NE
12  11,9  15,4   00:00   8,4   10:51   6,4   0,0   1,6   4,1  35,0   04:44    NE
13  11,3  12,6   16:09   9,1   06:09   7,0   0,0   0,0   4,8  23,0   00:14     N
14  13,5  15,7   17:09   9,5   09:08   4,8   0,0   0,0   1,6  10,0   16:10     N
15  14,1  16,9   15:09   8,7   08:33   4,2   0,0   0,0   0,7  10,0   10:15     W
16  14,5  22,4   17:20   8,0   08:02   4,5   0,7   0,0   4,0  21,0   10:58   WNW
17  15,2  21,4   16:26  10,4   07:44   3,5   0,5   0,0   2,6  16,0   00:04   NNE
18  15,1  19,8   15:58   9,9   08:41   3,4   0,2   0,0   2,2  14,0   03:31   NNE
19  16,2  18,2   00:00  11,0   08:18   2,1   0,0   0,0   1,2  14,0   09:09    NE
20  15,3  15,9   00:00  13,4   09:45   3,0   0,0   0,0   0,7   8,0   10:14   NNE
21  15,0  15,6   14:17  12,6   09:29   3,3   0,0   0,0   0,9  14,0   10:05   NNE
22  14,9  15,2   15:37  14,3   10:13   3,4   0,0   0,0   0,4  10,0   14:37   NNE
23  15,5  16,2   15:17  14,8   00:00   2,8   0,0   0,6   3,2  14,0   11:04   ESE
24  16,7  17,9   17:30  15,7   10:28   1,6   0,0   0,0   2,9   8,0   11:24   ESE
25  18,1  19,8   16:55  17,8   00:00   0,3   0,1   0,0   0,4  11,0   17:07   SSW
26  18,2  20,1   15:33  15,1   10:36   0,4   0,3   0,0   1,1  11,0   12:50   SSW
27  17,1  18,0   15:24  16,6   00:00   1,3   0,0   0,0   0,2  13,0   15:25   ESE
28  19,0  21,0   13:29  15,7   08:38   0,3   1,0   0,0   1,0  21,0   13:40     S
29  18,7  19,9   00:00  16,4   08:49   0,2   0,6   0,0   2,4  13,0   11:59   ESE
30  17,6  19,1   14:15  15,3   08:46   0,7   0,0   0,0   3,4  19,0   11:08     E
31  16,4  17,9   15:47  13,7   09:15   1,9   0,0   0,0   2,4  19,0   11:55   NNE
----------------------------------------------------------------------------------
    15,7  22,4    16     6,7    11    84,3   4,1  10,2   2,3  61,0    10     ENE

Max >=  10,0: 31
Max <=   5,0:  0
Min <=   0,0:  0
Min <=  -2,0:  0
Max Rain: 3,6 on day 7
Days of Rain: 5 (>= 0,2 mm)  2 (>= 2,0 mm)  0 (>= 20,0 mm)
Heat Base: 18,3  Cool Base: 18,3  Method: Integration