Weather Camera Radar Radar Radar Radar width= Satellite previsioni

NOAA-Style Climate Reports


Report for 2013 Settembre
                   Monthly Climatological Summary for set 2013

Name: Galliate Meteo   City: Galliate (NO)   State: Italia
Elevation: 153 m  Lat: N 45░ 28' 31"   Lon: E 008░ 41' 43"

                  Temperature (░C), Rain (mm), Wind Speed (km/h)

                                      Heat  Cool        Avg
    Mean                              Deg   Deg         Wind                 Dom
Day Temp  High   Time   Low    Time   Days  Days  Rain  Speed High   Time    Dir
----------------------------------------------------------------------------------
 1  23,5  28,0   17:29  19,1   02:36   0,0   5,2   0,0   4,8  23,0   14:53    SE
 2  22,8  26,7   16:29  18,8   07:37   0,0   4,5   0,0   4,7  24,0   12:23     S
 3  23,3  29,8   17:10  17,1   07:30   0,1   5,1   0,0   3,0  19,0   13:59   SSW
 4  23,9  28,8   16:50  18,9   06:55   0,0   5,6   0,0   3,5  21,0   15:52    SE
 5  24,2  29,0   16:57  19,4   06:05   0,0   5,9   0,0   2,7  19,0   14:44   SSE
 6  24,5  29,4   16:55  19,7   06:56   0,0   6,2   0,0   3,4  21,0   14:41   ESE
 7  24,6  29,3   16:35  19,7   06:13   0,0   6,3   0,0   3,2  21,0   14:53   SSE
 8  23,7  26,9   15:57  20,8   06:20   0,0   5,4   0,0   6,3  35,0   14:16   SSE
 9  23,0  28,4   15:34  17,7   06:36   0,0   4,1   0,0   5,2  23,0   17:46    NW
10  21,9  25,2   14:38   0,0   00:00   0,1   2,5   1,0   3,8  26,0   23:46   SSW
11  18,9  24,3   15:39  14,2   06:07   1,1   1,7   0,0   3,1  19,0   14:10   ESE
12  18,7  23,7   17:47  12,2   06:56   1,6   2,0   0,0   3,1  19,0   14:42    SW
13  21,8  25,3   14:28  13,4   07:34   0,2   3,7   0,0   3,4  23,0   15:38     W
14  19,4  24,2   16:14  13,1   06:39   1,3   2,3   0,0   3,9  23,0   17:34     S
15  18,3  21,5   00:00  15,8   13:07   1,2   1,2   7,2   4,2  21,0   12:03     N
16  17,9  21,4   14:56  12,0   07:37   1,3   0,9   0,0   3,0  16,0   17:00    NW
17  19,9  23,3   16:12  14,5   23:59   0,4   2,0   0,0   3,2  29,0   12:05     N
18  16,6  20,7   13:30  11,6   05:36   2,3   0,6   0,0   4,4  19,0   03:14   ENE
19  20,5  26,1   16:02  12,1   07:36   0,5   2,7   0,0   2,8  19,0   16:11   WSW
20  21,3  23,5   15:47  15,3   07:52   0,2   3,2   0,0   2,7  18,0   16:59    SW
21  21,5  25,4   16:29  13,8   07:35   0,3   3,5   0,0   1,3  14,0   14:31   ESE
22  19,6  24,2   15:37  15,8   06:07   0,7   2,0   0,0   3,2  16,0   13:52   NNE
23  19,5  25,1   15:56  14,8   07:15   1,0   2,3   0,0   2,5  16,0   13:29   WNW
24  19,4  25,4   16:57  14,9   06:33   1,0   2,0   0,0   3,0  21,0   18:14     S
25  18,9  23,9   16:34  14,1   08:00   0,9   1,5   0,0   2,6  21,0   14:47     S
26  19,5  24,7   15:31  14,4   07:22   1,0   2,2   0,0   2,4  18,0   11:56    SW
27  20,1  24,8   16:51  15,7   05:55   0,5   2,3   0,0   1,7  18,0   20:54    SW
28  21,4  24,8   16:33  19,2   06:10   0,0   3,1   0,0   0,9  13,0   14:16     S
29  18,2  20,7   00:00  16,6   23:37   0,5   0,5  10,0   5,2  21,0   02:18     N
30  16,0  16,7   00:25  14,4   09:35   2,3   0,0   0,4   3,8  19,0   09:40     E
----------------------------------------------------------------------------------
    20,8  29,8     3     0,0    10    18,5  90,5  18,6   3,4  35,0     8     SSE

Max >=  10,0: 30
Max <=   5,0:  0
Min <=   0,0:  1
Min <=  -2,0:  0
Max Rain: 10,0 on day 29
Days of Rain: 4 (>= 0,2 mm)  2 (>= 2,0 mm)  0 (>= 20,0 mm)
Heat Base: 18,3  Cool Base: 18,3  Method: Integration