Weather Camera Radar Radar Radar Radar width= Satellite previsioni

NOAA-Style Climate Reports

Select a Year or Month report
2018: Gen Feb Mar Apr Mag Giu Lug Ago Set Ott Nov Dic
2017: Gen Feb Mar Apr Mag Giu Lug Ago Set Ott Nov Dic
2016: Gen Feb Mar Apr Mag Giu Lug Ago Set Ott Nov Dic
2015: Gen Feb Mar Apr Mag Giu Lug Ago Set Ott Nov Dic
2014: Gen Feb Mar Apr Mag Giu Lug Ago Set Ott Nov Dic
2013: Gen Feb Mar Apr Mag Giu Lug Ago Set Ott Nov Dic
2012: Gen Feb Mar Apr Mag Giu Lug Ago Set Ott Nov Dic
2011: Gen Feb Mar Apr Mag Giu Lug Ago Set Ott Nov Dic

Report for 2013 Agosto
                   Monthly Climatological Summary for ago 2013

Name: Galliate Meteo   City: Galliate (NO)   State: Italia
Elevation: 153 m  Lat: N 45░ 28' 31"   Lon: E 008░ 41' 43"

                  Temperature (░C), Rain (mm), Wind Speed (km/h)

                                      Heat  Cool        Avg
    Mean                              Deg   Deg         Wind                 Dom
Day Temp  High   Time   Low    Time   Days  Days  Rain  Speed High   Time    Dir
----------------------------------------------------------------------------------
 1  26,7  31,4   17:05  20,9   06:13   0,0   8,4   0,0   4,6  24,0   13:46    NE
 2  27,5  33,0   18:42  21,3   05:13   0,0   9,2   0,0   4,5  21,0   13:50   SSW
 3  28,2  34,1   16:29  22,7   06:34   0,0   9,9   0,0   4,5  19,0   14:12   NNW
 4  27,8  32,9   16:40  20,9   06:53   0,0   9,5   0,0   4,9  21,0   13:25    SW
 5  28,3  33,3   15:42  22,6   06:19   0,0  10,0   0,0   3,6  19,0   12:45   SSE
 6  28,9  33,2   18:37  24,0   06:33   0,0  10,6   0,0   3,4  21,0   16:03     S
 7  26,8  30,2   18:40  23,3   06:11   0,0   8,5   0,0   3,8  18,0   09:03   NNE
 8  22,9  24,4   00:00  19,9   23:55   0,0   4,6   4,4   6,1  29,0   16:50     N
 9  23,6  29,7   18:37  17,0   06:19   0,1   5,4   0,0   6,1  29,0   02:31     W
10  25,9  30,4   12:25  19,9   07:11   0,0   7,6   0,0   6,5  26,0   02:08   NNW
11  24,9  29,8   14:19  20,1   05:03   0,0   6,6   0,0   5,1  19,0   12:49   NNE
12  25,3  30,7   16:42  19,7   06:42   0,0   7,0   0,0   4,3  19,0   14:21   NNE
13  25,8  31,3   18:17  20,3   07:03   0,0   7,5   0,0   4,4  23,0   22:04   SSW
14  22,3  24,1   00:07  20,2   23:56   0,0   4,0   0,4   7,0  34,0   15:04   ESE
15  23,1  27,2   16:23  19,5   07:11   0,0   4,8   0,0   3,5  24,0   13:13     S
16  23,2  28,0   16:04  18,1   06:31   0,0   4,9   0,0   4,1  19,0   13:11    SW
17  24,2  29,4   18:28  19,0   06:39   0,0   5,9   0,0   3,5  23,0   14:25     S
18  25,1  30,4   17:18  19,6   05:26   0,0   6,8   0,0   4,1  19,0   12:48     S
19  24,0  28,1   15:11  20,2   07:16   0,0   5,7   0,0   2,8  26,0   21:38   SSW
20  23,8  29,8   14:46  19,5   07:33   0,0   5,5   0,0   6,2  34,0   15:17   ESE
21  22,7  27,4   14:59  16,7   05:52   0,2   4,5   0,0   4,7  23,0   16:36   WSW
22  23,0  27,9   17:15  17,6   06:20   0,1   4,8   0,0   4,5  18,0   06:27   NNE
23  24,0  29,0   17:52  19,1   06:41   0,0   5,7   0,0   3,9  19,0   14:54   SSE
24  22,4  28,1   15:35  18,5   23:56   0,0   4,1   1,8   4,7  29,0   17:45    NE
25  20,9  26,4   17:20  16,7   06:40   0,2   2,8   0,0   3,6  26,0   17:56     N
26  19,8  24,7   16:33  16,7   07:24   0,4   1,9   0,8   5,1  29,0   22:11   SSE
27  19,5  23,8   16:36  16,3   03:08   0,7   1,9   0,0   3,2  19,0   00:08   SSW
28  21,1  27,9   17:13  14,6   06:49   0,8   3,6   0,0   3,4  23,0   15:00   WSW
29  21,8  26,4   17:11  18,0   06:17   0,0   3,5   0,0   3,8  21,0   02:57   NNE
30  22,6  26,9   15:11  18,7   07:32   0,0   4,3   0,0   3,4  18,0   09:36   ESE
31  22,6  27,4   16:11  17,7   07:36   0,0   4,4   0,0   3,2  18,0   14:25   SSE
----------------------------------------------------------------------------------
    24,2  34,1     3    14,6    28     2,5 183,9   7,4   4,4  34,0    14     SSE

Max >=  10,0: 31
Max <=   5,0:  0
Min <=   0,0:  0
Min <=  -2,0:  0
Max Rain: 4,4 on day 8
Days of Rain: 4 (>= 0,2 mm)  1 (>= 2,0 mm)  0 (>= 20,0 mm)
Heat Base: 18,3  Cool Base: 18,3  Method: Integration