Weather Camera Radar Radar Radar Radar width= Satellite previsioni

NOAA-Style Climate Reports

Select a Year or Month report
2018: Gen Feb Mar Apr Mag Giu Lug Ago Set Ott Nov Dic
2017: Gen Feb Mar Apr Mag Giu Lug Ago Set Ott Nov Dic
2016: Gen Feb Mar Apr Mag Giu Lug Ago Set Ott Nov Dic
2015: Gen Feb Mar Apr Mag Giu Lug Ago Set Ott Nov Dic
2014: Gen Feb Mar Apr Mag Giu Lug Ago Set Ott Nov Dic
2013: Gen Feb Mar Apr Mag Giu Lug Ago Set Ott Nov Dic
2012: Gen Feb Mar Apr Mag Giu Lug Ago Set Ott Nov Dic
2011: Gen Feb Mar Apr Mag Giu Lug Ago Set Ott Nov Dic

Report for 2013 Luglio
                   Monthly Climatological Summary for lug 2013

Name: Galliate Meteo   City: Galliate (NO)   State: Italia
Elevation: 153 m  Lat: N 45° 28' 31"   Lon: E 008° 41' 43"

                  Temperature (°C), Rain (mm), Wind Speed (km/h)

                                      Heat  Cool        Avg
    Mean                              Deg   Deg         Wind                 Dom
Day Temp  High   Time   Low    Time   Days  Days  Rain  Speed High   Time    Dir
----------------------------------------------------------------------------------
 1  23,2  28,6   15:02  16,8   06:00   0,2   5,1   0,0   3,4  21,0   16:00   SSE
 2  23,5  28,8   17:48  18,3   06:14   0,0   5,2   0,0   3,1  19,0   14:58     S
 3  21,5  24,6   15:49  18,6   06:02   0,0   3,2   0,0   2,8  19,0   17:51   NNE
 4  23,4  29,0   18:25  16,3   05:20   0,3   5,4   0,0   3,3  21,0   13:34   SSW
 5  26,3  31,6   17:26  20,4   05:26   0,0   8,0   0,0   3,8  21,0   14:27   SSW
 6  26,9  30,9   17:26  22,3   03:20   0,0   8,6   0,0   4,2  23,0   11:37   ESE
 7  26,4  30,7   17:51  22,4   06:49   0,0   8,1   0,0   4,3  26,0   18:15     E
 8  24,6  30,2   16:06  20,8   06:24   0,0   6,3   0,0   6,9  27,0   18:19     N
 9  25,4  30,2   16:15  20,7   06:09   0,0   7,1   0,0   5,8  21,0   00:33   NNW
10  25,3  30,0   16:57  20,1   23:43   0,0   7,0   0,6   5,8  29,0   20:20    NE
11  25,0  31,2   17:51  18,6   06:00   0,0   6,7   0,2   5,4  24,0   00:05    SW
12  24,9  28,7   17:00  20,6   05:19   0,0   6,6   0,0   4,2  34,0   04:00    SE
13  25,2  28,8   17:13  21,2   06:29   0,0   6,9   0,0   3,8  24,0   03:48   SSE
14  23,9  28,6   17:37  17,6   01:58   0,2   5,4   5,6   5,1  55,0   01:09   SSE
15  25,7  31,0   17:00  20,4   05:09   0,0   7,4   0,0   4,5  21,0   15:22     S
16  26,3  30,8   16:20  21,0   06:10   0,0   8,0   0,0   3,9  23,0   14:16   ESE
17  24,9  29,2   16:49  20,6   12:17   0,0   6,6   0,2   4,6  26,0   10:48     N
18  22,7  25,9   17:21  20,6   23:56   0,0   4,4   0,4   6,8  34,0   12:10    NW
19  24,3  29,4   16:54  18,3   05:50   0,0   6,0   0,0   3,9  21,0   14:40   WSW
20  25,9  31,3   17:07  20,3   06:07   0,0   7,7   0,0   4,4  19,0   08:14    NW
21  26,3  30,3   17:25  20,6   05:59   0,0   8,0   0,0   4,7  24,0   14:32   ESE
22  27,2  31,4   18:36  22,3   06:12   0,0   8,9   0,0   4,5  26,0   23:41   SSE
23  26,5  31,6   15:33  20,4   01:44   0,0   7,9   5,0   5,1  39,0   01:22    NE
24  25,9  31,8   17:11  21,7   06:35   0,0   7,6   0,0   5,6  27,0   00:25    SW
25  26,8  31,9   19:33  21,3   05:47   0,0   8,5   0,0   4,5  23,0   14:02   SSW
26  27,0  32,1   17:04  22,3   06:42   0,0   8,7   0,0   2,1  21,0   15:25   SSW
27  28,5  33,6   18:21  23,2   04:40   0,0  10,2   0,0   3,9  19,0   14:45   SSW
28  28,7  33,3   17:24  23,6   06:56   0,0  10,4   0,0   3,3  23,0   17:26     S
29  23,2  27,6   14:51  18,2   23:49   0,0   4,9   3,6   5,5  74,0   09:40   NNE
30  23,6  30,6   15:01  15,7   06:00   0,4   5,7   0,0   5,7  26,0   13:50     W
31  25,3  30,0   17:03  19,4   06:13   0,0   7,0   0,0   4,0  19,0   14:02   SSE
----------------------------------------------------------------------------------
    25,3  33,6    27    15,7    30     1,1 217,5  15,6   4,5  74,0    29       S

Max >=  10,0: 31
Max <=   5,0:  0
Min <=   0,0:  0
Min <=  -2,0:  0
Max Rain: 5,6 on day 14
Days of Rain: 7 (>= 0,2 mm)  3 (>= 2,0 mm)  0 (>= 20,0 mm)
Heat Base: 18,3  Cool Base: 18,3  Method: Integration