Weather Camera Radar Radar Radar Radar width= Satellite previsioni

NOAA-Style Climate Reports

Select a Year or Month report
2018: Gen Feb Mar Apr Mag Giu Lug Ago Set Ott Nov Dic
2017: Gen Feb Mar Apr Mag Giu Lug Ago Set Ott Nov Dic
2016: Gen Feb Mar Apr Mag Giu Lug Ago Set Ott Nov Dic
2015: Gen Feb Mar Apr Mag Giu Lug Ago Set Ott Nov Dic
2014: Gen Feb Mar Apr Mag Giu Lug Ago Set Ott Nov Dic
2013: Gen Feb Mar Apr Mag Giu Lug Ago Set Ott Nov Dic
2012: Gen Feb Mar Apr Mag Giu Lug Ago Set Ott Nov Dic
2011: Gen Feb Mar Apr Mag Giu Lug Ago Set Ott Nov Dic

Report for 2013 Giugnio
                   Monthly Climatological Summary for giu 2013

Name: Galliate Meteo   City: Galliate (NO)   State: Italia
Elevation: 153 m  Lat: N 45° 28' 31"   Lon: E 008° 41' 43"

                  Temperature (°C), Rain (mm), Wind Speed (km/h)

                                      Heat  Cool        Avg
    Mean                              Deg   Deg         Wind                 Dom
Day Temp  High   Time   Low    Time   Days  Days  Rain  Speed High   Time    Dir
----------------------------------------------------------------------------------
 1  17,4  23,0   18:27  12,3   05:07   1,9   1,0   0,0   3,4  19,0   09:15   SSE
 2  21,7  28,7   15:30  14,1   05:57   1,0   4,4   0,0   9,6  40,0   17:51     N
 3  19,9  23,6   18:04  15,8   05:36   0,4   2,0   0,0   5,0  21,0   12:39    SE
 4  20,5  25,6   17:35  14,4   06:08   0,8   3,0   0,0   3,9  21,0   16:21   SSW
 5  21,4  26,1   17:12  17,0   04:36   0,2   3,3   0,0   3,9  26,0   16:51   SSE
 6  21,3  25,2   18:01  16,8   05:50   0,2   3,2   0,0   3,7  21,0   15:39   SSE
 7  22,2  26,3   15:54  17,8   07:05   0,0   3,9   0,0   3,3  23,0   15:22     S
 8  22,2  27,2   14:46  16,9   05:39   0,1   4,1   0,0   5,4  27,0   15:12   SSE
 9  18,6  21,7   15:25  14,4   21:54   0,9   1,1   7,0   3,4  31,0   16:35     N
10  17,9  22,7   17:22  13,6   06:08   1,6   1,3   0,2   4,1  23,0   13:39   SSW
11  21,6  28,4   17:48  14,7   05:53   0,8   4,1   0,0   4,1  29,0   18:18   SSW
12  23,6  28,8   16:58  16,9   06:24   0,1   5,4   0,0   3,2  21,0   13:32   WSW
13  24,2  28,9   17:55  18,1   06:00   0,0   5,9   0,0   3,8  19,0   10:18    SE
14  24,8  29,2   15:37  20,5   05:06   0,0   6,5   0,0   3,3  23,0   16:08     S
15  23,9  29,0   18:00  19,8   05:44   0,0   5,6   0,0   5,0  26,0   18:31     S
16  24,5  29,5   18:42  19,3   05:38   0,0   6,2   0,0   3,9  24,0   14:25     S
17  26,8  31,3   17:21  21,1   06:51   0,0   8,5   0,0   2,8  21,0   15:54     S
18  28,4  33,3   17:00  22,7   05:01   0,0  10,1   0,0   4,2  18,0   10:34   SSE
19  28,3  33,3   18:55  23,3   05:48   0,0  10,0   0,0   4,1  19,0   15:27     N
20  24,6  29,1   13:52  19,8   23:58   0,0   6,3   0,6   5,6  47,0   13:56    NW
21  22,7  27,5   17:13  18,7   05:52   0,0   4,4   0,0   5,4  24,0   14:16     S
22  22,9  28,3   17:31  18,6   05:58   0,0   4,6   0,0   5,1  27,0   20:43    SW
23  22,2  27,0   16:29  18,3   06:43   0,0   3,9   0,0   6,1  32,0   23:17     S
24  22,4  27,3   14:01  16,3   05:45   0,2   4,3   0,0   9,8  42,0   19:17     N
25  22,5  27,4   16:27  17,2   05:51   0,1   4,3   0,0  10,4  39,0   09:55   NNW
26  22,1  25,8   17:56  18,0   07:02   0,0   3,8   0,0   5,1  29,0   00:18     E
27  17,9  22,3   14:34  14,1   23:53   1,1   0,7   8,8   5,5  43,0   15:57    NE
28  16,9  21,1   18:04  12,9   06:53   2,1   0,7   0,0   3,2  23,0   13:51     S
29  18,2  22,5   18:34  13,4   05:47   1,3   1,1   0,0   2,1  14,0   13:35   SSW
30  21,8  28,1   19:38  14,4   06:54   0,8   4,4   0,0   3,5  19,0   15:55   SSW
----------------------------------------------------------------------------------
    22,1  33,3    18    12,3     1    13,6 128,1  16,6   4,7  47,0    20       S

Max >=  10,0: 30
Max <=   5,0:  0
Min <=   0,0:  0
Min <=  -2,0:  0
Max Rain: 8,8 on day 27
Days of Rain: 4 (>= 0,2 mm)  2 (>= 2,0 mm)  0 (>= 20,0 mm)
Heat Base: 18,3  Cool Base: 18,3  Method: Integration