Weather Camera Radar Radar Radar Radar width= Satellite previsioni

NOAA-Style Climate Reports

Select a Year or Month report
2018: Gen Feb Mar Apr Mag Giu Lug Ago Set Ott Nov Dic
2017: Gen Feb Mar Apr Mag Giu Lug Ago Set Ott Nov Dic
2016: Gen Feb Mar Apr Mag Giu Lug Ago Set Ott Nov Dic
2015: Gen Feb Mar Apr Mag Giu Lug Ago Set Ott Nov Dic
2014: Gen Feb Mar Apr Mag Giu Lug Ago Set Ott Nov Dic
2013: Gen Feb Mar Apr Mag Giu Lug Ago Set Ott Nov Dic
2012: Gen Feb Mar Apr Mag Giu Lug Ago Set Ott Nov Dic
2011: Gen Feb Mar Apr Mag Giu Lug Ago Set Ott Nov Dic

Report for 2013 Maggio
                   Monthly Climatological Summary for mag 2013

Name: Galliate Meteo   City: Galliate (NO)   State: Italia
Elevation: 153 m  Lat: N 45° 28' 31"   Lon: E 008° 41' 43"

                  Temperature (°C), Rain (mm), Wind Speed (km/h)

                                      Heat  Cool        Avg
    Mean                              Deg   Deg         Wind                 Dom
Day Temp  High   Time   Low    Time   Days  Days  Rain  Speed High   Time    Dir
----------------------------------------------------------------------------------
 1  18,5  23,3   13:56  14,4   05:45   1,4   1,6   0,6   6,0  23,0   04:06   NNE
 2  18,9  24,2   17:59  14,6   05:30   1,3   1,9   0,0   6,5  37,0   18:53     W
 3  17,4  22,1   17:00  12,8   05:28   1,6   0,7   0,0   3,5  27,0   15:33     S
 4  17,8  23,9   18:03  11,9   05:36   2,0   1,5   0,0   3,7  18,0   12:19    NE
 5  17,3  23,9   12:19  13,6   05:48   1,9   1,0   6,2   7,1  45,0   19:44   ENE
 6  16,4  21,3   19:04  13,7   06:09   2,2   0,4   2,2   2,8  16,0   18:03   NNW
 7  17,4  23,3   17:31  12,5   06:21   2,0   1,1   8,0   3,9  26,0   19:14     S
 8  18,3  24,1   17:17  12,5   05:40   1,8   1,8   0,2   2,6  18,0   13:14     S
 9  20,5  24,9   16:46  15,6   04:50   0,5   2,7   0,0   3,3  16,0   12:23   SSE
10  17,8  20,8   00:00  14,7   11:23   1,1   0,6   5,2   3,6  21,0   15:05   NNE
11  18,5  23,8   17:01  12,4   06:40   1,5   1,7   0,0   4,5  23,0   15:46     S
12  18,8  23,6   18:05  13,1   05:27   1,2   1,7   0,0   6,5  42,0   22:37    NW
13  17,9  21,9   17:11  11,8   06:01   1,5   1,1   0,0   5,0  39,0   00:40     S
14  17,9  23,0   17:23  11,6   06:22   1,6   1,3   0,8   4,8  26,0   20:50   SSE
15  15,3  18,8   12:22  13,2   23:26   3,0   0,0   0,2   7,1  32,0   15:05     N
16  11,8  13,3   00:00  10,9   10:15   6,6   0,0  31,8  10,2  29,0   13:45     N
17  15,4  19,3   15:39  12,1   01:01   3,0   0,1   4,6  10,1  42,0   17:12    SE
18  13,8  18,1   12:33  11,3   05:45   4,5   0,0  11,8   5,3  26,0   15:22   NNE
19  14,4  19,5   15:53  11,8   05:55   4,0   0,1  10,8   8,0  34,0   03:27    SE
20  14,7  19,3   15:47  11,2   03:48   3,7   0,1   1,2   7,4  39,0   18:24   SSE
21  13,9  19,1   15:23  11,3   23:55   4,4   0,0   1,0   6,4  31,0   16:50   NNE
22  15,2  21,0   15:35   8,9   05:19   3,5   0,5   0,0   5,1  23,0   17:27   NNW
23  18,1  22,7   16:19  13,7   06:35   1,4   1,2   0,0   7,1  35,0   17:23   NNE
24  12,8  16,0   00:00   9,4   06:24   5,5   0,0   2,2   8,7  51,0   05:41    NE
25  10,5  12,6   18:06   8,8   12:32   7,8   0,0   2,4   3,9  35,0   11:16     S
26  14,8  20,6   17:43   9,6   00:00   4,0   0,4   0,0   6,4  35,0   19:32   SSW
27  15,6  20,9   16:48   9,0   05:42   3,2   0,5   0,0   7,5  34,0   14:26   SSW
28  16,1  19,3   16:55  13,4   06:19   2,3   0,1   0,2   5,2  27,0   14:44   SSE
29  14,1  19,0   15:19   9,9   08:16   4,2   0,0   4,2   6,9  32,0   00:44     N
30  14,9  20,5   15:24  10,2   03:39   3,7   0,3   1,6   4,8  32,0   15:27   WSW
31  15,6  22,5   16:05   9,6   06:36   3,5   0,7   0,0   5,4  35,0   19:14   SSW
----------------------------------------------------------------------------------
    16,1  24,9     9     8,8    25    89,9  23,1  95,2   5,8  51,0    24     ESE

Max >=  10,0: 31
Max <=   5,0:  0
Min <=   0,0:  0
Min <=  -2,0:  0
Max Rain: 31,8 on day 16
Days of Rain: 19 (>= 0,2 mm)  11 (>= 2,0 mm)  1 (>= 20,0 mm)
Heat Base: 18,3  Cool Base: 18,3  Method: Integration