Weather Camera Radar Radar Radar Radar width= Satellite previsioni

NOAA-Style Climate Reports

Select a Year or Month report
2018: Gen Feb Mar Apr Mag Giu Lug Ago Set Ott Nov Dic
2017: Gen Feb Mar Apr Mag Giu Lug Ago Set Ott Nov Dic
2016: Gen Feb Mar Apr Mag Giu Lug Ago Set Ott Nov Dic
2015: Gen Feb Mar Apr Mag Giu Lug Ago Set Ott Nov Dic
2014: Gen Feb Mar Apr Mag Giu Lug Ago Set Ott Nov Dic
2013: Gen Feb Mar Apr Mag Giu Lug Ago Set Ott Nov Dic
2012: Gen Feb Mar Apr Mag Giu Lug Ago Set Ott Nov Dic
2011: Gen Feb Mar Apr Mag Giu Lug Ago Set Ott Nov Dic

Report for 2013 Aprile
                   Monthly Climatological Summary for apr 2013

Name: Galliate Meteo   City: Galliate (NO)   State: Italia
Elevation: 153 m  Lat: N 45° 28' 31"   Lon: E 008° 41' 43"

                  Temperature (°C), Rain (mm), Wind Speed (km/h)

                                      Heat  Cool        Avg
    Mean                              Deg   Deg         Wind                 Dom
Day Temp  High   Time   Low    Time   Days  Days  Rain  Speed High   Time    Dir
----------------------------------------------------------------------------------
 1   7,5   8,7   11:42   5,9   07:20  10,8   0,0   0,0   5,1  19,0   12:53    NE
 2   9,8  14,1   17:31   6,7   06:55   8,5   0,0   0,0   5,0  24,0   17:58   SSW
 3  10,8  15,8   18:45   5,9   07:04   7,5   0,0   0,0   3,4  21,0   14:36    SE
 4   9,8  12,4   13:23   7,8   22:54   8,5   0,0   3,0   4,5  31,0   21:49     E
 5   8,5  10,1   16:00   6,8   05:42   9,8   0,0   8,0   4,6  18,0   01:56     W
 6  10,6  14,6   16:59   7,1   07:46   7,7   0,0   0,0   2,0  19,0   12:35   SSE
 7  11,2  14,8   16:25   9,1   10:32   7,1   0,0   0,0   4,3  24,0   15:29   ESE
 8   7,3  10,7   00:00   5,7   18:02  11,0   0,0   2,6   5,0  26,0   12:44   ENE
 9   7,6  10,7   14:44   5,8   03:01  10,7   0,0   0,0   3,1  19,0   15:05   SSE
10  10,4  16,2   16:51   3,6   07:11   7,9   0,0   0,0   3,0  23,0   12:43   SSW
11  11,4  14,9   15:30   9,6   04:49   6,9   0,0   3,6   2,1  16,0   13:42    NE
12  13,4  18,2   18:08  10,3   08:43   4,9   0,0   6,6   4,0  21,0   17:05    SE
13  15,0  20,9   18:01   8,9   07:18   3,8   0,5   0,0   3,3  19,0   14:32     S
14  16,5  22,4   17:27  10,3   06:44   2,8   0,9   0,0   3,0  18,0   10:39    SE
15  17,9  23,4   17:42  11,9   06:08   1,9   1,6   0,0   3,5  23,0   14:58    SE
16  18,9  22,8   16:53  15,6   05:35   0,8   1,5   0,0   3,2  19,0   13:11   ESE
17  19,7  24,4   18:05  14,7   06:57   0,9   2,3   0,0   2,6  18,0   11:46    SE
18  20,2  25,3   15:53  14,6   07:09   0,9   2,8   0,0   3,5  18,0   17:14   SSE
19  18,1  24,4   13:53  10,8   23:32   1,6   1,4   0,4   6,1  47,0   23:17   NNE
20   9,6  11,7   00:55   8,4   11:48   8,7   0,0  12,6  13,5  43,0   02:14     N
21  11,6  17,1   15:36   9,2   00:02   6,7   0,0   9,0   8,4  35,0   15:44     N
22  12,6  14,5   16:41  10,7   06:45   5,7   0,0   1,0   4,0  26,0   15:15   ESE
23  15,1  19,9   17:25  11,4   00:07   3,4   0,2   0,0   4,4  23,0   11:15   SSE
24  16,5  21,1   16:59  11,3   06:33   2,5   0,7   0,2   4,6  19,0   15:02   ESE
25  17,8  23,4   16:18  11,7   06:32   2,1   1,6   0,0   3,4  19,0   13:58   SSE
26  16,2  18,4   16:36  14,4   23:55   2,1   0,0   2,0   3,7  24,0   13:17     N
27  14,6  16,4   11:28  13,4   02:33   3,7   0,0   2,2  11,9  45,0   17:24   ESE
28  15,1  18,4   13:09  12,8   23:54   3,2   0,0   7,0   7,3  24,0   12:55     E
29  13,5  15,2   18:32  12,3   05:45   4,8   0,0  15,8   6,9  23,0   00:03     N
30  15,6  19,3   17:08  13,7   00:00   2,7   0,1   2,0   6,6  19,0   02:29     N
----------------------------------------------------------------------------------
    13,4  25,3    18     3,6    10   159,6  13,6  76,0   4,9  47,0    19       E

Max >=  10,0: 29
Max <=   5,0:  0
Min <=   0,0:  0
Min <=  -2,0:  0
Max Rain: 15,8 on day 29
Days of Rain: 15 (>= 0,2 mm)  12 (>= 2,0 mm)  0 (>= 20,0 mm)
Heat Base: 18,3  Cool Base: 18,3  Method: Integration