Weather Camera Radar Radar Radar Radar width= Satellite previsioni

NOAA-Style Climate Reports

Select a Year or Month report
2018: Gen Feb Mar Apr Mag Giu Lug Ago Set Ott Nov Dic
2017: Gen Feb Mar Apr Mag Giu Lug Ago Set Ott Nov Dic
2016: Gen Feb Mar Apr Mag Giu Lug Ago Set Ott Nov Dic
2015: Gen Feb Mar Apr Mag Giu Lug Ago Set Ott Nov Dic
2014: Gen Feb Mar Apr Mag Giu Lug Ago Set Ott Nov Dic
2013: Gen Feb Mar Apr Mag Giu Lug Ago Set Ott Nov Dic
2012: Gen Feb Mar Apr Mag Giu Lug Ago Set Ott Nov Dic
2011: Gen Feb Mar Apr Mag Giu Lug Ago Set Ott Nov Dic

Report for 2013 Marzo
                   Monthly Climatological Summary for mar 2013

Name: Galliate Meteo   City: Galliate (NO)   State: Italia
Elevation: 153 m  Lat: N 45° 28' 31"   Lon: E 008° 41' 43"

                  Temperature (°C), Rain (mm), Wind Speed (km/h)

                                      Heat  Cool        Avg
    Mean                              Deg   Deg         Wind                 Dom
Day Temp  High   Time   Low    Time   Days  Days  Rain  Speed High   Time    Dir
----------------------------------------------------------------------------------
 1   8,0  13,2   14:07   2,7   08:01  10,3   0,0   0,0   2,5  18,0   14:36     N
 2   8,0  12,1   16:02   4,9   23:51  10,3   0,0   0,0   2,6  14,0   04:00     N
 3   7,2  12,6   15:28   2,3   05:01  11,1   0,0   0,0   1,8  18,0   14:37   SSW
 4   8,3  14,5   15:30   2,8   07:28  10,0   0,0   0,0   2,7  18,0   15:38    NE
 5   7,7  11,4   12:44   4,6   06:50  10,6   0,0   0,0   4,5  19,0   12:46    NE
 6   6,8   8,7   00:28   5,6   08:32  11,5   0,0   9,8   7,3  27,0   12:37     N
 7   8,1   9,4   13:52   6,9   05:13  10,2   0,0  11,0   2,4  18,0   00:26     N
 8   9,2  10,4   16:14   8,4   04:52   9,1   0,0   7,8   1,5  11,0   18:25   WNW
 9   7,8  11,9   14:38   3,8   06:42  10,5   0,0   2,2   1,8  16,0   17:04    NW
10   8,4  12,6   15:58   5,3   23:39   9,9   0,0   0,2   3,2  19,0   14:29   SSW
11   8,4  13,6   15:59   3,7   04:45   9,9   0,0   0,2   2,8  16,0   12:16   SSE
12   8,9  11,8   15:12   7,2   23:46   9,4   0,0   6,0   3,3  18,0   04:23    NE
13   8,2  11,9   16:30   6,4   02:03  10,1   0,0   1,0   2,9  21,0   16:03   ENE
14   7,5  11,7   13:54   3,8   04:59  10,8   0,0   0,0  15,9  55,0   20:30     N
15   6,2  10,0   15:04   3,3   06:33  12,1   0,0   0,0  15,0  47,0   09:25     N
16   5,2   9,6   16:47  -0,3   07:10  13,1   0,0   0,0   4,3  26,0   10:54   ESE
17   2,2   6,4   00:00   0,8   17:46  16,1   0,0  12,4   5,6  19,0   02:23   NNE
18   2,8   5,2   18:01   1,1   00:00  15,2   0,0  16,2   4,4  19,0   01:07    NW
19   7,3  15,1   15:52   0,8   05:30  10,9   0,0   0,0   3,5  21,0   17:36   SSW
20   6,6   8,1   12:28   4,1   23:56  11,7   0,0   1,6   4,1  19,0   09:51   ENE
21   9,4  16,3   16:50   1,7   03:52   8,8   0,0   0,2   4,0  26,0   13:46   WSW
22  10,0  14,8   15:22   3,6   06:49   8,2   0,0   0,0   3,6  19,0   12:17    SE
23   9,5  12,4   15:08   6,1   07:03   8,8   0,0   1,4   2,8  18,0   10:21    NE
24   7,4   8,9   00:53   5,7   22:31  10,8   0,0  34,8   3,7  21,0   13:18   ENE
25   5,9   7,9   14:33   4,6   06:59  12,4   0,0   1,4   4,6  21,0   17:45    SE
26   4,9   6,6   16:25   3,3   08:04  13,3   0,0   0,0   5,4  26,0   01:13     E
27   6,0   7,9   14:29   4,4   05:28  12,3   0,0   0,0   0,7  10,0   02:19    SE
28   5,7   7,0   10:56   3,7   21:33  12,6   0,0   6,8   1,4  10,0   07:30   NNE
29   5,9   8,6   14:04   3,6   06:27  12,4   0,0   0,2   3,4  18,0   17:10    SW
30   7,0   8,3   17:52   5,6   23:57  11,2   0,0  14,8   2,7  23,0   14:10   NNW
31  10,1  17,6   14:59   3,3   05:25   7,8   0,0   0,2   7,2  34,0   20:20     N
----------------------------------------------------------------------------------
     7,2  17,6    31    -0,3    16   341,4   0,0 128,2   4,2  55,0    14     NNE

Max >=  10,0: 18
Max <=   5,0:  0
Min <=   0,0:  1
Min <=  -2,0:  0
Max Rain: 34,8 on day 24
Days of Rain: 19 (>= 0,2 mm)  10 (>= 2,0 mm)  1 (>= 20,0 mm)
Heat Base: 18,3  Cool Base: 18,3  Method: Integration