Weather Camera Radar Radar Radar Radar width= Satellite previsioni

NOAA-Style Climate Reports

Select a Year or Month report
2018: Gen Feb Mar Apr Mag Giu Lug Ago Set Ott Nov Dic
2017: Gen Feb Mar Apr Mag Giu Lug Ago Set Ott Nov Dic
2016: Gen Feb Mar Apr Mag Giu Lug Ago Set Ott Nov Dic
2015: Gen Feb Mar Apr Mag Giu Lug Ago Set Ott Nov Dic
2014: Gen Feb Mar Apr Mag Giu Lug Ago Set Ott Nov Dic
2013: Gen Feb Mar Apr Mag Giu Lug Ago Set Ott Nov Dic
2012: Gen Feb Mar Apr Mag Giu Lug Ago Set Ott Nov Dic
2011: Gen Feb Mar Apr Mag Giu Lug Ago Set Ott Nov Dic

Report for 2013 Febbraio
                   Monthly Climatological Summary for feb 2013

Name: Galliate Meteo   City: Galliate (NO)   State: Italia
Elevation: 153 m  Lat: N 45° 28' 31"   Lon: E 008° 41' 43"

                  Temperature (°C), Rain (mm), Wind Speed (km/h)

                                      Heat  Cool        Avg
    Mean                              Deg   Deg         Wind                 Dom
Day Temp  High   Time   Low    Time   Days  Days  Rain  Speed High   Time    Dir
----------------------------------------------------------------------------------
 1   1,7   3,4   17:34  -1,4   07:51  16,6   0,0   0,4   4,4  21,0   12:11     E
 2   6,3  11,1   15:54   3,3   00:00  12,0   0,0   0,8   8,5  48,0   16:26   NNW
 3   8,5  11,4   13:44   3,3   23:30   9,8   0,0   0,0  12,7  50,0   04:56     N
 4   5,5  11,7   14:20   0,6   05:08  12,8   0,0   0,0   3,5  26,0   13:55   WNW
 5   4,4   6,4   15:24   1,9   01:39  13,9   0,0   0,0   2,8  16,0   05:02   NNE
 6   5,2  11,5   15:55   0,0   07:38  13,1   0,0   0,0   3,0  29,0   21:10     E
 7   5,2  10,9   13:31   1,4   08:09  13,1   0,0   0,0   7,6  43,0   14:16     N
 8   4,7   9,2   15:12   0,2   06:38  13,6   0,0   0,0   7,5  31,0   12:17   NNW
 9   3,8   8,3   13:27  -0,3   06:46  14,5   0,0   0,0   5,8  32,0   21:33     N
10   1,9   5,7   16:10  -2,0   07:48  16,4   0,0   0,0   4,3  19,0   11:44    NE
11   0,1   1,6   03:13  -0,9   08:33  18,2   0,0   1,0   4,1  19,0   12:53     N
12   0,9   4,2   15:33  -1,7   06:58  17,4   0,0   1,6   1,6  14,0   13:36     S
13  -2,3   0,5   15:30  -4,5   23:59  20,6   0,0   0,0   2,0  19,0   13:51   SSE
14   0,8   7,4   14:07  -5,0   00:08  17,5   0,0   0,2   2,5  14,0   14:18    SW
15   3,3   7,6   15:50  -0,9   06:02  15,0   0,0   0,0   2,4  18,0   13:23   SSE
16   4,0   9,5   14:19  -0,9   07:23  14,3   0,0   0,0   1,8  19,0   15:08   ESE
17   4,4   8,8   14:39   1,3   03:01  13,9   0,0   0,0   3,4  18,0   13:12   NNE
18   4,8   8,3   14:20   2,6   08:18  13,5   0,0   0,0   2,6  19,0   15:22   SSE
19   4,2   9,6   16:16  -0,3   07:22  14,1   0,0   0,0   2,5  19,0   13:14     W
20   4,3   8,0   14:32   1,7   04:03  14,0   0,0   0,0   2,9  19,0   15:22     E
21   1,9   4,5   00:24   0,6   17:52  16,4   0,0   2,8   6,0  27,0   06:28     E
22   0,7   2,6   15:54  -0,5   23:46  17,6   0,0   0,8   2,7  14,0   02:47     E
23   0,6   4,4   15:49  -2,5   03:47  17,7   0,0   0,0   3,1  19,0   18:00   NNW
24   1,1   2,3   11:30   0,6   03:16  17,2   0,0   6,6   3,5  23,0   09:54   NNE
25   2,2   4,3   13:44   1,2   08:34  16,1   0,0   7,8   6,2  21,0   15:59     N
26   5,6  11,7   15:37   1,4   06:53  12,7   0,0   0,4   4,8  21,0   12:45   NNW
27   5,0   9,1   13:14   0,9   03:14  13,3   0,0   0,4   2,1  14,0   13:54     E
28   6,9  10,1   16:16   4,9   04:44  11,4   0,0   0,0   1,8  11,0   00:35    NW
----------------------------------------------------------------------------------
     3,4  11,7     4    -5,0    14   416,7   0,0  22,8   4,1  50,0     3     NNE

Max >=  10,0:  7
Max <=   5,0:  9
Min <=   0,0: 13
Min <=  -2,0:  4
Max Rain: 7,8 on day 25
Days of Rain: 11 (>= 0,2 mm)  3 (>= 2,0 mm)  0 (>= 20,0 mm)
Heat Base: 18,3  Cool Base: 18,3  Method: Integration