Weather Camera Radar Radar Radar Radar width= Satellite previsioni

NOAA-Style Climate Reports

Select a Year or Month report
2018: Gen Feb Mar Apr Mag Giu Lug Ago Set Ott Nov Dic
2017: Gen Feb Mar Apr Mag Giu Lug Ago Set Ott Nov Dic
2016: Gen Feb Mar Apr Mag Giu Lug Ago Set Ott Nov Dic
2015: Gen Feb Mar Apr Mag Giu Lug Ago Set Ott Nov Dic
2014: Gen Feb Mar Apr Mag Giu Lug Ago Set Ott Nov Dic
2013: Gen Feb Mar Apr Mag Giu Lug Ago Set Ott Nov Dic
2012: Gen Feb Mar Apr Mag Giu Lug Ago Set Ott Nov Dic
2011: Gen Feb Mar Apr Mag Giu Lug Ago Set Ott Nov Dic

Report for 2013 Gennaio
                   Monthly Climatological Summary for gen 2013

Name: Galliate Meteo   City: Galliate (NO)   State: Italia
Elevation: 153 m  Lat: N 45° 28' 31"   Lon: E 008° 41' 43"

                  Temperature (°C), Rain (mm), Wind Speed (km/h)

                                      Heat  Cool        Avg
    Mean                              Deg   Deg         Wind                 Dom
Day Temp  High   Time   Low    Time   Days  Days  Rain  Speed High   Time    Dir
----------------------------------------------------------------------------------
 1   2,0   4,8   12:07  -0,8   08:34  16,3   0,0   2,4   1,9  13,0   14:26   WNW
 2   4,0   6,3   15:06   1,9   23:35  14,3   0,0   3,4   2,3  13,0   23:14   NNW
 3   4,1   8,6   15:55   0,9   03:33  14,2   0,0   0,0   3,3  16,0   00:05    NW
 4   5,3  11,4   14:30   0,4   07:01  13,0   0,0   0,0   2,7  18,0   23:42     W
 5  10,5  20,1   14:53   4,4   03:23   7,9   0,1   0,0   3,3  19,0   05:26     W
 6   7,8  12,5   11:40   4,7   07:59  10,5   0,0   0,0   2,4  14,0   23:53    NW
 7   4,3  10,6   14:15  -0,3   07:53  14,0   0,0   0,0   3,1  24,0   00:29     E
 8   5,4   7,1   13:29   3,8   00:00  12,9   0,0   0,0   3,6  14,0   18:44     S
 9   5,2   6,2   16:05   4,2   03:09  13,1   0,0   0,0   1,9  14,0   14:13    NW
10   5,4   7,7   13:34   2,7   23:56  12,9   0,0   0,0   2,8  14,0   14:36   WSW
11   3,4   6,1   15:42   0,0   01:08  14,9   0,0   0,2   2,4  14,0   01:49   ENE
12   3,7   4,7   14:28   2,3   08:38  14,6   0,0   0,0   2,7  13,0   03:45    NW
13   3,8   4,6   15:38   2,5   23:50  14,5   0,0   0,8   1,9  11,0   18:45    NW
14   3,3   5,2   16:39   2,3   03:39  15,0   0,0   0,2   2,3  11,0   10:18   NNW
15   3,0   4,6   12:26   1,5   17:20  15,3   0,0   5,8   3,7  18,0   05:16     N
16   3,1   6,7   15:32   0,9   23:53  15,2   0,0   0,0   4,2  32,0   14:02   NNW
17   4,9   8,7   14:56   0,9   00:00  13,4   0,0   0,0   7,0  37,0   03:16     N
18   2,7   7,0   13:48  -1,4   07:42  15,6   0,0   0,0   3,2  14,0   00:01   WNW
19   1,4   2,9   12:47   0,6   16:26  16,9   0,0   0,4   2,6  14,0   13:20   NNE
20   1,4   2,4   15:31   0,7   00:40  16,9   0,0  10,0   2,8  13,0   03:15   WNW
21   3,1   4,7   16:16   1,4   01:26  15,2   0,0   2,6   2,4  14,0   11:40   SSW
22   4,3   8,7   14:55   1,6   09:00  14,0   0,0   0,0   3,0  16,0   08:30   WSW
23   3,8   7,9   14:32   1,2   05:46  14,5   0,0   3,2   5,0  23,0   14:43   NNE
24   5,2   9,7   14:55   1,7   08:16  13,1   0,0   0,0   2,8  13,0   00:49   WSW
25   3,2   7,8   14:29   0,0   08:45  15,1   0,0   0,2   3,6  21,0   14:55    NE
26   3,3   6,0   15:02   1,0   23:57  14,9   0,0   0,0   1,8  13,0   13:11   SSE
27   1,4   4,5   14:35  -2,5   07:18  16,9   0,0   0,2   1,3  10,0   11:15   SSW
28   2,8   3,5   20:57   2,1   09:44  15,5   0,0   5,6   2,5  13,0   14:16   ESE
29   3,8   7,6   16:43   1,2   08:14  14,5   0,0   0,0   2,6  16,0   14:09   WSW
30   3,4   8,1   13:07  -0,4   04:22  14,9   0,0   0,0   2,5  14,0   14:45    SE
31   2,4   7,8   15:33  -1,6   08:55  15,9   0,0   0,2   4,3  21,0   04:15     S
----------------------------------------------------------------------------------
     3,9  20,1     5    -2,5    27   445,9   0,1  35,2   3,0  37,0    17      NW

Max >=  10,0:  4
Max <=   5,0:  9
Min <=   0,0:  8
Min <=  -2,0:  1
Max Rain: 10,0 on day 20
Days of Rain: 14 (>= 0,2 mm)  7 (>= 2,0 mm)  0 (>= 20,0 mm)
Heat Base: 18,3  Cool Base: 18,3  Method: Integration