Weather Camera Radar Radar Radar Radar width= Satellite previsioni

NOAA-Style Climate Reports

Select a Year or Month report
2018: Gen Feb Mar Apr Mag Giu Lug Ago Set Ott Nov Dic
2017: Gen Feb Mar Apr Mag Giu Lug Ago Set Ott Nov Dic
2016: Gen Feb Mar Apr Mag Giu Lug Ago Set Ott Nov Dic
2015: Gen Feb Mar Apr Mag Giu Lug Ago Set Ott Nov Dic
2014: Gen Feb Mar Apr Mag Giu Lug Ago Set Ott Nov Dic
2013: Gen Feb Mar Apr Mag Giu Lug Ago Set Ott Nov Dic
2012: Gen Feb Mar Apr Mag Giu Lug Ago Set Ott Nov Dic
2011: Gen Feb Mar Apr Mag Giu Lug Ago Set Ott Nov Dic

Report for 2012 Dicembre
                   Monthly Climatological Summary for dic 2012

Name: Galliate Meteo   City: Galliate (NO)   State: Italia
Elevation: 153 m  Lat: N 45° 28' 31"   Lon: E 008° 41' 43"

                  Temperature (°C), Rain (mm), Wind Speed (km/h)

                                      Heat  Cool        Avg
    Mean                              Deg   Deg         Wind                 Dom
Day Temp  High   Time   Low    Time   Days  Days  Rain  Speed High   Time    Dir
----------------------------------------------------------------------------------
 1   6,2   8,6   15:14   5,3   20:58  12,1   0,0   0,2   2,8  19,0   12:05   WSW
 2   4,3   7,2   18:05   2,4   09:57  14,0   0,0   0,0   4,5  42,0   18:35    NW
 3   5,0   8,9   14:54   1,7   09:01  13,3   0,0   0,0   5,7  29,0   03:25    NW
 4   3,9   7,3   14:55   1,3   00:22  14,4   0,0   0,0   3,5  19,0   12:34    NW
 5   3,9  10,1   15:36   0,3   07:43  14,4   0,0   0,0   2,3  14,0   04:50    NW
 6   3,7   8,8   14:23  -0,1   07:19  14,6   0,0   0,0   3,0  14,0   17:43    NW
 7   1,6   4,8   10:39  -1,1   23:57  16,7   0,0   0,0   3,5  24,0   14:53     N
 8   0,1   4,6   21:54  -3,2   06:20  18,2   0,0   0,2   3,7  19,0   08:38   WSW
 9   0,3   6,3   15:58  -4,5   08:28  18,0   0,0   0,0   2,3  14,0   14:29   SSW
10   1,8   7,0   12:39  -2,2   05:53  16,5   0,0   0,0   2,6  19,0   20:41   NNW
11   3,6   9,7   14:19  -1,5   04:30  14,7   0,0   0,0   7,5  45,0   17:55     N
12   1,9   6,4   12:26  -1,7   23:38  16,4   0,0   0,0   3,5  23,0   00:01   NNW
13   0,6   1,9   12:20  -1,7   00:00  17,7   0,0   0,0   2,0  14,0   02:23     N
14  -0,3   0,6   13:27  -1,2   07:07  18,6   0,0   0,8   0,8   8,0   02:14     W
15   0,8   2,0   14:06  -0,1   02:39  17,5   0,0   6,4   2,1  14,0   22:42     W
16   0,1   1,8   03:29  -1,9   05:36  18,2   0,0   3,0   2,6  18,0   02:29   NNE
17   1,4   2,8   11:31  -0,7   00:00  16,9   0,0   4,2   2,6  13,0   15:34     W
18   0,5   2,2   00:00  -1,8   23:06  17,8   0,0   0,0   3,3  19,0   07:38     W
19   0,9   5,3   15:05  -3,4   04:01  17,4   0,0   0,2   2,3  14,0   00:43   SSW
20   1,1   2,8   12:00  -1,2   02:39  17,2   0,0   0,2   2,1  13,0   12:36    NW
21   1,0   5,1   13:42  -2,8   22:36  17,3   0,0   0,0   1,5  11,0   13:57   SSE
22  -2,0  -0,1   19:00  -4,2   05:06  20,3   0,0   0,2   1,6  11,0   16:32   WSW
23  -0,2   3,0   13:50  -2,7   03:44  18,5   0,0   0,0   2,0  14,0   18:59   WSW
24   2,9   4,1   17:23   0,8   00:00  15,4   0,0   1,6   1,2  11,0   10:10    NE
25   4,4   4,9   11:49   3,6   03:25  13,9   0,0   6,2   0,5   8,0   11:35   ENE
26   5,1   7,2   17:22   2,7   23:37  13,2   0,0   2,2   2,5  14,0   20:59     W
27   3,4   4,6   15:55   1,7   23:10  14,9   0,0   0,2   3,1  23,0   22:52    NW
28   6,0  15,4   14:48  -0,5   06:38  12,3   0,0   0,0   4,9  26,0   14:01   WNW
29   5,5  10,0   13:56   1,9   23:39  12,8   0,0   0,0   2,1  13,0   14:33     N
30   3,5   8,7   15:51  -0,4   07:30  14,8   0,0   0,0   1,8  11,0   12:51     W
31   3,5   8,3   12:35   0,3   05:49  14,8   0,0   0,2   2,1  13,0   09:26   NNW
----------------------------------------------------------------------------------
     2,4  15,4    28    -4,5     9   492,8   0,0  25,8   2,8  45,0    11      NW

Max >=  10,0:  3
Max <=   5,0: 14
Min <=   0,0: 20
Min <=  -2,0:  7
Max Rain: 6,4 on day 15
Days of Rain: 14 (>= 0,2 mm)  5 (>= 2,0 mm)  0 (>= 20,0 mm)
Heat Base: 18,3  Cool Base: 18,3  Method: Integration