Weather Camera Radar Radar Radar Radar width= Satellite previsioni

NOAA-Style Climate Reports

Select a Year or Month report
2018: Gen Feb Mar Apr Mag Giu Lug Ago Set Ott Nov Dic
2017: Gen Feb Mar Apr Mag Giu Lug Ago Set Ott Nov Dic
2016: Gen Feb Mar Apr Mag Giu Lug Ago Set Ott Nov Dic
2015: Gen Feb Mar Apr Mag Giu Lug Ago Set Ott Nov Dic
2014: Gen Feb Mar Apr Mag Giu Lug Ago Set Ott Nov Dic
2013: Gen Feb Mar Apr Mag Giu Lug Ago Set Ott Nov Dic
2012: Gen Feb Mar Apr Mag Giu Lug Ago Set Ott Nov Dic
2011: Gen Feb Mar Apr Mag Giu Lug Ago Set Ott Nov Dic

Report for 2012 Novembre
                   Monthly Climatological Summary for nov 2012

Name: Galliate Meteo   City: Galliate (NO)   State: Italia
Elevation: 153 m  Lat: N 45° 28' 31"   Lon: E 008° 41' 43"

                  Temperature (°C), Rain (mm), Wind Speed (km/h)

                                      Heat  Cool        Avg
    Mean                              Deg   Deg         Wind                 Dom
Day Temp  High   Time   Low    Time   Days  Days  Rain  Speed High   Time    Dir
----------------------------------------------------------------------------------
 1  10,5  15,2   16:11   7,6   07:12   7,8   0,0   6,8   2,8  24,0   01:02    NW
 2  11,9  16,1   15:43   8,1   06:46   6,4   0,0   0,0   1,9  19,0   12:53     E
 3  11,6  13,5   15:08   9,5   06:45   6,7   0,0   1,0   2,6  24,0   14:36   ESE
 4  11,5  12,5   14:49  10,9   07:06   6,8   0,0  15,2   1,5  13,0   09:20    NE
 5  12,6  18,4   15:04   9,1   23:57   5,7   0,0   0,4   4,1  18,0   09:03     W
 6  10,9  16,6   15:22   6,0   05:47   7,4   0,0   0,0   3,9  26,0   21:23     N
 7  10,4  15,9   14:33   5,5   07:21   7,9   0,0   0,0   3,3  24,0   01:55   NNW
 8   9,2  14,1   15:48   4,7   07:54   9,1   0,0   0,0   2,1  13,0   02:17     N
 9  10,1  16,4   14:12   4,5   06:38   8,2   0,0   1,8   2,8  14,0   04:34    NW
10   9,3  10,4   00:07   8,3   22:13   9,0   0,0  25,8   5,3  37,0   21:37   NNE
11   9,5  11,2   15:28   8,2   01:54   8,8   0,0  12,8   4,0  23,0   00:57   NNW
12  11,0  16,8   14:06   7,7   06:07   7,3   0,0   0,0   2,5  16,0   14:39   WSW
13  12,1  16,8   14:27   8,6   05:14   6,2   0,0   0,0   2,6  13,0   04:46     N
14  12,5  15,2   13:39  10,7   23:50   5,8   0,0   0,0   2,6  16,0   12:56   ENE
15  10,2  12,4   14:39   8,2   06:41   8,1   0,0   0,0   1,5  11,0   10:34    SE
16   9,2  12,2   15:08   5,2   23:44   9,1   0,0   0,0   0,8  13,0   13:28   SSE
17   6,9   9,4   14:01   4,9   01:11  11,3   0,0   0,0   1,3  10,0   07:58   WNW
18   5,9   8,9   14:44   2,8   08:53  12,4   0,0   0,0   2,5  11,0   12:03    NW
19   7,2  11,1   15:28   4,1   00:52  11,1   0,0   0,0   1,7  13,0   01:58     W
20   9,3  16,6   14:07   4,3   06:03   9,0   0,0   0,0   2,2  13,0   01:22   NNW
21   9,7  14,3   14:08   7,1   03:10   8,6   0,0   0,0   3,4  14,0   03:41   NNW
22   9,6  12,6   14:21   7,0   00:17   8,7   0,0   0,0   0,7   8,0   00:01   NNW
23  10,6  14,6   13:40   7,8   07:31   7,7   0,0   0,0   1,5  16,0   13:54    SW
24   9,5  11,7   14:37   7,0   08:20   8,8   0,0   0,0   1,9  13,0   12:54     N
25   9,3  13,2   12:45   5,9   06:50   9,0   0,0   0,0   1,4  11,0   03:32   WSW
26   9,7  10,4   13:15   8,5   01:38   8,6   0,0   6,8   2,8  19,0   23:45   ENE
27  10,2  11,2   18:06   8,1   23:38   8,1   0,0  15,8   9,0  31,0   05:21     E
28   8,6   9,9   23:44   8,0   00:19   9,7   0,0  33,4  10,6  29,0   09:54     N
29   9,9  12,1   14:55   8,3   09:34   8,4   0,0   1,2   7,2  32,0   19:50     N
30   8,8  11,6   12:56   5,7   23:19   9,5   0,0   0,0   6,5  26,0   03:22    NE
----------------------------------------------------------------------------------
     9,9  18,4     5     2,8    18   251,2   0,0 121,0   3,2  37,0    10       N

Max >=  10,0: 27
Max <=   5,0:  0
Min <=   0,0:  0
Min <=  -2,0:  0
Max Rain: 33,4 on day 28
Days of Rain: 11 (>= 0,2 mm)  7 (>= 2,0 mm)  2 (>= 20,0 mm)
Heat Base: 18,3  Cool Base: 18,3  Method: Integration