Weather Camera Radar Radar Radar Radar width= Satellite previsioni

NOAA-Style Climate Reports

Select a Year or Month report
2018: Gen Feb Mar Apr Mag Giu Lug Ago Set Ott Nov Dic
2017: Gen Feb Mar Apr Mag Giu Lug Ago Set Ott Nov Dic
2016: Gen Feb Mar Apr Mag Giu Lug Ago Set Ott Nov Dic
2015: Gen Feb Mar Apr Mag Giu Lug Ago Set Ott Nov Dic
2014: Gen Feb Mar Apr Mag Giu Lug Ago Set Ott Nov Dic
2013: Gen Feb Mar Apr Mag Giu Lug Ago Set Ott Nov Dic
2012: Gen Feb Mar Apr Mag Giu Lug Ago Set Ott Nov Dic
2011: Gen Feb Mar Apr Mag Giu Lug Ago Set Ott Nov Dic

Report for 2012 Ottobre
                   Monthly Climatological Summary for ott 2012

Name: Galliate Meteo   City: Galliate (NO)   State: Italia
Elevation: 153 m  Lat: N 45° 28' 31"   Lon: E 008° 41' 43"

                  Temperature (°C), Rain (mm), Wind Speed (km/h)

                                      Heat  Cool        Avg
    Mean                              Deg   Deg         Wind                 Dom
Day Temp  High   Time   Low    Time   Days  Days  Rain  Speed High   Time    Dir
----------------------------------------------------------------------------------
 1  18,0  21,9   17:14  15,4   03:56   1,1   0,9   4,6   2,8  16,0   01:21     N
 2  18,4  23,6   16:09  14,3   07:38   1,3   1,4   0,0   3,2  19,0   13:06   SSW
 3  18,5  23,4   16:33  14,1   07:13   1,3   1,5   0,0   2,2  21,0   13:44     S
 4  18,0  21,9   13:43  14,2   06:27   1,3   1,0   0,0   2,0  16,0   15:02     E
 5  17,5  21,7   16:57  14,3   06:49   1,4   0,6   0,0   3,7  18,0   04:48     N
 6  18,6  23,6   15:46  14,9   04:49   1,1   1,4   0,0   3,9  19,0   14:24    NW
 7  19,4  23,7   16:20  15,6   08:15   0,7   1,8   0,0   2,3  18,0   13:51   WSW
 8  17,1  20,4   16:39  14,1   07:23   1,6   0,4   0,0   3,7  19,0   13:37   ENE
 9  18,0  22,9   16:27  15,1   06:48   1,3   1,1   0,2   1,9  16,0   14:29   WNW
10  16,6  19,7   16:59  13,7   23:58   1,8   0,2   0,0   1,4  11,0   13:03     E
11  15,3  17,7   13:36  12,7   04:08   3,0   0,0   0,0   2,4  13,0   15:33    NE
12  16,2  19,6   17:19  13,4   23:59   2,2   0,1   0,0   1,7  13,0   13:57   SSW
13  14,7  18,1   12:47  11,2   06:03   3,6   0,0   0,2   4,8  18,0   12:50   NNE
14  14,9  16,7   16:11  13,8   08:03   3,4   0,0   0,0   5,9  35,0   23:05   ESE
15  12,4  14,2   00:00   9,4   22:16   5,9   0,0   5,6  13,6  53,0   16:27    NE
16  12,2  18,4   16:16   5,7   06:55   6,1   0,0   0,0   3,1  18,0   09:12     W
17  12,6  15,6   15:55   9,9   01:33   5,7   0,0   0,0   3,9  16,0   02:58     N
18  14,3  19,0   14:26  11,7   05:58   4,0   0,0   0,0   2,2  11,0   01:23     W
19  14,5  19,3   15:08  11,2   02:17   3,9   0,0   0,0   1,4  14,0   09:58   WNW
20  15,3  23,0   16:58   9,8   07:13   3,8   0,8   0,0   2,1  13,0   11:05    NW
21  16,2  22,2   15:49  11,1   06:40   3,0   0,8   0,0   3,0  13,0   06:27   NNW
22  17,0  23,1   15:22  12,4   08:13   2,4   1,0   0,0   2,3  13,0   03:00     N
23  16,8  22,7   14:53  12,5   08:05   2,5   1,0   0,0   2,7  13,0   00:05   NNE
24  14,8  20,3   16:24  10,7   07:36   3,8   0,3   0,0   1,8  13,0   04:58    NE
25  13,9  20,2   16:29   8,6   08:23   4,6   0,2   0,0   1,3  11,0   13:49   NNE
26  13,1  14,3   00:00  12,6   21:01   5,2   0,0  19,8   2,3  19,0   11:47   ENE
27  12,8  15,2   15:35  10,5   23:35   5,5   0,0   3,4   4,0  55,0   21:53     N
28   6,8  11,2   00:49   5,0   04:42  12,0   0,0  10,8  10,4  56,0   02:59     N
29   8,3  13,5   14:58   4,5   07:00   9,9   0,0   0,0   2,6  18,0   12:52   WSW
30   6,1   8,6   14:37   3,0   07:05  12,2   0,0   0,0   3,1  14,0   07:50     N
31   7,6   8,9   14:18   6,3   04:42  10,7   0,0  12,6   6,8  37,0   20:48   NNW
----------------------------------------------------------------------------------
    14,7  23,7     7     3,0    30   126,3  14,5  57,2   3,5  56,0    28     NNE

Max >=  10,0: 29
Max <=   5,0:  0
Min <=   0,0:  0
Min <=  -2,0:  0
Max Rain: 19,8 on day 26
Days of Rain: 8 (>= 0,2 mm)  6 (>= 2,0 mm)  0 (>= 20,0 mm)
Heat Base: 18,3  Cool Base: 18,3  Method: Integration