Weather Camera Radar Radar Radar Radar width= Satellite previsioni

NOAA-Style Climate Reports

Select a Year or Month report
2018: Gen Feb Mar Apr Mag Giu Lug Ago Set Ott Nov Dic
2017: Gen Feb Mar Apr Mag Giu Lug Ago Set Ott Nov Dic
2016: Gen Feb Mar Apr Mag Giu Lug Ago Set Ott Nov Dic
2015: Gen Feb Mar Apr Mag Giu Lug Ago Set Ott Nov Dic
2014: Gen Feb Mar Apr Mag Giu Lug Ago Set Ott Nov Dic
2013: Gen Feb Mar Apr Mag Giu Lug Ago Set Ott Nov Dic
2012: Gen Feb Mar Apr Mag Giu Lug Ago Set Ott Nov Dic
2011: Gen Feb Mar Apr Mag Giu Lug Ago Set Ott Nov Dic

Report for 2012 Settembre
                   Monthly Climatological Summary for set 2012

Name: Galliate Meteo   City: Galliate (NO)   State: Italia
Elevation: 153 m  Lat: N 45° 28' 31"   Lon: E 008° 41' 43"

                  Temperature (°C), Rain (mm), Wind Speed (km/h)

                                      Heat  Cool        Avg
    Mean                              Deg   Deg         Wind                 Dom
Day Temp  High   Time   Low    Time   Days  Days  Rain  Speed High   Time    Dir
----------------------------------------------------------------------------------
 1  16,3  21,3   17:04  13,3   07:08   2,5   0,4  19,6   7,7  27,0   02:11     N
 2  18,5  23,6   15:19  14,3   01:23   1,5   1,7   2,0   4,9  32,0   01:24   NNW
 3  19,2  21,5   11:36  18,4   15:18   0,0   0,9   2,8   7,2  34,0   12:48     N
 4  20,1  24,1   18:17  17,3   07:20   0,2   2,0   3,6   4,0  42,0   22:42   WNW
 5  21,2  27,2   17:32  16,8   06:35   0,3   3,2   0,0   5,8  29,0   05:59     W
 6  22,7  28,8   16:45  16,3   07:28   0,2   4,6   0,0   4,0  18,0   14:37   WSW
 7  23,4  28,6   16:05  18,6   07:02   0,0   5,1   0,0   5,3  19,0   11:46   NNE
 8  23,5  28,7   17:09  18,7   07:06   0,0   5,2   0,0   4,1  16,0   06:25   NNE
 9  23,3  29,3   16:46  17,9   07:16   0,0   5,0   0,0   4,7  19,0   13:12   NNW
10  23,3  29,5   17:00  16,9   07:00   0,1   5,1   0,0   4,4  19,0   14:56   WNW
11  23,2  28,8   16:33  18,7   07:41   0,0   4,9   0,0   4,5  18,0   14:12   SSW
12  20,9  24,9   13:44  18,3   23:54   0,0   2,6   0,0   5,1  27,0   21:17     N
13  19,7  23,6   15:36  16,4   02:37   0,4   1,8   0,0  13,0  53,0   18:08     N
14  18,6  25,6   16:57  10,8   06:18   1,9   2,2   0,0   4,8  26,0   00:21     W
15  19,2  25,3   16:20  12,8   05:25   1,5   2,4   0,0   4,0  18,0   13:29     E
16  20,2  25,0   14:27  15,2   07:36   0,7   2,6   0,0   3,1  18,0   12:50    SE
17  19,9  25,2   17:11  14,8   05:45   0,9   2,6   0,0   3,0  18,0   14:22   ESE
18  20,4  25,1   14:59  15,3   07:15   0,7   2,8   0,0   3,5  19,0   12:52    SE
19  20,4  24,3   16:52  17,6   07:14   0,1   2,2   1,6   3,0  23,0   22:12     E
20  18,3  22,4   15:35  13,7   06:24   1,1   1,1   0,0   4,8  29,0   01:01   ENE
21  16,7  21,7   17:29  13,2   04:14   2,1   0,5   0,0   2,5  11,0   00:55   NNE
22  18,3  23,4   15:52  13,8   00:00   1,4   1,4   0,0   3,7  21,0   15:28    SE
23  18,8  21,6   14:40  17,0   02:21   0,4   0,9   0,2   3,7  18,0   23:46   NNW
24  16,9  19,1   18:17  15,1   23:13   1,4   0,0   4,2   3,8  19,0   14:10   NNW
25  16,9  20,7   14:14  12,9   02:36   2,0   0,6   0,4   4,0  29,0   19:45     E
26  19,3  22,3   16:08  17,1   04:32   0,3   1,3   1,6   9,6  35,0   15:55   ESE
27  19,0  23,2   16:30  15,4   08:27   0,5   1,2   0,8   6,7  32,0   00:38   SSE
28  18,2  23,2   17:28  13,9   06:54   1,5   1,5   0,0   3,8  16,0   05:14   NNE
29  16,4  17,6   00:00  15,7   19:28   1,9   0,0   9,4   4,4  18,0   16:57     N
30  18,3  22,6   15:42  15,6   02:28   1,0   1,0   0,0   3,2  16,0   16:05     W
----------------------------------------------------------------------------------
    19,7  29,5    10    10,8    14    24,6  66,8  46,2   4,9  53,0    13     NNE

Max >=  10,0: 30
Max <=   5,0:  0
Min <=   0,0:  0
Min <=  -2,0:  0
Max Rain: 19,6 on day 1
Days of Rain: 11 (>= 0,2 mm)  6 (>= 2,0 mm)  0 (>= 20,0 mm)
Heat Base: 18,3  Cool Base: 18,3  Method: Integration