Weather Camera Radar Radar Radar Radar width= Satellite previsioni

NOAA-Style Climate Reports

Select a Year or Month report
2018: Gen Feb Mar Apr Mag Giu Lug Ago Set Ott Nov Dic
2017: Gen Feb Mar Apr Mag Giu Lug Ago Set Ott Nov Dic
2016: Gen Feb Mar Apr Mag Giu Lug Ago Set Ott Nov Dic
2015: Gen Feb Mar Apr Mag Giu Lug Ago Set Ott Nov Dic
2014: Gen Feb Mar Apr Mag Giu Lug Ago Set Ott Nov Dic
2013: Gen Feb Mar Apr Mag Giu Lug Ago Set Ott Nov Dic
2012: Gen Feb Mar Apr Mag Giu Lug Ago Set Ott Nov Dic
2011: Gen Feb Mar Apr Mag Giu Lug Ago Set Ott Nov Dic

Report for 2012 Agosto
                   Monthly Climatological Summary for ago 2012

Name: Galliate Meteo   City: Galliate (NO)   State: Italia
Elevation: 153 m  Lat: N 45° 28' 31"   Lon: E 008° 41' 43"

                  Temperature (°C), Rain (mm), Wind Speed (km/h)

                                      Heat  Cool        Avg
    Mean                              Deg   Deg         Wind                 Dom
Day Temp  High   Time   Low    Time   Days  Days  Rain  Speed High   Time    Dir
----------------------------------------------------------------------------------
 1  27,5  33,4   17:58  21,8   06:02   0,0   9,2   0,0   0,7  11,0   14:47    SW
 2  27,8  33,8   16:07  21,9   06:21   0,0   9,5   0,0   0,8  13,0   01:27   SSW
 3  27,9  34,2   17:25  22,1   06:29   0,0   9,6   0,0   0,9  11,0   14:06   SSW
 4  27,4  33,8   16:29  22,7   23:50   0,0   9,1   0,0   1,2  14,0   21:21   SSW
 5  25,1  31,8   17:37  20,7   06:40   0,0   6,8  14,4   1,3  32,0   19:55    SW
 6  22,9  29,6   16:08  19,6   06:34   0,0   4,6   5,0   0,6  31,0   16:44    SW
 7  24,5  31,5   17:32  17,2   06:56   0,1   6,3   0,0   0,9  13,0   09:09     W
 8  25,9  33,2   17:12  18,5   05:46   0,0   7,6   0,0   0,6  10,0   14:43   SSW
 9  26,3  31,6   16:55  20,6   06:16   0,0   8,0   0,6   2,7  24,0   10:41   SSW
10  26,1  30,6   15:37  21,3   06:55   0,0   7,8   0,0   4,8  19,0   04:25   ESE
11  25,5  29,5   16:38  20,4   06:03   0,0   7,2   0,0   4,7  21,0   10:02   ESE
12  23,8  27,1   15:07  21,1   04:31   0,0   5,5   0,0   5,2  23,0   09:19   ESE
13  24,6  29,1   16:05  20,6   06:54   0,0   6,3   0,0   4,0  21,0   13:06   ESE
14  25,5  30,2   16:52  21,5   06:00   0,0   7,2   0,0   4,3  18,0   14:04   ESE
15  26,1  31,7   15:33  21,3   06:00   0,0   7,8   0,0   4,7  18,0   17:40   ENE
16  26,0  30,6   18:10  21,1   07:38   0,0   7,7   0,0   4,1  21,0   14:21   SSE
17  27,1  31,6   18:07  22,2   05:33   0,0   8,8   0,0   3,9  18,0   13:04    SE
18  27,9  32,6   16:58  22,7   06:06   0,0   9,6   0,0   4,7  19,0   16:24     S
19  28,7  33,2   18:02  23,4   07:10   0,0  10,4   0,0   4,9  18,0   13:22   ESE
20  28,8  33,6   16:54  23,6   06:21   0,0  10,5   0,0   4,8  18,0   15:15   SSW
21  29,6  34,7   16:59  24,7   06:44   0,0  11,3   0,0   5,1  23,0   14:37     W
22  29,4  35,1   18:00  24,6   06:22   0,0  11,1   0,0   5,1  40,0   23:37   SSW
23  26,6  31,3   14:44  22,0   07:15   0,0   8,3   0,4   6,2  32,0   00:00   NNW
24  26,6  31,8   17:43  21,9   07:01   0,0   8,3   0,0   5,9  23,0   14:26     S
25  26,5  31,9   16:32  21,2   23:59   0,0   8,2   0,6   5,6  29,0   18:55    SE
26  24,9  30,9   14:51  18,8   07:13   0,0   6,6   0,0  10,7  39,0   15:20   NNW
27  22,7  28,0   16:17  16,3   07:03   0,2   4,6   0,0   5,2  23,0   00:16    NE
28  22,8  28,2   17:31  17,5   06:41   0,1   4,6   0,0   6,0  18,0   02:08   NNW
29  24,1  30,5   17:35  17,3   06:39   0,1   5,9   0,0   4,5  18,0   13:28   WNW
30  21,6  25,2   00:40  19,4   23:45   0,0   3,3   0,6   5,6  23,0   12:06     N
31  19,3  23,9   15:31  15,7   21:51   0,4   1,5   0,8   8,7  43,0   13:34     N
----------------------------------------------------------------------------------
    25,8  35,1    22    15,7    31     0,9 233,2  22,4   4,1  43,0    31     ESE

Max >=  10,0: 31
Max <=   5,0:  0
Min <=   0,0:  0
Min <=  -2,0:  0
Max Rain: 14,4 on day 5
Days of Rain: 7 (>= 0,2 mm)  2 (>= 2,0 mm)  0 (>= 20,0 mm)
Heat Base: 18,3  Cool Base: 18,3  Method: Integration