Weather Camera Radar Radar Radar Radar width= Satellite previsioni

NOAA-Style Climate Reports


Report for 2012 Luglio
                   Monthly Climatological Summary for lug 2012

Name: Galliate Meteo   City: Galliate (NO)   State: Italia
Elevation: 153 m  Lat: N 45░ 28' 31"   Lon: E 008░ 41' 43"

                  Temperature (░C), Rain (mm), Wind Speed (km/h)

                                      Heat  Cool        Avg
    Mean                              Deg   Deg         Wind                 Dom
Day Temp  High   Time   Low    Time   Days  Days  Rain  Speed High   Time    Dir
----------------------------------------------------------------------------------
 1  27,9  32,4   16:08  22,4   06:20   0,0   9,6   0,0   0,4  10,0   12:34    SW
 2  26,4  31,7   15:49  22,1   23:53   0,0   8,1   0,0   1,0  14,0   16:21   SSW
 3  24,8  30,8   18:06  19,5   05:44   0,0   6,5   0,0   1,0  14,0   19:32     S
 4  24,8  30,9   16:08  20,4   05:59   0,0   6,5   0,0   1,0  18,0   16:56    SW
 5  25,2  31,2   17:41  19,3   06:05   0,0   6,9   0,0   0,8  13,0   13:23    SW
 6  23,8  30,0   14:52  19,2   19:36   0,0   5,5   8,2   1,5  32,0   17:26   SSW
 7  24,1  30,8   17:59  18,9   01:16   0,0   5,8   0,2   0,8  11,0   13:58   WSW
 8  25,9  31,8   17:22  20,9   05:11   0,0   7,6   0,0   0,7  11,0   15:18     S
 9  27,0  33,5   17:31  20,3   06:47   0,0   8,7   0,0   0,7  11,0   16:38   SSW
10  25,9  32,4   16:38  21,1   23:45   0,0   7,6   0,0   1,0  11,0   11:29     S
11  24,7  31,6   16:34  19,3   06:22   0,0   6,4   0,0   0,9  19,0   19:27   SSW
12  25,6  31,4   16:21  19,4   06:50   0,0   7,3   0,0   0,8  10,0   11:45     S
13  25,7  32,1   17:43  21,6   07:08   0,0   7,4   0,0   1,2  14,0   18:29     S
14  24,9  30,7   15:39  20,7   05:55   0,0   6,6   0,0   1,2  19,0   18:18     S
15  25,7  30,9   16:35  20,9   07:04   0,0   7,4   0,0   1,0  13,0   13:21   WSW
16  24,7  29,4   16:30  19,6   06:00   0,0   6,4   0,0   1,5  14,0   09:51   WSW
17  24,7  31,2   16:53  17,2   06:14   0,1   6,4   0,0   1,0  13,0   15:26    SW
18  26,6  33,8   17:22  19,0   06:35   0,0   8,3   0,0   0,7  10,0   13:50     S
19  25,8  32,4   17:23  20,0   06:28   0,0   7,5   0,0   0,9  11,0   12:10   SSW
20  24,6  30,4   17:28  20,0   06:55   0,0   6,3   3,6   1,0  11,0   15:20   SSW
21  23,8  30,9   16:02  19,2   04:11   0,0   5,5   0,6   1,1  23,0   16:21     S
22  22,8  29,1   16:13  17,9   06:30   0,0   4,5   0,0   1,2  16,0   16:37   WSW
23  21,3  28,1   17:21  15,2   05:25   0,6   3,6   0,0   0,8  13,0   13:25   WSW
24  24,9  31,9   17:09  17,8   03:26   0,0   6,6   0,0   1,2  18,0   14:20    SW
25  27,1  33,9   17:32  20,4   07:00   0,0   8,8   0,0   1,0  18,0   21:10   WSW
26  27,2  34,1   18:19  20,9   05:31   0,0   8,9   0,0   0,7  10,0   13:25     S
27  28,1  34,8   17:20  22,5   06:25   0,0   9,8   0,0   0,7  11,0   13:59   SSW
28  26,4  33,0   17:07  21,8   23:41   0,0   8,1   0,0   1,1  13,0   13:30   SSW
29  26,2  33,4   17:19  19,8   06:12   0,0   7,9   0,0   0,8  11,0   12:44    SW
30  26,7  32,6   16:41  20,7   06:43   0,0   8,4   0,0   0,8  11,0   11:12     S
31  27,2  32,5   16:00  22,7   06:43   0,0   8,9   0,0   1,0  11,0   05:53   SSE
----------------------------------------------------------------------------------
    25,5  34,8    27    15,2    23     0,7 223,8  12,6   1,0  32,0     6     SSW

Max >=  10,0: 31
Max <=   5,0:  0
Min <=   0,0:  0
Min <=  -2,0:  0
Max Rain: 8,2 on day 6
Days of Rain: 4 (>= 0,2 mm)  2 (>= 2,0 mm)  0 (>= 20,0 mm)
Heat Base: 18,3  Cool Base: 18,3  Method: Integration