Weather Camera Radar Radar Radar Radar width= Satellite previsioni

NOAA-Style Climate Reports

Select a Year or Month report
2018: Gen Feb Mar Apr Mag Giu Lug Ago Set Ott Nov Dic
2017: Gen Feb Mar Apr Mag Giu Lug Ago Set Ott Nov Dic
2016: Gen Feb Mar Apr Mag Giu Lug Ago Set Ott Nov Dic
2015: Gen Feb Mar Apr Mag Giu Lug Ago Set Ott Nov Dic
2014: Gen Feb Mar Apr Mag Giu Lug Ago Set Ott Nov Dic
2013: Gen Feb Mar Apr Mag Giu Lug Ago Set Ott Nov Dic
2012: Gen Feb Mar Apr Mag Giu Lug Ago Set Ott Nov Dic
2011: Gen Feb Mar Apr Mag Giu Lug Ago Set Ott Nov Dic

Report for 2012 Giugnio
                   Monthly Climatological Summary for giu 2012

Name: Galliate Meteo   City: Galliate (NO)   State: Italia
Elevation: 153 m  Lat: N 45° 28' 31"   Lon: E 008° 41' 43"

                  Temperature (°C), Rain (mm), Wind Speed (km/h)

                                      Heat  Cool        Avg
    Mean                              Deg   Deg         Wind                 Dom
Day Temp  High   Time   Low    Time   Days  Days  Rain  Speed High   Time    Dir
----------------------------------------------------------------------------------
 1  23,2  28,6   15:59  18,6   05:21   0,0   4,9   0,0   1,8  18,0   12:54    SW
 2  22,5  27,9   15:11  18,3   06:02   0,0   4,2   0,0   1,4  14,0   14:55   SSW
 3  21,8  25,7   15:56  19,1   05:55   0,0   3,5   0,0   1,0  21,0   15:13     S
 4  20,6  25,7   18:42  16,2   07:37   0,4   2,6   4,2   0,7  10,0   02:18     S
 5  22,3  28,7   16:53  14,5   06:59   0,7   4,6   0,0   1,2  14,0   15:16    SW
 6  21,8  26,7   16:07  16,8   06:11   0,1   3,7   0,0   1,1  16,0   19:28     S
 7  21,0  24,4   16:04  18,4   04:19   0,0   2,7   0,0   0,8  13,0   15:19   SSW
 8  21,1  25,9   15:48  18,3   05:26   0,0   2,8   0,4   0,6  11,0   11:31   WSW
 9  22,1  28,8   17:41  18,2   02:59   0,0   3,8   5,0   0,7  13,0   17:23   SSW
10  19,3  24,5   16:00  16,2   04:13   0,6   1,6  11,2   0,7  16,0   17:21     S
11  19,7  26,6   17:09  15,9   23:18   0,8   2,2  13,0   0,9  26,0   18:57    SW
12  18,1  23,9   18:50  14,2   07:43   1,5   1,3  21,8   0,6  11,0   14:18   WSW
13  20,6  27,5   16:42  13,6   05:54   1,1   3,4   0,0   1,4  18,0   21:16    SW
14  20,6  26,1   17:41  14,6   06:01   0,7   3,0   0,0   0,7  14,0   15:49   SSW
15  23,0  29,2   17:48  16,4   06:21   0,3   5,0   0,0   0,7  10,0   16:18     S
16  24,9  32,0   16:08  18,1   06:21   0,0   6,6   0,0   0,7  13,0   13:13     S
17  26,6  32,7   18:11  19,9   06:34   0,0   8,3   0,0   0,7  11,0   16:46   SSW
18  27,5  33,0   16:21  22,2   06:22   0,0   9,2   0,0   0,8  11,0   13:19   SSW
19  27,3  33,7   16:48  20,8   05:33   0,0   9,0   0,0   0,8  11,0   14:22     S
20  26,6  30,8   17:30  22,0   06:13   0,0   8,3   0,0   0,5  11,0   12:56     S
21  26,7  32,7   17:32  21,5   04:27   0,0   8,4   0,4   1,1  11,0   20:09    SW
22  27,5  34,7   19:01  20,1   06:49   0,0   9,2   0,0   0,8  14,0   10:53   SSW
23  26,0  31,8   17:28  21,6   05:57   0,0   7,7   0,8   1,3  13,0   12:44   NNW
24  24,7  30,7   17:24  20,9   04:48   0,0   4,3   0,0   0,2   8,0   16:51    SW
25  27,4  33,6   18:03  21,3   06:38   0,0   9,1   0,0   0,9  11,0   11:54     S
26  26,7  31,1   14:45  22,0   06:14   0,0   8,4   0,0   1,2  13,0   05:37   NNW
27  27,1  32,6   18:13  20,8   05:53   0,0   8,8   0,0   0,7  11,0   13:36     S
28  28,1  32,8   18:13  23,6   05:29   0,0   9,8   0,0   0,6  13,0   16:33     S
29  27,9  32,9   16:48  22,7   06:42   0,0   9,6   0,0   0,8  13,0   11:02     S
30  28,3  34,0   16:57  22,8   06:31   0,0  10,0   0,0   0,8  10,0   10:00   SSW
----------------------------------------------------------------------------------
    24,0  34,7    22    13,6    13     6,2 176,0  56,8   0,9  26,0    11     SSW

Max >=  10,0: 30
Max <=   5,0:  0
Min <=   0,0:  0
Min <=  -2,0:  0
Max Rain: 21,8 on day 12
Days of Rain: 8 (>= 0,2 mm)  5 (>= 2,0 mm)  1 (>= 20,0 mm)
Heat Base: 18,3  Cool Base: 18,3  Method: Integration