Weather Camera Radar Radar Radar Radar width= Satellite previsioni

NOAA-Style Climate Reports

Select a Year or Month report
2018: Gen Feb Mar Apr Mag Giu Lug Ago Set Ott Nov Dic
2017: Gen Feb Mar Apr Mag Giu Lug Ago Set Ott Nov Dic
2016: Gen Feb Mar Apr Mag Giu Lug Ago Set Ott Nov Dic
2015: Gen Feb Mar Apr Mag Giu Lug Ago Set Ott Nov Dic
2014: Gen Feb Mar Apr Mag Giu Lug Ago Set Ott Nov Dic
2013: Gen Feb Mar Apr Mag Giu Lug Ago Set Ott Nov Dic
2012: Gen Feb Mar Apr Mag Giu Lug Ago Set Ott Nov Dic
2011: Gen Feb Mar Apr Mag Giu Lug Ago Set Ott Nov Dic

Report for 2012 Maggio
                   Monthly Climatological Summary for mag 2012

Name: Galliate Meteo   City: Galliate (NO)   State: Italia
Elevation: 153 m  Lat: N 45° 28' 31"   Lon: E 008° 41' 43"

                  Temperature (°C), Rain (mm), Wind Speed (km/h)

                                      Heat  Cool        Avg
    Mean                              Deg   Deg         Wind                 Dom
Day Temp  High   Time   Low    Time   Days  Days  Rain  Speed High   Time    Dir
----------------------------------------------------------------------------------
 1  14,3  15,7   14:37  13,1   21:36   4,0   0,0  19,4   0,5  16,0   14:55   SSW
 2  15,5  20,3   17:34  12,1   05:38   3,0   0,2   2,0   0,2  11,0   17:23    SW
 3  16,6  24,6   17:24  10,5   05:46   3,0   1,3   0,0   0,9  18,0   18:56   SSW
 4  16,5  22,0   17:04  11,3   06:51   2,6   0,8   0,0   1,6  18,0   19:00     S
 5  15,7  21,7   13:58  12,6   23:58   3,0   0,4  16,0   0,7  11,0   16:31   NNE
 6  16,0  21,8   17:43  11,6   06:15   2,9   0,6   0,0   0,6  14,0   19:02    SW
 7  17,8  25,3   17:07  10,5   06:56   2,4   1,9   0,0   0,7  13,0   11:26   SSW
 8  18,0  22,7   14:02  13,4   06:19   1,4   1,2   0,0   0,0   3,0   02:36     E
 9  19,7  25,3   17:07  14,6   06:36   1,0   2,4   0,0   0,0   2,0   04:35     E
10  22,3  28,7   17:47  14,5   05:57   0,5   3,2   0,0   0,0   0,0   00:00     E
11  24,3  31,7   17:15  17,3   06:17   0,1   6,1   0,0   0,0   2,0   14:11     E
12  25,0  31,3   18:18  18,9   06:41   0,0   6,7   0,0   0,3  13,0   14:57   WSW
13  17,2  23,1   00:00  11,8   23:48   1,9   0,9   0,0   2,6  27,0   08:28    NW
14  15,4  21,7   18:05   8,6   05:58   3,6   0,6   0,0   0,8  14,0   16:38   SSW
15  16,9  23,4   16:57  10,6   06:19   2,5   1,1   0,0   1,2  14,0   12:47   SSW
16  16,6  20,6   15:05  13,0   05:49   2,1   0,5   0,0   5,1  43,0   10:32   SSW
17  16,4  22,3   17:32   9,1   06:16   2,9   0,9   0,0   1,4  14,0   00:27    SW
18  17,0  22,5   17:41  12,1   06:31   2,3   0,9   0,0   0,6  10,0   15:32   ESE
19  15,7  20,2   13:22  10,9   06:39   2,7   0,2   0,2   0,3  11,0   14:53    SW
20  14,7  18,7   11:15  12,3   23:41   3,6   0,0  14,8   0,1   8,0   11:38   SSE
21  12,0  13,4   17:42  10,8   11:02   6,3   0,0  41,4   0,8  21,0   05:35   NNW
22  16,6  22,9   18:00  11,4   05:38   2,8   1,1   1,4   1,2  19,0   18:36   WSW
23  21,2  28,5   18:43  14,1   06:10   0,9   3,7   0,0   0,6  10,0   15:28   SSW
24  24,5  31,6   16:37  17,4   06:12   0,1   6,3   0,0   0,8  14,0   16:11   SSW
25  23,2  28,9   16:38  18,5   06:05   0,0   4,9   0,0   1,4  13,0   13:26    NW
26  21,8  26,9   17:08  16,7   06:47   0,1   3,6   0,2   1,0  11,0   09:16     N
27  21,0  26,2   15:13  17,9   05:52   0,0   2,8   0,0   0,6  13,0   12:32   ENE
28  21,2  27,2   17:52  14,9   06:48   0,8   3,7   0,0   0,9  13,0   18:24   SSW
29  23,3  30,6   16:04  15,7   05:50   0,3   5,3   0,0   1,4  13,0   12:31   SSW
30  22,9  29,6   17:08  16,3   06:25   0,2   4,9   0,0   0,9  16,0   16:30   SSW
31  23,0  28,5   16:29  18,1   05:56   0,0   4,8   0,0   1,0  13,0   12:21   SSW
----------------------------------------------------------------------------------
    18,8  31,7    11     8,6    14    57,0  71,0  95,4   0,9  43,0    16      SW

Max >=  10,0: 31
Max <=   5,0:  0
Min <=   0,0:  0
Min <=  -2,0:  0
Max Rain: 41,4 on day 21
Days of Rain: 8 (>= 0,2 mm)  5 (>= 2,0 mm)  1 (>= 20,0 mm)
Heat Base: 18,3  Cool Base: 18,3  Method: Integration