Weather Camera Radar Radar Radar Radar width= Satellite previsioni

NOAA-Style Climate Reports

Select a Year or Month report
2018: Gen Feb Mar Apr Mag Giu Lug Ago Set Ott Nov Dic
2017: Gen Feb Mar Apr Mag Giu Lug Ago Set Ott Nov Dic
2016: Gen Feb Mar Apr Mag Giu Lug Ago Set Ott Nov Dic
2015: Gen Feb Mar Apr Mag Giu Lug Ago Set Ott Nov Dic
2014: Gen Feb Mar Apr Mag Giu Lug Ago Set Ott Nov Dic
2013: Gen Feb Mar Apr Mag Giu Lug Ago Set Ott Nov Dic
2012: Gen Feb Mar Apr Mag Giu Lug Ago Set Ott Nov Dic
2011: Gen Feb Mar Apr Mag Giu Lug Ago Set Ott Nov Dic

Report for 2012 Marzo
                   Monthly Climatological Summary for mar 2012

Name: Galliate Meteo   City: Galliate (NO)   State: Italia
Elevation: 153 m  Lat: N 45° 28' 31"   Lon: E 008° 41' 43"

                  Temperature (°C), Rain (mm), Wind Speed (km/h)

                                      Heat  Cool        Avg
    Mean                              Deg   Deg         Wind                 Dom
Day Temp  High   Time   Low    Time   Days  Days  Rain  Speed High   Time    Dir
----------------------------------------------------------------------------------
 1  12,3  20,6   16:19   5,9   06:59   6,3   0,2   0,0   0,1   8,0   12:47   SSW
 2  13,1  22,6   16:00   5,9   07:34   5,9   0,7   0,0   0,4  11,0   14:26   SSW
 3  11,8  18,1   16:42   6,8   06:33   6,5   0,0   0,0   0,5  13,0   12:21   SSW
 4  12,4  16,4   13:47   9,2   07:35   5,9   0,0   0,0   0,0   6,0   09:50     E
 5   7,4  11,5   00:00   3,4   22:48  10,9   0,0  35,4   2,8  24,0   18:20   SSW
 6   5,6   8,8   15:46   3,0   02:35  12,7   0,0   5,6   3,0  21,0   00:16    SW
 7   7,5  13,3   14:56   2,7   07:04  10,8   0,0   0,0   0,2   8,0   13:04   SSW
 8   9,8  15,4   15:52   5,5   04:05   8,5   0,0   0,0   0,6  11,0   20:31     S
 9  10,9  15,5   15:00   6,3   23:57   7,4   0,0   0,0   1,2  13,0   04:32   SSW
10   8,6  14,6   16:10   3,9   07:00   9,7   0,0   0,0   0,5  11,0   10:42   NNW
11   9,8  16,4   16:23   3,7   05:16   8,5   0,0   0,0   0,7  13,0   15:33     W
12  12,5  19,8   15:33   5,7   06:48   6,0   0,2   0,0   0,1   8,0   00:44   SSW
13  12,4  19,3   16:05   6,9   07:21   6,0   0,1   0,0   0,6  10,0   11:24   SSE
14  12,6  20,3   16:26   6,0   07:18   5,8   0,2   0,0   0,3  10,0   11:16     S
15  13,6  21,8   16:15   6,6   07:01   5,2   0,6   0,0   0,3   8,0   12:36     S
16  13,3  19,7   16:00   8,1   06:47   5,2   0,2   0,0   0,3   8,0   13:15     S
17  12,1  17,3   14:46   7,6   06:30   6,2   0,0   0,0   0,3  10,0   15:19   SSW
18  11,7  14,1   15:20  10,0   09:06   6,6   0,0   1,0   1,0  13,0   18:51   WNW
19  10,6  15,2   15:45   7,3   09:36   7,7   0,0   5,2   1,2  19,0   09:08     S
20  11,8  18,1   14:56   6,3   06:45   6,5   0,0   0,0   0,4  18,0   13:52   ENE
21  14,9  21,8   15:42   9,6   06:59   4,1   0,7   0,0   0,4  10,0   14:38   WSW
22  15,4  23,1   15:50   9,2   06:21   3,9   1,0   0,0   0,3  10,0   10:08   ESE
23  15,2  22,7   15:29   9,3   07:07   3,8   0,8   0,0   0,6  10,0   08:58   SSW
24  15,2  22,7   16:23   9,1   06:03   4,0   0,9   0,0   0,5  10,0   12:53     S
25  15,5  22,7   16:16  12,6   23:57   3,5   0,8   0,0   0,3  11,0   17:48   SSW
26  16,0  24,3   16:31   8,3   07:48   3,8   1,5   0,0   0,5  11,0   13:39    SW
27  16,7  23,9   17:33  10,6   07:35   3,0   1,4   0,0   0,6  10,0   14:54     S
28  17,5  25,4   16:28  10,4   06:12   2,9   2,0   0,0   0,6  11,0   15:03    SW
29  18,0  27,3   16:10   9,7   07:45   2,8   2,4   0,0   0,9  13,0   16:28    SW
30  19,2  28,1   16:08  10,2   07:13   2,5   3,4   0,0   1,4  16,0   17:27   ESE
31  18,3  25,5   14:58  11,2   08:01   2,0   1,9   0,0   1,3  18,0   23:01   SSW
----------------------------------------------------------------------------------
    13,0  28,1    30     2,7     7   184,6  19,0  47,2   0,7  24,0     5     SSW

Max >=  10,0: 30
Max <=   5,0:  0
Min <=   0,0:  0
Min <=  -2,0:  0
Max Rain: 35,4 on day 5
Days of Rain: 4 (>= 0,2 mm)  3 (>= 2,0 mm)  1 (>= 20,0 mm)
Heat Base: 18,3  Cool Base: 18,3  Method: Integration