Weather Camera Radar Radar Radar Radar width= Satellite previsioni

NOAA-Style Climate Reports

Select a Year or Month report
2018: Gen Feb Mar Apr Mag Giu Lug Ago Set Ott Nov Dic
2017: Gen Feb Mar Apr Mag Giu Lug Ago Set Ott Nov Dic
2016: Gen Feb Mar Apr Mag Giu Lug Ago Set Ott Nov Dic
2015: Gen Feb Mar Apr Mag Giu Lug Ago Set Ott Nov Dic
2014: Gen Feb Mar Apr Mag Giu Lug Ago Set Ott Nov Dic
2013: Gen Feb Mar Apr Mag Giu Lug Ago Set Ott Nov Dic
2012: Gen Feb Mar Apr Mag Giu Lug Ago Set Ott Nov Dic
2011: Gen Feb Mar Apr Mag Giu Lug Ago Set Ott Nov Dic

Report for 2012 Gennaio
                   Monthly Climatological Summary for gen 2012

Name: Galliate Meteo   City: Galliate (NO)   State: Italia
Elevation: 153 m  Lat: N 45° 28' 31"   Lon: E 008° 41' 43"

                  Temperature (°C), Rain (mm), Wind Speed (km/h)

                                      Heat  Cool        Avg
    Mean                              Deg   Deg         Wind                 Dom
Day Temp  High   Time   Low    Time   Days  Days  Rain  Speed High   Time    Dir
----------------------------------------------------------------------------------
 1   4,2  10,4   15:29  -0,1   08:23  14,1   0,0   0,0   0,0   3,0   04:00     E
 2   4,0   5,8   01:02   2,6   23:58  14,3   0,0  14,6   0,0   6,0   17:24     E
 3   1,0   2,7   16:11  -0,6   09:00  17,3   0,0   0,2   0,1   8,0   05:09   WNW
 4   1,3   7,1   15:21  -1,8   05:38  17,0   0,0   0,0   0,2  10,0   14:54     W
 5   3,7   9,5   15:11  -0,6   06:38  14,6   0,0   0,4   0,2  14,0   20:45    SW
 6   7,2  12,2   13:44   3,1   08:20  11,1   0,0   0,0   1,5  21,0   04:31    SW
 7   4,8  10,7   15:12   1,0   08:44  13,5   0,0   0,0   0,8  11,0   12:29     W
 8   6,0  13,7   15:24   0,8   07:21  12,0   0,0   0,0   0,3  11,0   13:21     W
 9   6,3  13,5   13:51   1,2   04:28  10,8   0,0   0,0   0,4  11,0   13:29   WSW
10   6,0  14,3   15:33   0,8   07:17  12,3   0,0   0,0   0,4  11,0   13:12     W
11   5,1  11,3   14:36   1,2   07:52  13,2   0,0   0,0   0,0   8,0   00:10     E
12   4,4   8,4   13:35   1,3   03:17  10,2   0,0   0,0   0,0   5,0   00:34     E
13   4,9  12,7   13:45   1,3   08:11  13,4   0,0   0,0   0,2  10,0   13:41   WSW
14   0,1   2,7   11:01  -3,7   23:17  18,2   0,0   0,2   0,1   8,0   11:43   SSW
15  -3,2  -1,3   14:38  -4,9   07:22  21,5   0,0   0,0   0,0   6,0   11:53   WSW
16  -3,2  -1,7   15:33  -4,6   03:18  21,5   0,0   0,2   0,1   8,0   18:53     W
17  -2,9   0,0   15:49  -4,1   08:14  21,2   0,0   0,0   0,3   8,0   00:55     W
18  -3,0  -1,4   15:03  -4,4   01:04  21,3   0,0   0,0   0,0   6,0   00:31   WSW
19  -1,1   3,1   15:55  -4,7   04:32  19,4   0,0   0,0   0,1   6,0   01:50   WSW
20   4,8  13,5   14:19  -0,7   06:17  13,5   0,0   0,0   0,2  11,0   15:26   WSW
21   5,0   9,3   14:08   2,1   23:54  13,3   0,0   0,0   0,2  13,0   12:00     N
22   6,0  15,7   15:01   0,4   07:43  12,3   0,0   0,0   0,1  10,0   13:48   WSW
23   4,3   8,7   15:10   1,5   07:31  14,0   0,0   0,0   0,0   8,0   11:38    NE
24   2,5  10,0   15:50  -1,9   05:29  15,8   0,0   0,2   0,4  10,0   10:12   WSW
25   3,9  10,2   15:04   0,4   04:17  14,4   0,0   0,0   0,1   8,0   02:09    SW
26   2,7   7,7   15:02   0,4   02:30  15,6   0,0   0,0   0,2   8,0   11:59    NE
27   3,3   6,6   14:33   0,3   01:09  15,0   0,0   0,0   0,0   8,0   13:47     W
28   2,8   4,0   12:21   0,7   22:52  15,5   0,0   5,8   0,0   6,0   11:48    SE
29   1,7   2,9   13:34   0,7   00:00  16,6   0,0  12,0   0,5  10,0   08:55    SW
30   1,9   4,1   13:26   0,8   07:26  16,4   0,0   1,8   0,4  13,0   22:57     W
31  -0,1   1,1   00:00  -1,9   22:04  18,4   0,0   0,0   0,5  10,0   09:13     E
----------------------------------------------------------------------------------
     2,7  15,7    22    -4,9    15   477,7   0,0  35,4   0,2  21,0     6     WSW

Max >=  10,0: 12
Max <=   5,0: 11
Min <=   0,0: 13
Min <=  -2,0:  6
Max Rain: 14,6 on day 2
Days of Rain: 9 (>= 0,2 mm)  3 (>= 2,0 mm)  0 (>= 20,0 mm)
Heat Base: 18,3  Cool Base: 18,3  Method: Integration