Weather Camera Radar Radar Radar Radar width= Satellite previsioni

NOAA-Style Climate Reports

Select a Year or Month report
2018: Gen Feb Mar Apr Mag Giu Lug Ago Set Ott Nov Dic
2017: Gen Feb Mar Apr Mag Giu Lug Ago Set Ott Nov Dic
2016: Gen Feb Mar Apr Mag Giu Lug Ago Set Ott Nov Dic
2015: Gen Feb Mar Apr Mag Giu Lug Ago Set Ott Nov Dic
2014: Gen Feb Mar Apr Mag Giu Lug Ago Set Ott Nov Dic
2013: Gen Feb Mar Apr Mag Giu Lug Ago Set Ott Nov Dic
2012: Gen Feb Mar Apr Mag Giu Lug Ago Set Ott Nov Dic
2011: Gen Feb Mar Apr Mag Giu Lug Ago Set Ott Nov Dic

Report for 2011 Dicembre
                   Monthly Climatological Summary for dic 2011

Name: Galliate Meteo   City: Galliate (NO)   State: Italia
Elevation: 153 m  Lat: N 45° 28' 31"   Lon: E 008° 41' 43"

                  Temperature (°C), Rain (mm), Wind Speed (km/h)

                                      Heat  Cool        Avg
    Mean                              Deg   Deg         Wind                 Dom
Day Temp  High   Time   Low    Time   Days  Days  Rain  Speed High   Time    Dir
----------------------------------------------------------------------------------
 1   3,8   8,8   13:28  -0,4   08:12  14,5   0,0   0,2   0,0   8,0   14:09   SSW
 2   7,1  10,1   14:17   5,6   07:03  11,2   0,0   0,0   0,0   5,0   13:04     E
 3   7,0  10,1   12:46   5,2   08:28  11,3   0,0   0,0   0,0   5,0   12:42     E
 4   7,1  11,1   11:49   3,2   07:09  11,2   0,0   0,0   0,0   6,0   13:10   WSW
 5   8,8  13,6   14:02   5,8   22:21   9,5   0,0   0,0   0,3  10,0   12:53     W
 6   6,1  11,7   13:59   1,7   07:04  12,2   0,0   0,0   0,2   8,0   01:57    NE
 7   5,3  12,4   13:50   1,1   08:25  12,9   0,0   0,0   0,1   8,0   08:20     W
 8   6,9  17,2   15:18   1,5   06:50  11,4   0,0   0,0   0,0   8,0   23:59    SW
 9   6,6   8,4   11:52   4,6   01:03  11,3   0,0   0,0   0,0   6,0   10:51     E
10   6,9  12,8   14:56   3,2   23:57  11,4   0,0   0,0   0,0   5,0   00:10     W
11   5,8   9,8   12:24   1,8   05:48  12,5   0,0   0,0   0,0   3,0   01:00     W
12   6,6   7,9   14:01   3,6   23:32  11,7   0,0   0,0   0,1   6,0   20:41     W
13   3,6   8,3   15:23  -0,7   04:47  14,7   0,0   0,2   0,0   8,0   18:14     W
14   5,6   7,7   15:03   3,0   23:47  12,6   0,0   0,0   0,0   6,0   21:15     W
15   2,8   7,5   13:56   0,1   08:53  15,5   0,0   0,0   0,3  10,0   12:46   SSW
16   3,7   7,6   13:54   0,6   00:49  14,6   0,0   0,4   0,2  10,0   18:58   WSW
17   5,6  11,3   13:16   1,6   23:59  12,0   0,0   0,0   0,2  11,0   00:41     W
18   3,5   9,8   14:15   0,2   23:46   8,6   0,0   0,0   0,1   8,0   15:11     S
19   2,6   8,6   13:45  -1,7   06:25  15,6   0,0   0,0   0,4  10,0   12:04   WSW
20   1,2   7,7   14:27  -2,4   06:03  17,1   0,0   0,0   0,1   8,0   11:40     W
21   1,4  10,2   13:15  -2,8   04:45  16,9   0,0   0,0   0,0   8,0   13:16     S
22   2,5   9,3   15:17  -1,2   07:28  15,8   0,0   0,0   0,0   6,0   12:00     E
23   2,2   8,6   15:16  -0,9   08:24  16,1   0,0   0,0   0,0   5,0   12:38     E
24   6,0  13,5   14:03   0,6   00:00  12,3   0,0   0,0   2,2  27,0   13:33    SW
25   6,4  11,9   14:55   1,9   23:56  11,9   0,0   0,0   0,4  18,0   00:20    SE
26   3,6   9,4   15:10  -0,7   07:28  14,7   0,0   0,0   0,0   6,0   06:28     W
27   3,9  10,8   14:55   0,7   07:33  14,4   0,0   0,0   0,0   6,0   13:23     W
28   3,7  10,6   15:05  -0,2   08:38  14,6   0,0   0,0   0,0   5,0   14:04     E
29   2,8   7,8   14:34   0,0   23:59  15,5   0,0   0,0   0,0   6,0   13:00   SSE
30   2,2  10,0   15:23  -3,6   03:34  16,1   0,0   0,0   0,3  18,0   16:16   ESE
31   3,5  10,7   14:38  -1,3   08:32  14,8   0,0   0,0   0,0   6,0   00:37     W
----------------------------------------------------------------------------------
     4,7  17,2     8    -3,6    30   414,9   0,0   0,8   0,2  27,0    24      SW

Max >=  10,0: 16
Max <=   5,0:  0
Min <=   0,0: 12
Min <=  -2,0:  3
Max Rain: 0,4 on day 16
Days of Rain: 3 (> 0,2 mm)  0 (> 2,0 mm)  0 (> 20,0 mm)
Heat Base: 18,3  Cool Base: 18,3  Method: Integration