NOAA-Style Climate Reports
Select a Year or Month report
2024: Gen Feb Mar Apr Mag Giu Lug Ago Set Ott Nov Dic
2023: Gen Feb Mar Apr Mag Giu Lug Ago Set Ott Nov Dic
2022: Gen Feb Mar Apr Mag Giu Lug Ago Set Ott Nov Dic
2021: Gen Feb Mar Apr Mag Giu Lug Ago Set Ott Nov Dic
2020: Gen Feb Mar Apr Mag Giu Lug Ago Set Ott Nov Dic
2019: Gen Feb Mar Apr Mag Giu Lug Ago Set Ott Nov Dic
2018: Gen Feb Mar Apr Mag Giu Lug Ago Set Ott Nov Dic
2017: Gen Feb Mar Apr Mag Giu Lug Ago Set Ott Nov Dic
2016: Gen Feb Mar Apr Mag Giu Lug Ago Set Ott Nov Dic
2015: Gen Feb Mar Apr Mag Giu Lug Ago Set Ott Nov Dic
2014: Gen Feb Mar Apr Mag Giu Lug Ago Set Ott Nov Dic
2013: Gen Feb Mar Apr Mag Giu Lug Ago Set Ott Nov Dic
2012: Gen Feb Mar Apr Mag Giu Lug Ago Set Ott Nov Dic
2011: Gen Feb Mar Apr Mag Giu Lug Ago Set Ott Nov Dic
2024: Gen Feb Mar Apr Mag Giu Lug Ago Set Ott Nov Dic
2023: Gen Feb Mar Apr Mag Giu Lug Ago Set Ott Nov Dic
2022: Gen Feb Mar Apr Mag Giu Lug Ago Set Ott Nov Dic
2021: Gen Feb Mar Apr Mag Giu Lug Ago Set Ott Nov Dic
2020: Gen Feb Mar Apr Mag Giu Lug Ago Set Ott Nov Dic
2019: Gen Feb Mar Apr Mag Giu Lug Ago Set Ott Nov Dic
2018: Gen Feb Mar Apr Mag Giu Lug Ago Set Ott Nov Dic
2017: Gen Feb Mar Apr Mag Giu Lug Ago Set Ott Nov Dic
2016: Gen Feb Mar Apr Mag Giu Lug Ago Set Ott Nov Dic
2015: Gen Feb Mar Apr Mag Giu Lug Ago Set Ott Nov Dic
2014: Gen Feb Mar Apr Mag Giu Lug Ago Set Ott Nov Dic
2013: Gen Feb Mar Apr Mag Giu Lug Ago Set Ott Nov Dic
2012: Gen Feb Mar Apr Mag Giu Lug Ago Set Ott Nov Dic
2011: Gen Feb Mar Apr Mag Giu Lug Ago Set Ott Nov Dic
Report for 2021 Aprile
Monthly Climatological Summary for apr 2021 Name: Galliate Meteo City: Galliate (NO) State: Italia Elevation: 153 m Lat: N 45° 28' 31" Lon: E 008° 41' 43" Temperature (°C), Rain (mm), Wind Speed (km/h) Heat Cool Avg Mean Deg Deg Wind Dom Day Temp High Time Low Time Days Days Rain Speed High Time Dir ---------------------------------------------------------------------------------- 1 18,8 26,0 17:17 13,3 05:40 1,8 2,3 0,0 4,6 18,0 16:20 SSW 2 17,9 26,6 15:58 9,9 07:00 2,4 2,0 0,0 5,3 31,0 17:44 SSW 3 15,1 20,1 14:15 10,0 07:16 3,4 0,3 0,0 8,1 37,0 16:54 ESE 4 12,7 16,5 16:12 9,2 07:48 5,6 0,0 0,0 5,9 26,0 15:10 E 5 11,4 16,0 18:09 6,1 05:57 6,9 0,0 0,0 4,4 26,0 19:24 SSE 6 9,2 13,4 15:09 4,3 23:58 9,1 0,0 0,0 12,4 61,0 12:54 NNE 7 7,2 11,9 17:57 2,2 06:12 11,1 0,0 0,0 8,2 47,0 13:23 NNW 8 8,9 15,9 17:38 1,2 06:59 9,4 0,0 0,0 5,8 26,0 19:30 SSW 9 10,3 15,6 16:03 5,8 04:49 8,0 0,0 0,2 3,8 18,0 14:23 E 10 10,9 14,0 12:40 8,7 23:37 7,4 0,0 2,0 2,7 14,0 16:33 WNW 11 9,3 11,7 18:16 7,5 06:51 9,0 0,0 10,4 4,8 23,0 02:53 N 12 10,7 14,2 16:37 8,8 09:05 7,6 0,0 6,4 7,3 43,0 17:26 N 13 11,7 16,3 16:43 7,4 06:08 6,6 0,0 0,0 7,9 35,0 10:02 NNE 14 9,6 13,7 16:09 4,4 06:15 8,7 0,0 0,0 4,4 21,0 11:51 ENE 15 8,2 11,4 18:01 5,4 05:24 10,1 0,0 2,6 7,5 34,0 07:51 NNE 16 9,4 13,5 14:49 5,6 04:49 8,9 0,0 0,0 4,8 23,0 12:25 NE 17 5,8 8,7 00:00 4,3 06:39 4,5 0,0 0,0 3,1 10,0 02:17 NNW 18 12,5 15,1 14:53 0,0 09:55 3,4 0,0 0,0 6,0 26,0 17:25 ESE 19 11,8 17,3 16:00 5,8 07:04 6,5 0,0 0,0 4,5 27,0 13:28 SSE 20 13,5 19,9 17:03 6,9 06:43 5,0 0,2 0,0 5,4 29,0 19:03 S 21 12,9 17,0 14:57 8,5 06:56 5,4 0,0 0,2 4,2 27,0 15:11 S 22 14,2 19,9 17:42 7,7 07:03 4,3 0,2 0,0 4,5 19,0 15:36 SE 23 15,6 21,1 17:39 9,7 06:23 3,2 0,5 0,0 4,6 21,0 16:41 ESE 24 17,1 23,1 17:39 11,6 06:38 2,4 1,1 0,0 4,1 19,0 12:50 E 25 17,8 24,2 16:51 11,4 06:54 2,1 1,5 0,0 5,1 26,0 20:18 SSE 26 14,3 16,8 00:00 11,1 23:55 4,0 0,0 1,4 4,3 24,0 13:51 SE 27 12,4 15,7 16:26 10,0 06:50 5,9 0,0 1,0 3,1 16,0 15:55 E 28 14,2 17,6 16:23 11,6 07:02 3,9 0,0 2,2 2,8 16,0 12:35 N 29 13,9 15,6 13:58 12,8 05:02 4,4 0,0 9,4 4,7 26,0 12:26 ESE 30 14,8 18,2 17:31 12,5 06:39 3,5 0,0 0,0 4,2 19,0 15:41 ENE ---------------------------------------------------------------------------------- 12,4 26,6 2 0,0 18 174,5 8,1 35,8 5,3 61,0 6 E Max >= 10,0: 29 Max <= 5,0: 0 Min <= 0,0: 1 Min <= -2,0: 0 Max Rain: 10,4 on day 11 Days of Rain: 10 (>= 0,2 mm) 6 (>= 2,0 mm) 0 (>= 20,0 mm) Heat Base: 18,3 Cool Base: 18,3 Method: Integration