NOAA-Style Climate Reports
Select a Year or Month report
2024: Gen Feb Mar Apr Mag Giu Lug Ago Set Ott Nov Dic
2023: Gen Feb Mar Apr Mag Giu Lug Ago Set Ott Nov Dic
2022: Gen Feb Mar Apr Mag Giu Lug Ago Set Ott Nov Dic
2021: Gen Feb Mar Apr Mag Giu Lug Ago Set Ott Nov Dic
2020: Gen Feb Mar Apr Mag Giu Lug Ago Set Ott Nov Dic
2019: Gen Feb Mar Apr Mag Giu Lug Ago Set Ott Nov Dic
2018: Gen Feb Mar Apr Mag Giu Lug Ago Set Ott Nov Dic
2017: Gen Feb Mar Apr Mag Giu Lug Ago Set Ott Nov Dic
2016: Gen Feb Mar Apr Mag Giu Lug Ago Set Ott Nov Dic
2015: Gen Feb Mar Apr Mag Giu Lug Ago Set Ott Nov Dic
2014: Gen Feb Mar Apr Mag Giu Lug Ago Set Ott Nov Dic
2013: Gen Feb Mar Apr Mag Giu Lug Ago Set Ott Nov Dic
2012: Gen Feb Mar Apr Mag Giu Lug Ago Set Ott Nov Dic
2011: Gen Feb Mar Apr Mag Giu Lug Ago Set Ott Nov Dic
2024: Gen Feb Mar Apr Mag Giu Lug Ago Set Ott Nov Dic
2023: Gen Feb Mar Apr Mag Giu Lug Ago Set Ott Nov Dic
2022: Gen Feb Mar Apr Mag Giu Lug Ago Set Ott Nov Dic
2021: Gen Feb Mar Apr Mag Giu Lug Ago Set Ott Nov Dic
2020: Gen Feb Mar Apr Mag Giu Lug Ago Set Ott Nov Dic
2019: Gen Feb Mar Apr Mag Giu Lug Ago Set Ott Nov Dic
2018: Gen Feb Mar Apr Mag Giu Lug Ago Set Ott Nov Dic
2017: Gen Feb Mar Apr Mag Giu Lug Ago Set Ott Nov Dic
2016: Gen Feb Mar Apr Mag Giu Lug Ago Set Ott Nov Dic
2015: Gen Feb Mar Apr Mag Giu Lug Ago Set Ott Nov Dic
2014: Gen Feb Mar Apr Mag Giu Lug Ago Set Ott Nov Dic
2013: Gen Feb Mar Apr Mag Giu Lug Ago Set Ott Nov Dic
2012: Gen Feb Mar Apr Mag Giu Lug Ago Set Ott Nov Dic
2011: Gen Feb Mar Apr Mag Giu Lug Ago Set Ott Nov Dic
Report for 2021 Gennaio
Monthly Climatological Summary for gen 2021 Name: Galliate Meteo City: Galliate (NO) State: Italia Elevation: 153 m Lat: N 45° 28' 31" Lon: E 008° 41' 43" Temperature (°C), Rain (mm), Wind Speed (km/h) Heat Cool Avg Mean Deg Deg Wind Dom Day Temp High Time Low Time Days Days Rain Speed High Time Dir ---------------------------------------------------------------------------------- 1 2,5 3,1 23:04 1,7 12:20 15,8 0,0 11,2 3,3 14,0 10:17 N 2 4,6 5,8 16:12 2,9 00:00 13,7 0,0 17,6 6,8 27,0 12:03 N 3 5,4 6,8 14:55 3,4 07:47 12,9 0,0 3,4 5,2 27,0 08:11 ENE 4 5,2 6,0 16:26 4,7 05:38 13,1 0,0 3,8 5,1 23,0 05:22 N 5 4,4 5,9 15:53 2,9 22:52 13,9 0,0 3,8 3,6 21,0 18:02 N 6 3,5 5,0 16:21 2,7 22:57 14,8 0,0 1,2 1,4 10,0 00:28 SW 7 2,9 5,2 14:27 1,0 07:45 15,4 0,0 0,0 3,2 13,0 09:54 NW 8 1,7 5,8 14:23 -1,2 07:58 16,6 0,0 0,0 3,6 14,0 14:27 NW 9 1,7 4,7 14:40 0,2 01:01 16,6 0,0 0,0 4,0 14,0 12:45 NNW 10 1,8 5,6 15:08 -0,9 23:46 16,5 0,0 0,0 3,0 14,0 04:48 NNW 11 0,4 5,0 14:03 -2,5 07:51 17,9 0,0 0,0 2,5 13,0 02:25 NNW 12 0,3 4,6 15:24 -2,8 05:04 18,0 0,0 0,0 2,7 14,0 13:17 W 13 4,0 11,4 16:04 -1,2 01:24 14,3 0,0 0,0 3,8 19,0 21:14 WNW 14 4,0 11,3 12:56 -0,5 05:22 14,3 0,0 0,0 5,5 27,0 15:40 NNE 15 4,7 6,8 13:12 0,7 23:50 13,6 0,0 0,0 2,1 18,0 00:07 NE 16 1,7 5,6 14:47 -0,9 05:34 16,6 0,0 0,0 2,7 14,0 14:20 NW 17 1,9 6,2 15:32 -1,3 07:55 16,4 0,0 0,0 2,5 11,0 12:55 SW 18 -1,2 0,4 00:00 -2,9 23:57 19,5 0,0 0,0 1,9 13,0 10:41 SW 19 0,2 3,9 14:43 -3,5 07:04 18,1 0,0 0,2 2,0 11,0 08:25 SSW 20 2,5 3,3 13:08 1,9 02:22 15,8 0,0 2,4 2,4 13,0 13:37 E 21 3,2 3,7 13:57 2,7 00:00 15,1 0,0 6,8 1,2 10,0 06:43 WSW 22 4,0 5,3 16:17 3,0 01:36 14,3 0,0 18,8 2,7 24,0 20:06 N 23 7,0 10,2 13:49 4,9 23:51 11,2 0,0 0,0 5,7 31,0 04:03 NNW 24 5,2 11,3 15:31 1,3 08:46 13,1 0,0 0,0 3,9 18,0 05:40 WNW 25 4,7 9,2 16:18 1,2 08:03 13,6 0,0 0,0 3,8 18,0 14:37 WNW 26 5,0 10,6 15:11 -0,1 08:13 13,3 0,0 0,0 4,4 19,0 01:00 NW 27 3,1 6,8 15:53 -0,7 08:17 15,2 0,0 0,0 4,0 19,0 17:57 NNW 28 3,7 8,8 15:12 0,2 07:22 14,6 0,0 0,0 3,3 16,0 15:44 WSW 29 4,4 8,9 16:14 1,9 05:13 13,9 0,0 0,0 3,4 16,0 13:35 WNW 30 6,1 10,9 11:35 2,6 04:20 12,2 0,0 2,2 4,1 19,0 09:31 NNW 31 6,4 11,1 16:11 3,4 08:42 11,9 0,0 1,8 2,4 14,0 11:36 W ---------------------------------------------------------------------------------- 3,4 11,4 13 -3,5 19 462,2 0,0 73,2 3,4 31,0 23 NNW Max >= 10,0: 7 Max <= 5,0: 9 Min <= 0,0: 12 Min <= -2,0: 4 Max Rain: 18,8 on day 22 Days of Rain: 12 (>= 0,2 mm) 9 (>= 2,0 mm) 0 (>= 20,0 mm) Heat Base: 18,3 Cool Base: 18,3 Method: Integration