NOAA-Style Climate Reports
Select a Year or Month report
2024: Gen Feb Mar Apr Mag Giu Lug Ago Set Ott Nov Dic
2023: Gen Feb Mar Apr Mag Giu Lug Ago Set Ott Nov Dic
2022: Gen Feb Mar Apr Mag Giu Lug Ago Set Ott Nov Dic
2021: Gen Feb Mar Apr Mag Giu Lug Ago Set Ott Nov Dic
2020: Gen Feb Mar Apr Mag Giu Lug Ago Set Ott Nov Dic
2019: Gen Feb Mar Apr Mag Giu Lug Ago Set Ott Nov Dic
2018: Gen Feb Mar Apr Mag Giu Lug Ago Set Ott Nov Dic
2017: Gen Feb Mar Apr Mag Giu Lug Ago Set Ott Nov Dic
2016: Gen Feb Mar Apr Mag Giu Lug Ago Set Ott Nov Dic
2015: Gen Feb Mar Apr Mag Giu Lug Ago Set Ott Nov Dic
2014: Gen Feb Mar Apr Mag Giu Lug Ago Set Ott Nov Dic
2013: Gen Feb Mar Apr Mag Giu Lug Ago Set Ott Nov Dic
2012: Gen Feb Mar Apr Mag Giu Lug Ago Set Ott Nov Dic
2011: Gen Feb Mar Apr Mag Giu Lug Ago Set Ott Nov Dic
2024: Gen Feb Mar Apr Mag Giu Lug Ago Set Ott Nov Dic
2023: Gen Feb Mar Apr Mag Giu Lug Ago Set Ott Nov Dic
2022: Gen Feb Mar Apr Mag Giu Lug Ago Set Ott Nov Dic
2021: Gen Feb Mar Apr Mag Giu Lug Ago Set Ott Nov Dic
2020: Gen Feb Mar Apr Mag Giu Lug Ago Set Ott Nov Dic
2019: Gen Feb Mar Apr Mag Giu Lug Ago Set Ott Nov Dic
2018: Gen Feb Mar Apr Mag Giu Lug Ago Set Ott Nov Dic
2017: Gen Feb Mar Apr Mag Giu Lug Ago Set Ott Nov Dic
2016: Gen Feb Mar Apr Mag Giu Lug Ago Set Ott Nov Dic
2015: Gen Feb Mar Apr Mag Giu Lug Ago Set Ott Nov Dic
2014: Gen Feb Mar Apr Mag Giu Lug Ago Set Ott Nov Dic
2013: Gen Feb Mar Apr Mag Giu Lug Ago Set Ott Nov Dic
2012: Gen Feb Mar Apr Mag Giu Lug Ago Set Ott Nov Dic
2011: Gen Feb Mar Apr Mag Giu Lug Ago Set Ott Nov Dic
Report for 2020 Novembre
Monthly Climatological Summary for nov 2020 Name: Galliate Meteo City: Galliate (NO) State: Italia Elevation: 153 m Lat: N 45° 28' 31" Lon: E 008° 41' 43" Temperature (°C), Rain (mm), Wind Speed (km/h) Heat Cool Avg Mean Deg Deg Wind Dom Day Temp High Time Low Time Days Days Rain Speed High Time Dir ---------------------------------------------------------------------------------- 1 10,5 12,8 14:46 8,2 07:11 7,8 0,0 0,2 0,8 8,0 16:00 W 2 11,7 16,9 15:22 7,7 08:01 6,6 0,0 0,2 1,2 13,0 14:37 S 3 13,4 15,4 14:25 12,0 01:52 4,9 0,0 0,0 0,5 8,0 14:47 S 4 14,3 16,8 15:43 12,7 23:57 4,0 0,0 1,0 0,9 13,0 13:51 SW 5 13,7 18,2 12:52 9,6 06:39 4,6 0,0 0,2 1,2 11,0 11:58 SE 6 13,9 18,1 14:19 10,4 23:29 4,4 0,0 0,2 0,8 10,0 15:44 WNW 7 12,1 18,1 14:11 8,1 07:32 6,2 0,0 0,2 1,2 10,0 14:45 W 8 12,3 18,2 15:46 8,2 04:07 6,0 0,0 0,2 1,0 13,0 13:15 WSW 9 12,4 18,5 14:54 7,8 07:43 5,9 0,0 0,0 1,3 11,0 15:41 NW 10 11,7 17,0 13:26 8,3 07:33 6,6 0,0 0,2 1,3 11,0 13:56 W 11 9,8 11,4 12:21 7,6 04:04 8,5 0,0 0,2 0,8 11,0 14:43 ENE 12 11,2 13,9 13:31 9,8 06:53 7,1 0,0 0,0 1,3 13,0 15:24 SSW 13 11,4 12,9 14:01 9,9 23:58 6,9 0,0 0,0 0,5 10,0 14:45 SSW 14 10,6 13,5 14:18 7,8 05:47 7,7 0,0 0,0 1,4 10,0 07:09 N 15 11,3 13,1 10:22 9,7 00:56 7,0 0,0 0,0 0,8 8,0 12:52 WNW 16 10,6 13,7 13:49 7,8 22:57 7,7 0,0 4,2 2,2 14,0 14:03 SW 17 7,8 12,6 13:19 4,6 23:59 10,5 0,0 0,4 2,1 13,0 13:24 SW 18 5,2 9,4 15:59 2,6 07:30 13,1 0,0 0,2 0,9 10,0 12:13 S 19 5,5 12,5 15:24 0,9 08:13 12,8 0,0 0,2 1,4 11,0 17:06 S 20 8,1 13,6 15:43 4,2 08:04 10,2 0,0 0,2 2,2 18,0 03:24 SW 21 7,4 11,1 13:59 3,2 23:57 10,9 0,0 0,0 2,0 14,0 16:05 E 22 5,0 10,2 15:13 1,0 07:52 13,3 0,0 0,0 2,1 16,0 13:46 WNW 23 5,3 10,9 15:08 0,2 05:27 12,9 0,0 0,0 1,0 10,0 11:47 ESE 24 6,6 13,2 14:48 2,1 06:56 11,7 0,0 0,0 1,6 8,0 00:20 NW 25 7,0 11,1 13:45 2,4 08:40 7,6 0,0 0,0 0,9 11,0 14:12 S 26 4,7 10,3 14:12 1,0 06:49 13,6 0,0 0,0 0,7 11,0 13:06 SSW 27 4,3 7,2 14:02 0,3 07:42 14,0 0,0 0,2 1,0 11,0 13:19 S 28 5,5 7,8 14:39 2,0 05:51 12,8 0,0 0,0 0,8 10,0 13:52 NW 29 7,6 10,8 15:39 4,6 22:53 10,7 0,0 0,0 2,0 18,0 01:58 N 30 5,4 7,7 14:58 2,4 05:40 12,9 0,0 0,2 1,5 11,0 12:16 NE ---------------------------------------------------------------------------------- 9,2 18,5 9 0,2 23 268,9 0,0 8,2 1,2 18,0 20 SW Max >= 10,0: 26 Max <= 5,0: 0 Min <= 0,0: 0 Min <= -2,0: 0 Max Rain: 4,2 on day 16 Days of Rain: 16 (>= 0,2 mm) 1 (>= 2,0 mm) 0 (>= 20,0 mm) Heat Base: 18,3 Cool Base: 18,3 Method: Integration