Weather Camera Radar Radar Radar Radar width= Satellite previsioni

NOAA-Style Climate Reports


Report for 2020 Ottobre
                   Monthly Climatological Summary for ott 2020

Name: Galliate Meteo   City: Galliate (NO)   State: Italia
Elevation: 153 m  Lat: N 45░ 28' 31"   Lon: E 008░ 41' 43"

                  Temperature (░C), Rain (mm), Wind Speed (km/h)

                                      Heat  Cool        Avg
    Mean                              Deg   Deg         Wind                 Dom
Day Temp  High   Time   Low    Time   Days  Days  Rain  Speed High   Time    Dir
----------------------------------------------------------------------------------
 1  17,2  20,9   16:02  14,9   04:33   1,6   0,5   0,0   2,3  14,0   13:51   ESE
 2  15,7  16,7   21:21  14,9   01:16   2,6   0,0  69,6  15,8  56,0   20:41     E
 3  16,6  19,9   15:33  13,8   23:15   1,8   0,2  15,4  14,9  51,0   04:01    SE
 4  14,4  20,6   14:45  10,6   07:14   4,2   0,2  15,2   6,4  40,0   17:50    SE
 5  13,4  16,7   14:43  10,8   04:03   4,9   0,0   0,0   4,5  18,0   02:40    NW
 6  14,0  18,0   15:16  10,5   04:54   4,3   0,0   0,0   3,4  16,0   10:41   NNE
 7  16,1  23,0   16:52  11,3   07:39   3,1   0,8   0,0   4,1  18,0   10:58    NW
 8  15,7  22,4   15:39   9,5   07:41   3,5   0,9   0,0   3,1  18,0   16:05   NNW
 9  15,1  19,5   16:13  11,5   07:10   3,3   0,1   0,0   3,1  13,0   02:21     N
10  15,3  20,7   14:56  10,3   08:20   3,4   0,4   0,0   3,8  16,0   13:37    NW
11  12,7  16,2   14:33   9,5   23:56   5,6   0,0   0,0   4,2  27,0   15:32    SE
12  12,2  19,1   15:10   6,0   07:51   6,2   0,1   0,2   5,8  31,0   16:14     N
13  11,6  17,7   16:15   5,2   07:27   6,7   0,0   0,0   3,8  19,0   13:39    NW
14  11,4  16,0   16:19   8,6   08:49   6,9   0,0   1,2   3,1  14,0   08:47     N
15  10,5  11,7   00:00   9,7   09:47   5,3   0,0   7,8   4,0  19,0   10:15   WNW
16  12,6  15,8   17:46   0,0   17:46   1,5   0,0   0,0   0,9   8,0   23:47     W
17  11,5  17,7   15:57   6,4   07:30   6,8   0,0   0,2   2,1  16,0   13:43   ENE
18  11,8  16,6   16:52   9,2   02:57   6,5   0,0   0,0   2,6  13,0   00:44     N
19  11,6  16,8   16:36   8,5   04:27   6,7   0,0   0,2   2,3  10,0   03:01   NNW
20  11,6  15,1   13:44   8,1   05:27   6,7   0,0   0,2   1,9  11,0   15:48   NNW
21  12,5  14,4   15:35  10,4   06:58   5,8   0,0   0,0   2,3  13,0   20:06    NW
22  13,0  14,3   15:02  12,1   08:21   5,3   0,0   1,2   1,7  10,0   03:13   WSW
23  13,2  13,9   13:46  12,6   00:19   5,1   0,0   9,0   1,1  14,0   17:17   ENE
24  14,0  17,3   15:58  12,3   23:02   4,3   0,0   0,0   2,2  14,0   14:43    SW
25  13,3  14,8   15:38  11,6   02:18   5,2   0,0   0,8   1,5  14,0   05:26     N
26  13,3  14,0   00:00  10,2   23:19   5,0   0,0  23,2   6,8  34,0   08:11     E
27  12,0  15,9   15:00   9,5   07:15   6,3   0,0   0,6   4,9  50,0   02:16   WNW
28  12,2  17,5   14:25   7,9   06:43   6,1   0,0   0,0   2,2  16,0   12:52   WNW
29  11,7  16,3   15:20   8,5   05:29   6,6   0,0   0,0   2,5  13,0   10:05    NW
30  12,8  18,5   15:49   7,9   07:12   5,5   0,0   0,2   0,8  10,0   11:54    SW
31  11,1  14,2   15:12   8,9   22:40   7,2   0,0   0,2   0,7  11,0   15:10    SE
----------------------------------------------------------------------------------
    13,2  23,0     7     0,0    16   154,0   3,2 145,2   3,9  56,0     2      NE

Max >=  10,0: 31
Max <=   5,0:  0
Min <=   0,0:  1
Min <=  -2,0:  0
Max Rain: 69,6 on day 2
Days of Rain: 16 (>= 0,2 mm)  6 (>= 2,0 mm)  2 (>= 20,0 mm)
Heat Base: 18,3  Cool Base: 18,3  Method: Integration