Weather Camera Radar Radar Radar Radar width= Satellite previsioni

NOAA-Style Climate Reports


Report for 2020 Agosto
                   Monthly Climatological Summary for ago 2020

Name: Galliate Meteo   City: Galliate (NO)   State: Italia
Elevation: 153 m  Lat: N 45░ 28' 31"   Lon: E 008░ 41' 43"

                  Temperature (░C), Rain (mm), Wind Speed (km/h)

                                      Heat  Cool        Avg
    Mean                              Deg   Deg         Wind                 Dom
Day Temp  High   Time   Low    Time   Days  Days  Rain  Speed High   Time    Dir
----------------------------------------------------------------------------------
 1  29,7  35,3   17:02  24,6   05:48   0,0  11,4   0,0   5,2  32,0   22:28     N
 2  26,6  31,5   14:22  21,7   23:16   0,0   8,3   0,2   6,4  39,0   21:38     E
 3  21,4  24,3   11:02  19,1   20:53   0,0   3,1   0,4   3,9  21,0   16:40     N
 4  23,3  29,4   15:24  18,4   06:43   0,0   5,0   0,4   7,3  35,0   15:34     N
 5  23,0  27,6   17:13  16,5   05:25   0,1   4,8   0,0   4,6  23,0   15:35   SSE
 6  24,3  29,4   17:49  18,3   06:09   0,0   6,0   0,0   4,3  21,0   15:15   WSW
 7  25,6  30,8   16:37  19,6   06:23   0,0   7,3   0,0   4,5  19,0   14:27   SSE
 8  27,2  31,8   15:53  21,8   06:04   0,0   8,9   0,0   4,7  19,0   13:29   WNW
 9  27,7  32,6   17:25  22,1   04:46   0,0   9,4   0,0   4,4  18,0   12:40     S
10  27,0  32,6   16:59  22,4   06:13   0,0   8,7   0,0   6,0  34,0   18:50    SW
11  26,9  31,8   16:59  21,7   07:13   0,0   8,6   0,0   4,8  18,0   12:16     E
12  27,2  31,7   15:43  23,2   06:55   0,0   8,9   1,2   4,5  29,0   21:16   ESE
13  25,3  30,6   17:18  20,8   07:12   0,0   7,0   0,0   4,4  18,0   12:55   WNW
14  25,4  30,9   17:03  21,0   05:42   0,0   5,6   0,2   4,6  21,0   16:27   WSW
15  26,0  31,2   16:34  20,9   06:33   0,0   7,7   0,0   4,4  21,0   17:11    SE
16  25,1  29,4   16:25  20,9   10:30   0,0   6,8   0,0   4,6  29,0   08:46   NNE
17  24,0  27,8   19:13  20,4   05:59   0,0   5,7   0,0   4,0  23,0   12:36   NNW
18  24,5  29,6   19:07  19,4   06:59   0,0   6,2   0,0   4,5  24,0   16:01   SSW
19  24,9  29,3   17:20  20,1   06:41   0,0   6,6   0,0   4,1  21,0   15:14   SSE
20  26,4  30,9   17:28  21,3   05:26   0,0   8,1   0,0   3,6  19,0   15:23     S
21  27,5  32,1   16:27  22,8   03:22   0,0   9,2   0,0   4,1  18,0   12:30    SE
22  27,8  32,9   17:27  23,4   06:40   0,0   9,5   0,0   4,2  21,0   14:28    SE
23  26,1  31,0   16:54  21,6   07:33   0,0   7,8   0,0   4,2  29,0   22:52     E
24  24,4  28,4   15:53  20,8   23:54   0,0   6,1   0,0   6,2  24,0   13:42    NE
25  24,4  28,8   16:38  20,2   03:48   0,0   6,1   0,0   4,6  19,0   12:44     E
26  25,3  30,1   17:55  20,7   07:16   0,0   7,0   0,0   3,9  18,0   14:57    SW
27  25,3  29,9   16:24  19,8   05:46   0,0   7,0   0,0   4,0  19,0   13:46   SSE
28  23,9  27,8   15:05  20,3   23:31   0,0   5,6   6,6   4,9  29,0   17:47   ESE
29  21,1  23,9   12:23  19,2   23:48   0,0   2,8   2,8   6,2  32,0   13:38     E
30  21,2  26,2   18:50  16,6   10:24   0,0   2,9   3,4   6,2  40,0   09:15    NE
31  19,7  25,6   17:43  14,8   06:22   0,7   2,1   0,4   3,9  18,0   04:21     W
----------------------------------------------------------------------------------
    25,1  35,3     1    14,8    31     0,8 210,2  15,6   4,8  40,0    30      SE

Max >=  10,0: 31
Max <=   5,0:  0
Min <=   0,0:  0
Min <=  -2,0:  0
Max Rain: 6,6 on day 28
Days of Rain: 9 (>= 0,2 mm)  3 (>= 2,0 mm)  0 (>= 20,0 mm)
Heat Base: 18,3  Cool Base: 18,3  Method: Integration