NOAA-Style Climate Reports
Select a Year or Month report
2024: Gen Feb Mar Apr Mag Giu Lug Ago Set Ott Nov Dic
2023: Gen Feb Mar Apr Mag Giu Lug Ago Set Ott Nov Dic
2022: Gen Feb Mar Apr Mag Giu Lug Ago Set Ott Nov Dic
2021: Gen Feb Mar Apr Mag Giu Lug Ago Set Ott Nov Dic
2020: Gen Feb Mar Apr Mag Giu Lug Ago Set Ott Nov Dic
2019: Gen Feb Mar Apr Mag Giu Lug Ago Set Ott Nov Dic
2018: Gen Feb Mar Apr Mag Giu Lug Ago Set Ott Nov Dic
2017: Gen Feb Mar Apr Mag Giu Lug Ago Set Ott Nov Dic
2016: Gen Feb Mar Apr Mag Giu Lug Ago Set Ott Nov Dic
2015: Gen Feb Mar Apr Mag Giu Lug Ago Set Ott Nov Dic
2014: Gen Feb Mar Apr Mag Giu Lug Ago Set Ott Nov Dic
2013: Gen Feb Mar Apr Mag Giu Lug Ago Set Ott Nov Dic
2012: Gen Feb Mar Apr Mag Giu Lug Ago Set Ott Nov Dic
2011: Gen Feb Mar Apr Mag Giu Lug Ago Set Ott Nov Dic
2024: Gen Feb Mar Apr Mag Giu Lug Ago Set Ott Nov Dic
2023: Gen Feb Mar Apr Mag Giu Lug Ago Set Ott Nov Dic
2022: Gen Feb Mar Apr Mag Giu Lug Ago Set Ott Nov Dic
2021: Gen Feb Mar Apr Mag Giu Lug Ago Set Ott Nov Dic
2020: Gen Feb Mar Apr Mag Giu Lug Ago Set Ott Nov Dic
2019: Gen Feb Mar Apr Mag Giu Lug Ago Set Ott Nov Dic
2018: Gen Feb Mar Apr Mag Giu Lug Ago Set Ott Nov Dic
2017: Gen Feb Mar Apr Mag Giu Lug Ago Set Ott Nov Dic
2016: Gen Feb Mar Apr Mag Giu Lug Ago Set Ott Nov Dic
2015: Gen Feb Mar Apr Mag Giu Lug Ago Set Ott Nov Dic
2014: Gen Feb Mar Apr Mag Giu Lug Ago Set Ott Nov Dic
2013: Gen Feb Mar Apr Mag Giu Lug Ago Set Ott Nov Dic
2012: Gen Feb Mar Apr Mag Giu Lug Ago Set Ott Nov Dic
2011: Gen Feb Mar Apr Mag Giu Lug Ago Set Ott Nov Dic
Report for 2020 Giugnio
Monthly Climatological Summary for giu 2020 Name: Galliate Meteo City: Galliate (NO) State: Italia Elevation: 153 m Lat: N 45° 28' 31" Lon: E 008° 41' 43" Temperature (°C), Rain (mm), Wind Speed (km/h) Heat Cool Avg Mean Deg Deg Wind Dom Day Temp High Time Low Time Days Days Rain Speed High Time Dir ---------------------------------------------------------------------------------- 1 21,0 25,8 18:08 15,6 06:04 0,6 3,3 0,0 3,9 21,0 17:10 SSE 2 22,4 28,4 17:17 17,6 06:06 0,1 4,2 0,0 7,4 35,0 20:23 SSE 3 20,3 26,3 15:16 15,2 05:55 0,5 2,4 0,6 6,7 34,0 18:15 S 4 16,7 17,8 13:32 15,0 23:59 1,6 0,0 10,0 8,2 29,0 10:09 E 5 19,6 25,7 18:31 13,3 06:27 1,5 2,8 0,8 5,0 23,0 13:57 SSW 6 20,9 25,6 16:20 15,8 06:14 0,4 3,0 0,0 6,3 32,0 19:05 SSE 7 18,0 23,7 14:45 14,8 21:38 0,9 0,7 9,4 8,3 39,0 12:27 ESE 8 16,2 21,3 16:50 13,3 03:50 2,4 0,3 21,2 4,6 29,0 19:29 N 9 17,3 21,7 14:32 14,2 05:58 1,7 0,7 0,4 5,7 26,0 16:12 NW 10 17,3 21,2 11:54 13,1 06:19 1,5 0,5 2,4 4,5 26,0 16:34 SE 11 16,8 21,2 17:39 14,3 07:26 1,9 0,4 4,2 4,9 21,0 13:32 ENE 12 18,9 23,6 16:03 15,2 05:15 0,9 1,4 0,0 3,0 16,0 17:37 NW 13 19,0 24,7 14:42 15,8 03:43 0,9 1,6 4,0 5,4 32,0 17:10 W 14 21,1 27,0 18:48 16,1 06:44 0,6 3,4 0,0 3,9 19,0 15:01 S 15 22,0 26,9 15:57 17,1 06:15 0,1 3,8 2,8 4,6 31,0 19:15 ESE 16 21,5 26,7 16:38 17,3 06:25 0,1 3,3 0,0 4,1 19,0 17:53 ESE 17 19,0 22,7 17:58 16,4 06:53 0,4 1,1 1,6 5,7 26,0 15:54 NNW 18 18,9 24,8 15:50 15,1 04:59 0,9 1,4 25,4 5,1 45,0 17:19 SW 19 20,5 26,5 18:55 14,1 05:44 1,0 3,2 0,0 4,7 23,0 14:34 SW 20 22,1 27,4 17:20 15,9 05:22 0,3 4,1 0,0 4,3 21,0 15:39 SSW 21 25,5 30,9 16:13 19,4 03:44 0,0 7,2 0,0 7,1 31,0 11:48 NNW 22 25,8 31,4 18:49 19,7 05:32 0,0 7,5 0,0 6,8 23,0 12:40 W 23 26,2 30,9 18:47 20,7 05:49 0,0 7,9 0,0 4,9 18,0 08:01 N 24 25,8 30,6 18:18 20,4 05:48 0,0 7,5 0,0 5,5 26,0 08:57 ESE 25 25,1 28,7 19:12 21,6 05:49 0,0 6,8 0,0 5,3 23,0 12:12 ESE 26 24,1 27,8 18:36 20,3 07:05 0,0 5,4 0,0 5,9 26,0 02:34 SE 27 24,6 29,8 16:51 20,0 05:34 0,0 6,3 0,0 5,8 24,0 19:06 W 28 25,2 30,6 18:36 19,1 06:35 0,0 6,9 0,0 4,3 19,0 13:41 WSW 29 25,8 31,2 17:59 20,8 06:06 0,0 7,5 0,0 5,3 21,0 11:49 S 30 26,1 30,2 18:30 22,1 04:56 0,0 7,8 0,0 3,6 18,0 14:44 SSE ---------------------------------------------------------------------------------- 21,5 31,4 22 13,1 10 18,3 112,4 82,8 5,4 45,0 18 SSE Max >= 10,0: 30 Max <= 5,0: 0 Min <= 0,0: 0 Min <= -2,0: 0 Max Rain: 25,4 on day 18 Days of Rain: 12 (>= 0,2 mm) 8 (>= 2,0 mm) 2 (>= 20,0 mm) Heat Base: 18,3 Cool Base: 18,3 Method: Integration