Weather Camera Radar Radar Radar Radar width= Satellite previsioni

NOAA-Style Climate Reports


Report for 2020 Marzo
                   Monthly Climatological Summary for mar 2020

Name: Galliate Meteo   City: Galliate (NO)   State: Italia
Elevation: 153 m  Lat: N 45░ 28' 31"   Lon: E 008░ 41' 43"

                  Temperature (░C), Rain (mm), Wind Speed (km/h)

                                      Heat  Cool        Avg
    Mean                              Deg   Deg         Wind                 Dom
Day Temp  High   Time   Low    Time   Days  Days  Rain  Speed High   Time    Dir
----------------------------------------------------------------------------------
 1   6,6   8,6   15:08   4,9   23:50  11,7   0,0   0,2   2,9  14,0   12:43   SSE
 2   4,5   6,6   12:47   0,9   04:28  13,8   0,0  35,2   6,1  27,0   12:50     N
 3   9,2  14,9   15:05   3,9   08:00   9,1   0,0   0,2   6,6  34,0   11:23   NNW
 4   9,0  14,2   12:27   2,7   07:04   9,3   0,0   0,0   5,6  29,0   10:00    NE
 5   6,6   9,0   12:37   3,7   23:57  11,7   0,0  11,6   3,5  14,0   10:31   NNE
 6   6,0  10,8   17:00   2,9   07:13  12,2   0,0   0,6   3,6  16,0   15:53     W
 7  10,0  16,7   14:59   2,4   07:04   8,3   0,0   0,0   8,9  35,0   11:33     N
 8   9,1  13,4   12:53   2,7   06:27   9,2   0,0   0,0   3,9  18,0   15:10   SSE
 9   8,0  11,0   14:25   5,4   02:11  10,3   0,0   0,0   4,5  21,0   14:53    NE
10   9,7  16,3   16:26   3,3   04:37   8,6   0,0   0,0   3,5  16,0   13:13    SW
11  12,1  19,1   17:00   5,3   07:21   6,3   0,1   0,0   3,5  16,0   19:19   SSW
12  11,8  13,8   15:08   9,2   04:19   6,4   0,0   0,0   1,7  10,0   13:36    NW
13  14,2  18,4   15:25  11,4   06:25   4,1   0,0   0,0   3,6  26,0   12:07   SSW
14  11,4  13,1   02:17   7,7   23:37   3,5   0,0   5,6   6,1  24,0   10:50   ENE
17   7,7   7,7   00:00   7,7   00:00   0,5   0,0   5,6  ----   2,0   00:00     N
18  16,1  20,1   16:02   0,0   15:45   0,9   0,1   0,0   2,4  14,0   16:11   SSE
19  14,4  20,8   15:34   7,8   06:38   4,3   0,4   0,0   3,7  16,0   12:33    SE
20  13,5  18,6   15:04   9,6   05:26   4,8   0,0   0,0   4,6  18,0   10:15   ENE
21  13,3  19,2   16:55   6,6   06:33   5,0   0,1   0,0   3,6  16,0   11:56   ESE
22  11,9  14,9   15:48   9,8   23:56   6,4   0,0   0,0   6,5  37,0   23:32     E
23   6,4   9,8   00:00   4,6   23:55  11,9   0,0   0,0   8,4  32,0   00:26     E
24   6,7  11,2   15:09   1,7   06:23  11,6   0,0   0,0   5,0  34,0   22:40   SSE
25   5,3   8,1   13:14   2,2   04:59  13,0   0,0   0,0   5,5  24,0   00:04   NNE
26   4,7   7,0   14:46   1,1   06:31  13,6   0,0   0,0   4,7  19,0   14:25     S
27   9,0  12,7   14:34   4,8   00:00   9,3   0,0   0,0   5,1  23,0   11:09     W
28  15,1  18,5   16:44   8,1   07:45   2,2   0,0   0,0   3,6  21,0   13:02     S
29  14,1  18,5   14:59  10,1   06:36   4,0   0,0   0,0   3,4  18,0   14:23     E
30  10,2  13,3   00:00   8,4   23:59   8,1   0,0   1,2   9,0  34,0   23:55     N
31   6,7   9,8   16:52   4,6   05:39  11,6   0,0   0,0   7,5  40,0   00:48   ENE
----------------------------------------------------------------------------------
     9,8  20,8    19     0,0    18   231,7   0,7  60,2   4,9  40,0    31     ENE

Max >=  10,0: 21
Max <=   5,0:  0
Min <=   0,0:  1
Min <=  -2,0:  0
Max Rain: 35,2 on day 2
Days of Rain: 8 (>= 0,2 mm)  4 (>= 2,0 mm)  1 (>= 20,0 mm)
Heat Base: 18,3  Cool Base: 18,3  Method: Integration