Weather Camera Radar Radar Radar Radar width= Satellite previsioni

NOAA-Style Climate Reports


Report for 2019 Agosto
                   Monthly Climatological Summary for ago 2019

Name: Galliate Meteo   City: Galliate (NO)   State: Italia
Elevation: 153 m  Lat: N 45░ 28' 31"   Lon: E 008░ 41' 43"

                  Temperature (░C), Rain (mm), Wind Speed (km/h)

                                      Heat  Cool        Avg
    Mean                              Deg   Deg         Wind                 Dom
Day Temp  High   Time   Low    Time   Days  Days  Rain  Speed High   Time    Dir
----------------------------------------------------------------------------------
 1  26,1  30,0   17:32  21,6   06:33   0,0   7,8   0,0   4,8  23,0   15:04     S
 2  25,2  28,9   17:33  20,6   14:22   0,0   6,9   0,2   5,9  43,0   13:34     N
 3  24,9  31,0   17:29  18,3   06:38   0,0   6,6   0,0   5,5  23,0   16:58   WSW
 4  25,6  30,1   16:34  21,0   06:50   0,0   7,3   0,0   5,5  24,0   14:31    SE
 5  26,5  31,1   18:46  21,9   06:22   0,0   7,1   0,0   5,0  21,0   12:51    SE
 6  27,1  29,8   16:11   0,0   08:21   0,0   5,7   0,0   6,3  21,0   15:25   SSE
 7  23,0  26,3   14:08  20,7   22:23   0,0   4,7   1,2   6,4  29,0   16:13     N
 8  24,6  30,2   18:11  18,9   05:56   0,0   6,3   0,0   4,4  19,0   15:26   WSW
 9  26,7  31,4   17:58  21,6   06:22   0,0   8,4   0,0   4,5  16,0   12:55   NNW
10  27,4  31,8   17:03  23,6   05:57   0,0   9,1   0,0   4,7  19,0   11:09   SSE
11  27,6  31,8   16:31  23,4   06:22   0,0   9,3   0,0   4,3  24,0   13:24   ESE
12  24,9  30,0   15:12  20,3   23:27   0,0   6,6   1,8   5,2  24,0   11:43    NE
13  23,5  28,5   12:08  17,1   06:39   0,1   5,4   0,0   6,6  24,0   14:03   WNW
14  24,2  28,4   16:30  19,8   07:02   0,0   5,8   0,0   6,0  27,0   03:54    NW
15  23,4  27,8   19:00  18,3   07:05   0,0   5,1   0,0   5,4  24,0   13:20   ENE
16  23,5  27,5   13:47  18,9   06:39   0,0   5,2   0,0   5,1  23,0   15:24     E
17  24,3  29,3   17:05  19,6   07:19   0,0   6,0   0,0   4,8  21,0   17:06    NW
18  25,4  30,4   18:26  20,9   07:11   0,0   7,1   0,0   5,1  19,0   13:16    SW
19  25,1  29,1   16:10  21,6   06:42   0,0   6,8   1,2   4,3  23,0   10:18     S
20  24,1  28,5   16:33  21,3   21:47   0,0   5,8   1,6   5,9  23,0   23:13   NNW
21  25,2  30,8   16:41  19,1   07:28   0,0   6,9   0,0   5,9  19,0   00:21    NW
22  25,0  28,7   16:26  21,6   07:27   0,0   6,7   0,0   6,3  27,0   05:44   NNW
23  23,8  28,6   15:53  20,1   06:56   0,0   5,5   0,0   5,1  19,0   16:50     N
24  25,1  30,4   16:10  20,0   04:46   0,0   6,8   0,0   5,6  23,0   16:47   WNW
25  25,4  30,3   16:59  20,5   08:13   0,0   7,1   0,0   4,2  19,0   15:24   SSE
26  26,2  30,5   15:30  21,2   06:46   0,0   7,9   0,0   4,5  19,0   14:15    SE
27  26,1  30,4   15:22  21,5   07:25   0,0   7,8   0,0   4,9  19,0   13:41    NW
28  22,3  25,4   00:00  19,2   12:03   0,0   4,0  12,4   6,0  35,0   11:57   NNW
29  23,5  30,8   17:55  18,2   06:23   0,0   3,0   0,0   3,8  18,0   16:34     W
30  25,9  31,4   16:33  20,4   07:08   0,0   7,6   0,0   5,0  18,0   08:25     N
31  25,8  31,5   17:03  22,1   07:45   0,0   7,5   0,0   5,2  26,0   10:15   NNW
----------------------------------------------------------------------------------
    25,1  31,8    10     0,0     6     0,1 203,8  18,4   5,2  43,0     2     NNW

Max >=  10,0: 31
Max <=   5,0:  0
Min <=   0,0:  1
Min <=  -2,0:  0
Max Rain: 12,4 on day 28
Days of Rain: 6 (>= 0,2 mm)  1 (>= 2,0 mm)  0 (>= 20,0 mm)
Heat Base: 18,3  Cool Base: 18,3  Method: Integration