Weather Camera Radar Radar Radar Radar width= Satellite previsioni

NOAA-Style Climate Reports


Report for 2019 Maggio
                   Monthly Climatological Summary for mag 2019

Name: Galliate Meteo   City: Galliate (NO)   State: Italia
Elevation: 153 m  Lat: N 45░ 28' 31"   Lon: E 008░ 41' 43"

                  Temperature (░C), Rain (mm), Wind Speed (km/h)

                                      Heat  Cool        Avg
    Mean                              Deg   Deg         Wind                 Dom
Day Temp  High   Time   Low    Time   Days  Days  Rain  Speed High   Time    Dir
----------------------------------------------------------------------------------
 1  16,4  22,6   18:12   8,9   05:56   2,9   1,0   0,0   5,6  23,0   21:26   SSE
 2  15,0  19,7   14:28  11,1   05:41   3,5   0,1   3,6   6,4  35,0   14:51     S
 3  13,7  19,7   13:11  10,8   06:32   4,7   0,1   5,2   5,3  37,0   15:35    NE
 4  14,4  19,5   17:37   9,9   06:47   4,0   0,1   5,0   4,8  42,0   21:13     E
 5  12,2  16,4   17:12   8,4   23:51   6,1   0,0   0,2  13,8  64,0   07:12   NNE
 6  12,2  18,0   17:56   5,3   06:45   6,1   0,0   0,0   5,7  29,0   13:58     S
 7  13,4  18,1   16:20   7,8   06:14   4,9   0,0   0,0   5,6  27,0   20:22    SE
 8  11,6  12,8   00:00  10,6   10:38   6,7   0,0   9,8   4,9  23,0   16:10     E
 9  13,6  19,2   19:02   9,7   06:12   4,8   0,0   1,6   3,4  18,0   13:22    SW
10  16,8  21,7   18:06  10,9   05:32   2,4   1,0   0,0   4,4  21,0   14:37   SSE
11  14,7  19,2   15:59  11,3   22:21   3,7   0,0  10,2   4,5  37,0   16:55    SE
12  15,3  19,7   17:24  11,1   03:45   3,2   0,2   0,0   8,9  43,0   13:49     N
13  17,9  21,4   12:55  15,0   08:13   1,2   0,8   0,0   7,5  37,0   00:57   ENE
14  15,0  20,2   13:54   9,9   05:57   3,4   0,2   0,0   8,0  35,0   20:51     E
15  12,0  16,2   13:48   7,2   06:28   6,3   0,0   0,0   6,2  32,0   15:17    SE
16  14,3  20,3   17:31   7,7   05:20   4,2   0,2   0,0   4,6  24,0   13:58    SE
17  14,5  18,2   15:02  11,6   23:44   3,8   0,0   7,2   5,0  23,0   12:41   NNE
18  12,4  14,2   15:27  10,8   09:00   5,9   0,0  10,8   6,7  26,0   13:19   NNW
19  13,2  15,2   18:24  11,9   04:53   5,1   0,0   6,6   2,4  14,0   19:53     N
20  14,8  17,4   16:02  12,4   05:55   3,5   0,0   0,0   3,9  19,0   18:40     S
21  16,9  23,4   16:48  11,1   06:01   2,6   1,2   0,2   6,7  34,0   18:28   SSW
22  18,5  25,1   17:33  12,9   05:19   1,6   1,8   0,0   5,8  26,0   19:56   SSW
23  19,7  24,8   17:33  14,4   06:21   1,0   2,4   0,6   4,3  19,0   12:40     S
24  19,7  25,4   17:31  14,2   05:58   1,0   2,4   0,0   4,0  16,0   16:42   SSE
25  18,7  24,3   14:20  14,8   06:08   0,8   1,2   0,2   4,7  31,0   15:05    NE
26  19,1  23,5   17:19  15,3   06:11   1,0   1,8   0,2   4,4  19,0   15:40   NNW
27  16,8  19,6   00:00  14,8   23:31   1,6   0,1   4,0   3,9  24,0   13:52   ESE
28  16,1  19,9   13:59  14,3   23:43   2,3   0,2   0,0   3,9  42,0   15:25   NNW
29  16,7  20,4   16:57  13,3   06:37   2,0   0,4   0,0   6,4  26,0   13:32   SSE
30  19,0  24,3   16:13  12,4   06:54   1,5   2,1   0,0   4,6  19,0   12:20   ESE
31  19,7  24,5   16:54  13,7   05:51   1,0   2,2   0,0   4,5  23,0   15:22   SSE
----------------------------------------------------------------------------------
    15,6  25,4    24     5,3     6   102,8  19,5  65,4   5,5  64,0     5     ESE

Max >=  10,0: 31
Max <=   5,0:  0
Min <=   0,0:  0
Min <=  -2,0:  0
Max Rain: 10,8 on day 18
Days of Rain: 15 (>= 0,2 mm)  9 (>= 2,0 mm)  0 (>= 20,0 mm)
Heat Base: 18,3  Cool Base: 18,3  Method: Integration