Weather Camera Radar Radar Radar Radar width= Satellite previsioni

NOAA-Style Climate Reports


Report for 2019 Aprile
                   Monthly Climatological Summary for apr 2019

Name: Galliate Meteo   City: Galliate (NO)   State: Italia
Elevation: 153 m  Lat: N 45░ 28' 31"   Lon: E 008░ 41' 43"

                  Temperature (░C), Rain (mm), Wind Speed (km/h)

                                      Heat  Cool        Avg
    Mean                              Deg   Deg         Wind                 Dom
Day Temp  High   Time   Low    Time   Days  Days  Rain  Speed High   Time    Dir
----------------------------------------------------------------------------------
 1  15,5  22,4   16:55   8,4   07:21   3,7   1,0   0,0   4,8  23,0   13:46    NE
 2  15,7  20,9   15:48  11,2   07:38   3,0   0,4   0,0   6,4  26,0   22:30     E
 3  11,7  13,3   00:00  10,3   07:11   6,6   0,0   5,0   5,6  26,0   15:24     E
 4  10,5  12,4   12:45   8,1   22:30   7,8   0,0  18,4  10,8  43,0   06:03   ESE
 5  11,2  16,3   17:04   7,3   07:41   7,1   0,0   0,0   4,6  18,0   21:11     S
 6  12,3  15,6   16:27  10,1   05:40   6,0   0,0   0,0   3,6  21,0   17:54   ESE
 7  11,0  12,8   17:08   9,9   07:56   7,3   0,0   1,6   3,8  21,0   10:40    NE
 8  12,5  18,6   17:18   6,2   07:45   5,8   0,0   0,0   5,0  24,0   12:35   SSW
 9  14,0  19,6   17:15   8,9   06:52   4,4   0,1   0,0   4,2  21,0   18:54   SSE
10  13,0  19,2   16:30   8,6   07:16   5,3   0,0   0,4   3,7  21,0   16:34     E
11  11,8  12,9   14:46  10,1   07:59   6,5   0,0   0,6   3,4  14,0   07:38   SSE
12  12,9  16,6   17:40  10,8   06:35   5,4   0,0   1,0   3,4  16,0   15:25    SE
13  11,9  14,8   16:00   8,8   07:09   6,4   0,0   0,4   6,4  24,0   23:54     E
14   9,0  10,7   12:46   7,1   05:53   9,3   0,0   0,4   6,5  39,0   13:17   ENE
15  13,1  18,7   16:32   8,2   07:04   5,2   0,0   0,0   4,6  19,0   16:11   SSE
16  14,4  19,3   17:26   9,8   06:25   4,0   0,0   0,0   4,1  21,0   14:30     N
17  16,7  21,8   18:28   9,4   05:03   1,9   0,7   0,0   4,5  23,0   15:55   SSW
18  16,0  21,8   16:15  10,2   06:44   3,0   0,7   0,0   5,6  23,0   12:36   ENE
19  17,1  22,2   16:54  12,4   06:43   1,9   0,8   0,0   4,6  21,0   12:12   ESE
20  17,3  23,5   16:27  10,8   06:13   2,4   1,5   0,0   5,2  24,0   14:50   ENE
21  17,6  22,1   14:55  13,2   06:51   1,7   1,0   0,0   4,6  18,0   07:07   NNE
22  16,7  20,6   14:21  13,8   06:19   1,8   0,2   0,0   5,8  27,0   19:41     E
23  12,4  15,1   00:00  11,2   11:41   5,9   0,0  29,8   7,0  26,0   17:30   NNE
24  14,6  16,8   18:26  12,1   04:40   3,7   0,0   3,4   9,2  40,0   14:35   ESE
25  14,6  17,2   17:36  10,7   06:36   3,7   0,0   0,0   4,2  18,0   14:12   ENE
26  14,7  18,1   12:39  10,9   23:59   3,6   0,0   0,0   9,6  45,0   11:05     E
27  14,5  20,7   18:23   7,5   06:25   4,2   0,4   0,0   5,7  24,0   20:52   SSW
28  15,1  19,6   16:27  10,0   05:04   3,3   0,2   0,0   7,7  31,0   09:52   NNW
29  12,5  16,2   18:21   8,4   06:47   5,8   0,0   0,0   5,8  29,0   14:35    SE
30  15,5  22,5   16:44   8,1   06:37   3,8   1,1   0,0   5,9  29,0   16:57   SSW
----------------------------------------------------------------------------------
    13,9  23,5    20     6,2     8   140,5   8,1  61,0   5,5  45,0    26       E

Max >=  10,0: 30
Max <=   5,0:  0
Min <=   0,0:  0
Min <=  -2,0:  0
Max Rain: 29,8 on day 23
Days of Rain: 10 (>= 0,2 mm)  4 (>= 2,0 mm)  1 (>= 20,0 mm)
Heat Base: 18,3  Cool Base: 18,3  Method: Integration