Weather Camera Radar Radar Radar Radar width= Satellite previsioni

NOAA-Style Climate Reports


Report for 2014 Luglio
                   Monthly Climatological Summary for lug 2014

Name: Galliate Meteo   City: Galliate (NO)   State: Italia
Elevation: 153 m  Lat: N 45░ 28' 31"   Lon: E 008░ 41' 43"

                  Temperature (░C), Rain (mm), Wind Speed (km/h)

                                      Heat  Cool        Avg
    Mean                              Deg   Deg         Wind                 Dom
Day Temp  High   Time   Low    Time   Days  Days  Rain  Speed High   Time    Dir
----------------------------------------------------------------------------------
 1  21,8  25,8   14:44  17,0   05:40   0,1   3,6   7,6   3,9  32,0   11:32     E
 2  19,6  23,1   14:56  17,2   06:33   0,3   1,6   1,4   4,1  23,0   17:25     N
 3  22,2  27,7   16:04  15,8   05:38   0,5   4,4   0,0   2,4  19,0   11:36     E
 4  19,8  23,1   00:00  17,2   20:01   0,2   1,7   7,0   3,0  21,0   12:13   NNW
 5  21,7  27,0   18:46  16,7   01:11   0,4   3,8   0,0   2,5  21,0   14:32   SSW
 6  23,6  28,1   15:59  18,2   06:16   0,0   5,3   0,0   2,9  27,0   23:17     S
 7  22,0  28,1   15:33  17,8   23:59   0,0   3,7   9,0   3,4  32,0   23:58     N
 8  18,0  20,5   16:34  16,7   01:50   0,7   0,4  11,8   6,3  45,0   15:33   NNW
 9  19,7  25,4   14:37  13,3   05:57   1,2   2,6   0,0   5,3  29,0   14:53   WNW
10  19,7  25,1   16:29  15,2   06:20   0,7   2,0   0,0   1,6  19,0   18:00   SSW
11  22,4  29,1   18:32  15,7   06:09   0,4   4,5   0,0   2,9  19,0   12:34     W
12  21,5  26,4   16:38  17,6   23:25   0,0   3,2   1,0   3,7  42,0   17:57     W
13  20,8  27,1   17:52  17,5   06:11   0,2   2,7   9,6   2,1  26,0   20:31   SSW
14  22,3  26,5   17:40  18,1   03:54   0,0   4,0   0,0   2,0  21,0   14:22     S
15  24,4  28,9   17:24  18,6   06:15   0,0   6,1   0,0   2,0  18,0   14:39     S
16  25,5  30,3   15:54  19,8   04:51   0,0   7,2   0,0   1,7  19,0   14:33     S
17  26,6  31,7   18:38  21,0   06:03   0,0   8,3   0,0   2,7  23,0   15:43     S
18  26,6  30,7   16:48  21,4   06:42   0,0   8,3   0,0   2,8  23,0   03:49   SSE
19  27,4  31,4   14:10  22,8   05:51   0,0   9,1   0,0   2,2  16,0   15:49   ENE
20  24,8  26,6   17:53  21,0   23:56   0,0   6,5   0,8   3,5  27,0   23:26     N
21  19,8  25,3   12:56  17,0   13:46   0,0   1,5  15,6   3,2  61,0   13:33   NNW
22  21,8  26,1   18:56  18,1   05:24   0,0   3,5   0,4   1,4  19,0   12:59     S
23  23,1  28,9   15:00  18,9   19:33   0,0   4,8  33,2   2,9  50,0   19:25    SE
24  21,5  23,7   16:22  19,3   12:10   0,0   2,2   5,2   2,2  18,0   14:45   ESE
25  22,4  27,0   16:51  17,4   06:49   0,1   4,2   3,4   2,6  21,0   13:22     S
26  20,5  24,6   16:32  17,9   05:04   0,0   2,2   7,6   2,2  19,0   00:05   NNE
27  22,6  26,9   18:55  18,6   06:27   0,0   4,3   0,0   1,5  16,0   10:49     S
28  23,4  28,3   15:20  19,3   23:54   0,0   5,1   3,4   3,9  27,0   22:11   ENE
29  18,5  20,7   16:59  17,2   23:56   0,1   0,2  24,0   4,1  32,0   00:35     N
30  18,7  21,9   20:30  15,7   05:48   0,7   1,2   0,2   1,2  18,0   02:14    SE
31  23,5  29,9   15:43  16,3   06:07   0,2   5,4   0,2   1,4  16,0   15:03   ESE
----------------------------------------------------------------------------------
    22,1  31,7    17    13,3     9     5,8 123,6 141,4   2,8  61,0    21       N

Max >=  10,0: 31
Max <=   5,0:  0
Min <=   0,0:  0
Min <=  -2,0:  0
Max Rain: 33,2 on day 23
Days of Rain: 18 (>= 0,2 mm)  12 (>= 2,0 mm)  2 (>= 20,0 mm)
Heat Base: 18,3  Cool Base: 18,3  Method: Integration